{"id":743945,"date":"2025-08-28T01:46:10","date_gmt":"2025-08-27T22:46:10","guid":{"rendered":"https:\/\/roveyayinevi.com.tr\/index.php\/urun\/kutuphanedeki-ejderha\/"},"modified":"2026-04-16T02:55:36","modified_gmt":"2026-04-15T23:55:36","slug":"kutuphanedeki-ejderha","status":"publish","type":"product","link":"https:\/\/roveyayinevi.com.tr\/index.php\/urun\/kutuphanedeki-ejderha\/","title":{"rendered":"K\u00fct\u00fcphanedeki Ejderha"},"content":{"rendered":"<p>K\u00fct\u00fcphane mi? Kit&#8217;in anlamad\u0131\u011f\u0131 \u015fuydu:D\u0131\u015far\u0131larda oynamak, toza topra\u011fa bulanmak varken bir yerlere kapan\u0131p kitap okuman\u0131n nesi e\u011flenceli olabilirdi ki? Ancak bir g\u00fcn en iyi iki arkada\u015f\u0131n\u0131n zoruyla bir k\u00fct\u00fcphaneye s\u00fcr\u00fcklendi\u011finde neyle kar\u015f\u0131labilece\u011fini \u00f6nceden hayal bile edemezdi. Hele ki o k\u00fct\u00fcphaneyi kurtarmak, hatta d\u00fcnyay\u0131 kurtarmak gibi zor bir g\u00f6revde ba\u015f rol\u00fc oynayaca\u011f\u0131n\u0131 kim s\u00f6ylese inanmazd\u0131.<\/p>\n","protected":false},"excerpt":{"rendered":"<p>K\u00fct\u00fcphane mi? Kit&#8217;in anlamad\u0131\u011f\u0131 \u015fuydu:D\u0131\u015far\u0131larda oynamak, toza topra\u011fa bulanmak varken bir yerlere kapan\u0131p kitap okuman\u0131n nesi e\u011flenceli olabilirdi ki? Ancak bir g\u00fcn en iyi iki arkada\u015f\u0131n\u0131n<span class=\"excerpt-hellip\"> [\u2026]<\/span><\/p>\n","protected":false},"featured_media":0,"template":"","meta":{"_monsterinsights_skip_tracking":false,"_monsterinsights_sitenote_active":false,"_monsterinsights_sitenote_note":"","_monsterinsights_sitenote_category":0},"product_brand":[],"product_cat":[12689,12274],"product_tag":[],"class_list":{"0":"post-743945","1":"product","2":"type-product","3":"status-publish","5":"product_cat-cizgi-roman-cocuk-ve-genclik-kitaplari","6":"product_cat-cocuk-ve-genclik-kitaplari","7":"pa_cilt-ciltsiz","8":"pa_tur-kitap","9":"pa_yayinevi-mavi-bulut-yayinlari","10":"pa_yazar-louie-stowell","12":"first","13":"instock","14":"sale","15":"shipping-taxable","16":"purchasable","17":"product-type-simple"},"_links":{"self":[{"href":"https:\/\/roveyayinevi.com.tr\/index.php\/wp-json\/wp\/v2\/product\/743945","targetHints":{"allow":["GET"]}}],"collection":[{"href":"https:\/\/roveyayinevi.com.tr\/index.php\/wp-json\/wp\/v2\/product"}],"about":[{"href":"https:\/\/roveyayinevi.com.tr\/index.php\/wp-json\/wp\/v2\/types\/product"}],"wp:attachment":[{"href":"https:\/\/roveyayinevi.com.tr\/index.php\/wp-json\/wp\/v2\/media?parent=743945"}],"wp:term":[{"taxonomy":"product_brand","embeddable":true,"href":"https:\/\/roveyayinevi.com.tr\/index.php\/wp-json\/wp\/v2\/product_brand?post=743945"},{"taxonomy":"product_cat","embeddable":true,"href":"https:\/\/roveyayinevi.com.tr\/index.php\/wp-json\/wp\/v2\/product_cat?post=743945"},{"taxonomy":"product_tag","embeddable":true,"href":"https:\/\/roveyayinevi.com.tr\/index.php\/wp-json\/wp\/v2\/product_tag?post=743945"}],"curies":[{"name":"wp","href":"https:\/\/api.w.org\/{rel}","templated":true}]}}