{"id":743937,"date":"2025-08-28T01:46:00","date_gmt":"2025-08-27T22:46:00","guid":{"rendered":"https:\/\/roveyayinevi.com.tr\/index.php\/urun\/yanik-ile-dilek-boncugu\/"},"modified":"2026-04-16T02:55:36","modified_gmt":"2026-04-15T23:55:36","slug":"yanik-ile-dilek-boncugu","status":"publish","type":"product","link":"https:\/\/roveyayinevi.com.tr\/index.php\/urun\/yanik-ile-dilek-boncugu\/","title":{"rendered":"Yan\u0131k \u0130le Dilek Boncu\u011fu"},"content":{"rendered":"<p>\u201cAzerbaycan k\u00fclt\u00fcr\u00fc, ister Dede Korkut \u00f6yk\u00fcleriyle simgele\u015fen ozan, \u00e2\u015f\u0131k, bah\u015fi k\u00fclt\u00fcr\u00fcnde; ister Fuzul\u00ee edebiyat\u0131yla simgele\u015fen kopuzda, tarda, kemanda; ister mimaride, hal\u0131 ve resim sanat\u0131nda ve ister halk danslar\u0131nda olsun, co\u011frafi alanla s\u0131n\u0131rlanamayacak kadar geni\u015f bir k\u00fclt\u00fcrd\u00fcr. \u0130nanc\u0131n\u0131 bile bu k\u00fclt\u00fcrle bi\u00e7imlendirmi\u015f, kendine \u00f6zg\u00fc hale getirmi\u015ftir. S\u00f6z\u00fcn, sesin, rengin, yontunun olu\u015fturdu\u011fu mucizeyle kendi varl\u0131k d\u00fcnyas\u0131n\u0131 kuran Azerbaycan, k\u00fclt\u00fcre dayal\u0131 bir ge\u00e7mi\u015f yaratm\u0131\u015ft\u0131r,\u201d diyor Prof. Nerimanov.   Y\u00fccel Feyzio\u011flu \u00e7ocuklar i\u00e7in kaleme ald\u0131\u011f\u0131 bu masallarla Azerbaycan k\u00fclt\u00fcr\u00fcne bir pencere a\u00e7\u0131yor. Yay\u0131mlamak bizden, o pencereden bakmak sizden&#8230;  <\/p>\n","protected":false},"excerpt":{"rendered":"<p>\u201cAzerbaycan k\u00fclt\u00fcr\u00fc, ister Dede Korkut \u00f6yk\u00fcleriyle simgele\u015fen ozan, \u00e2\u015f\u0131k, bah\u015fi k\u00fclt\u00fcr\u00fcnde; ister Fuzul\u00ee edebiyat\u0131yla simgele\u015fen kopuzda, tarda, kemanda; ister mimaride, hal\u0131 ve resim sanat\u0131nda ve ister<span class=\"excerpt-hellip\"> [\u2026]<\/span><\/p>\n","protected":false},"featured_media":0,"template":"","meta":{"_monsterinsights_skip_tracking":false,"_monsterinsights_sitenote_active":false,"_monsterinsights_sitenote_note":"","_monsterinsights_sitenote_category":0},"product_brand":[],"product_cat":[12275,12274],"product_tag":[],"class_list":{"0":"post-743937","1":"product","2":"type-product","3":"status-publish","5":"product_cat-6-12-yas-kitaplari","6":"product_cat-cocuk-ve-genclik-kitaplari","7":"pa_cilt-ciltsiz","8":"pa_tur-kitap","9":"pa_yayinevi-dogu-bati-cocuk","10":"pa_yazar-yucel-feyzioglu","12":"first","13":"instock","14":"sale","15":"shipping-taxable","16":"purchasable","17":"product-type-simple"},"_links":{"self":[{"href":"https:\/\/roveyayinevi.com.tr\/index.php\/wp-json\/wp\/v2\/product\/743937","targetHints":{"allow":["GET"]}}],"collection":[{"href":"https:\/\/roveyayinevi.com.tr\/index.php\/wp-json\/wp\/v2\/product"}],"about":[{"href":"https:\/\/roveyayinevi.com.tr\/index.php\/wp-json\/wp\/v2\/types\/product"}],"wp:attachment":[{"href":"https:\/\/roveyayinevi.com.tr\/index.php\/wp-json\/wp\/v2\/media?parent=743937"}],"wp:term":[{"taxonomy":"product_brand","embeddable":true,"href":"https:\/\/roveyayinevi.com.tr\/index.php\/wp-json\/wp\/v2\/product_brand?post=743937"},{"taxonomy":"product_cat","embeddable":true,"href":"https:\/\/roveyayinevi.com.tr\/index.php\/wp-json\/wp\/v2\/product_cat?post=743937"},{"taxonomy":"product_tag","embeddable":true,"href":"https:\/\/roveyayinevi.com.tr\/index.php\/wp-json\/wp\/v2\/product_tag?post=743937"}],"curies":[{"name":"wp","href":"https:\/\/api.w.org\/{rel}","templated":true}]}}