{"id":743922,"date":"2025-08-28T01:45:42","date_gmt":"2025-08-27T22:45:42","guid":{"rendered":"https:\/\/roveyayinevi.com.tr\/index.php\/urun\/her-seyi-dusunme\/"},"modified":"2026-04-08T03:04:00","modified_gmt":"2026-04-08T00:04:00","slug":"her-seyi-dusunme","status":"publish","type":"product","link":"https:\/\/roveyayinevi.com.tr\/index.php\/urun\/her-seyi-dusunme\/","title":{"rendered":"Her \u015eeyi D\u00fc\u015f\u00fcnme"},"content":{"rendered":"<p>Karars\u0131z bir insan m\u0131s\u0131n\u0131z? Se\u00e7enekler aras\u0131nda tercih yapmakta zorlan\u0131yor musunuz? \u0130\u015fte kolay karar vermenize, ku\u015fkular\u0131 bir kenara b\u0131rakman\u0131za yard\u0131mc\u0131 olacak bir ki\u015fisel geli\u015fim kitab\u0131! Her \u015eeyi D\u00fc\u015f\u00fcnme adl\u0131 kitapta yazar Anne Bogel, daha kolay karar vermek i\u00e7in yapman\u0131z gerekenleri anlat\u0131rken ya\u015fam\u0131n\u0131za ne\u015fe ve sevin\u00e7 katman\u0131za yard\u0131mc\u0131 oluyor. Kitapta ki\u015fiye yarar\u0131 olmayan hatta insan\u0131 mutsuzlu\u011fa s\u00fcr\u00fckleyen k\u0131s\u0131r d\u00f6ng\u00fclerden kurtulmak i\u00e7in pek \u00e7ok yol \u00f6neriliyor. Bu girdaptan kurtulmak isteyenler i\u00e7in Her \u015eeyi D\u00fc\u015f\u00fcnme eserine daha yak\u0131ndan bakal\u0131m. &#8220;Her \u015eeyi D\u00fc\u015f\u00fcnme&#8221; adl\u0131 kitab\u0131 neden okumal\u0131s\u0131n\u0131z?Anne Bogel; kitab\u0131nda temel konu olarak irade g\u00fc\u00e7s\u00fczl\u00fc\u011f\u00fc, gerekti\u011finde hay\u0131r diyememe, hayal k\u0131r\u0131kl\u0131klar\u0131, insan\u0131n d\u00fc\u015f\u00fcnmeden edemedi\u011fi saplant\u0131lar \u00fczerinde duruyor. \u0130nsan\u0131n iradesini g\u00f6z \u00f6n\u00fcnde tutarak kontrol\u00fc elinde bulundurmas\u0131, verdi\u011fi kararlar\u0131 da etkiliyor. Do\u011fru kararlar ald\u0131k\u00e7a ve uygun se\u00e7imler yapt\u0131k\u00e7a insan\u0131n ki\u015fili\u011fi de daha sa\u011flam hale geliyor. Baz\u0131 insanlar hayatlar\u0131n\u0131 s\u00fcrd\u00fcr\u00fcrken yapacaklar\u0131 i\u015flerde s\u00fcrekli karars\u0131zl\u0131k ya\u015f\u0131yor. Bazen olumlu ve arzu edilen se\u00e7enekler aras\u0131nda \u00e7at\u0131\u015fma ya\u015fayarak &#8220;Hangisini se\u00e7meliyim?&#8221; noktas\u0131nda karars\u0131zl\u0131\u011fa d\u00fc\u015f\u00fcyor. En basit \u00f6rne\u011fiyle sevilen iki yemekten birini se\u00e7mekte karars\u0131zl\u0131k ya\u015famak gibi. Anne Bogel, i\u015fte psikologlar\u0131n \u00fczerinde \u00e7al\u0131\u015ft\u0131\u011f\u0131 ve dan\u0131\u015fanlar\u0131na do\u011fru karar vermeleri konusunda yard\u0131mc\u0131 olduklar\u0131 bu g\u00fc\u00e7s\u00fczl\u00fck durumlar\u0131n\u0131 kitab\u0131nda ele al\u0131yor. Yazar, ki\u015finin nas\u0131l daha kararl\u0131 ve tutarl\u0131 davran\u0131\u015flar geli\u015ftirebilece\u011fi konusunda \u00f6nerilerde bulunuyor. Sa\u011flam bir irade, ki\u015fili\u011fi g\u00fc\u00e7lendiriyor ve g\u00fc\u00e7l\u00fc bir ki\u015fi de karar al\u0131rken daha tutarl\u0131 hareket ediyor. Al\u0131nan karardan pi\u015fmanl\u0131k duymamak, vesveselerden kurtulmak, hayat\u0131n y\u00f6netimini kendi eline almak&#8230; M\u00fckemmeliyet\u00e7ilikten, \u015f\u00fcphelerden, endi\u015felerden, su\u00e7luluk duygular\u0131ndan ve yap\u0131lmas\u0131 gereken i\u015fleri s\u00fcrekli ertelemekten kurtulmak m\u00fcmk\u00fcn m\u00fc? \u0130\u015fte, yazara g\u00f6re kararl\u0131l\u0131k sizi \u00f6zg\u00fcr k\u0131l\u0131yor ve bu olumsuz duygular\u0131 a\u015fman\u0131z\u0131n yolu a\u00e7\u0131l\u0131yor. Peki ama, bu nas\u0131l oluyor? Her \u015eeyi D\u00fc\u015f\u00fcnme adl\u0131 kitab\u0131 okuyarak bunun cevab\u0131n\u0131 \u00f6\u011frenebilir, art\u0131k daha sa\u011flam bir iradeyle daha net kararlar alabilirsiniz.<\/p>\n","protected":false},"excerpt":{"rendered":"<p>Karars\u0131z bir insan m\u0131s\u0131n\u0131z? Se\u00e7enekler aras\u0131nda tercih yapmakta zorlan\u0131yor musunuz? \u0130\u015fte kolay karar vermenize, ku\u015fkular\u0131 bir kenara b\u0131rakman\u0131za yard\u0131mc\u0131 olacak bir ki\u015fisel geli\u015fim kitab\u0131! Her \u015eeyi<span class=\"excerpt-hellip\"> [\u2026]<\/span><\/p>\n","protected":false},"featured_media":0,"template":"","meta":{"_monsterinsights_skip_tracking":false,"_monsterinsights_sitenote_active":false,"_monsterinsights_sitenote_note":"","_monsterinsights_sitenote_category":0},"product_brand":[],"product_cat":[12364,12376],"product_tag":[],"class_list":{"0":"post-743922","1":"product","2":"type-product","3":"status-publish","5":"product_cat-genel-konular","6":"product_cat-kisisel-gelisim","7":"pa_cilt-ciltsiz","8":"pa_tur-kitap","9":"pa_yayinevi-serenad-yayinevi","10":"pa_yazar-anne-bogel","12":"first","13":"instock","14":"sale","15":"shipping-taxable","16":"purchasable","17":"product-type-simple"},"_links":{"self":[{"href":"https:\/\/roveyayinevi.com.tr\/index.php\/wp-json\/wp\/v2\/product\/743922","targetHints":{"allow":["GET"]}}],"collection":[{"href":"https:\/\/roveyayinevi.com.tr\/index.php\/wp-json\/wp\/v2\/product"}],"about":[{"href":"https:\/\/roveyayinevi.com.tr\/index.php\/wp-json\/wp\/v2\/types\/product"}],"wp:attachment":[{"href":"https:\/\/roveyayinevi.com.tr\/index.php\/wp-json\/wp\/v2\/media?parent=743922"}],"wp:term":[{"taxonomy":"product_brand","embeddable":true,"href":"https:\/\/roveyayinevi.com.tr\/index.php\/wp-json\/wp\/v2\/product_brand?post=743922"},{"taxonomy":"product_cat","embeddable":true,"href":"https:\/\/roveyayinevi.com.tr\/index.php\/wp-json\/wp\/v2\/product_cat?post=743922"},{"taxonomy":"product_tag","embeddable":true,"href":"https:\/\/roveyayinevi.com.tr\/index.php\/wp-json\/wp\/v2\/product_tag?post=743922"}],"curies":[{"name":"wp","href":"https:\/\/api.w.org\/{rel}","templated":true}]}}