{"id":743894,"date":"2025-08-28T01:45:07","date_gmt":"2025-08-27T22:45:07","guid":{"rendered":"https:\/\/roveyayinevi.com.tr\/index.php\/urun\/bugun-haber-yok\/"},"modified":"2026-04-08T03:04:00","modified_gmt":"2026-04-08T00:04:00","slug":"bugun-haber-yok","status":"publish","type":"product","link":"https:\/\/roveyayinevi.com.tr\/index.php\/urun\/bugun-haber-yok\/","title":{"rendered":"Bug\u00fcn Haber Yok"},"content":{"rendered":"<p>G\u00f6rmeyi bilene, haber her yerde! \u00dcmit Mutlu&#8217;nun ger\u00e7ek bir olaydan esinlenerek kaleme ald\u0131\u011f\u0131 Bug\u00fcn Haber Yok, gizemli bir konuyu a\u00e7\u0131kl\u0131\u011fa kavu\u015ftururken gazetecili\u011fin ABC&#8217;sini \u00e7ocuklar i\u00e7in mercek alt\u0131na alan, merak uyand\u0131r\u0131c\u0131 bir \u00f6yk\u00fc.   Okurlar\u0131 salt izleyici\/seyirci\/dinleyici\/okuyucu olmaktan kurtar\u0131p kendi haberlerini \u201cyaratmaya\u201d y\u00fcreklendiren kitap, ayn\u0131 zamanda gazetecili\u011fin temel kavramlar\u0131 ve haber yazma teknikleri hakk\u0131nda \u00f6rnekler e\u015fli\u011finde hap bilgiler de payla\u015f\u0131yor.   Anlat\u0131s\u0131nda bakmakla g\u00f6rmek aras\u0131ndaki ince \u00e7izgiye de de\u011finen yazar; g\u00fcndelik hayatta kar\u015f\u0131la\u015ft\u0131\u011f\u0131m\u0131z ki\u015filerin ya da ya\u015fad\u0131\u011f\u0131m\u0131z olaylar\u0131n ard\u0131nda sakl\u0131 \u201chik\u00e2yecikler\u201d \u00fcst\u00fcne d\u00fc\u015f\u00fcnmeye ve etraf\u0131m\u0131za \u00e7ok daha dikkatli \u015fekilde bakmaya davet ediyor.   Haber yoksa, biz yarat\u0131r\u0131z! Metin, \u00f6n\u00fcne konan bo\u015f k\u00e2\u011f\u0131d\u0131 g\u00f6r\u00fcnce afallad\u0131. Yirmi senelik meslek hayat\u0131nda ilk kez, sunabilece\u011fi tek bir haber bile yoktu. Koca \u00fclke sanki bir g\u00fcn boyunca uyumu\u015ftu! Elbette ger\u00e7ekten \u00f6yle olsa, sansasyonel bir haber \u00e7\u0131kard\u0131 ortaya; ama ne yaz\u0131k ki o g\u00fcn i\u00e7in haber de\u011feri ta\u015f\u0131yan tek bir olay bile ya\u015fanmam\u0131\u015ft\u0131. Peki, bu ilk kez mi oluyordu? Acaba herhangi bir kay\u0131t var m\u0131yd\u0131 ar\u015fivlerde? Ye\u011feni Hil\u00e2l ve onun arkada\u015f\u0131 Ahmet de \u015fa\u015fk\u0131nd\u0131 bu i\u015fe. Yoksa haberler bitmi\u015f miydi? Belki de kollar\u0131 s\u0131vay\u0131p bu duruma el atmalar\u0131 gerekiyordu&#8230;   Gizemini son sayfas\u0131na kadar koruyan bu ilgin\u00e7 \u00f6yk\u00fc, \u201cMadem hi\u00e7bir \u015fey olmuyor, o zaman biz yaratal\u0131m,\u201d anlay\u0131\u015f\u0131yla harekete ge\u00e7en insanlar\u0131n, haberi yeniden ke\u015ffedi\u015f co\u015fkusuna ortak ediyor okurlar\u0131. Gelece\u011fin habercilerini ufak ufak mesle\u011fe \u0131s\u0131nd\u0131rmak gayesiyle kitap sayfalar\u0131ndan sanal d\u00fcnyaya da uzanan Bug\u00fcn Haber Yok, \u00e7ocuklar\u0131n bugunhaberyok@gmail.com adresine g\u00f6nderecekleri haber metinlerini ve foto\u011fraflar\u0131 boslukpostasi.blogspot.com adl\u0131 web gazetesinde yay\u0131nlama s\u00f6z\u00fc vererek k\u00fc\u00e7\u00fck habercileri i\u015f ba\u015f\u0131na \u00e7a\u011f\u0131r\u0131yor!<\/p>\n","protected":false},"excerpt":{"rendered":"<p>G\u00f6rmeyi bilene, haber her yerde! \u00dcmit Mutlu&#8217;nun ger\u00e7ek bir olaydan esinlenerek kaleme ald\u0131\u011f\u0131 Bug\u00fcn Haber Yok, gizemli bir konuyu a\u00e7\u0131kl\u0131\u011fa kavu\u015ftururken gazetecili\u011fin ABC&#8217;sini \u00e7ocuklar i\u00e7in mercek<span class=\"excerpt-hellip\"> [\u2026]<\/span><\/p>\n","protected":false},"featured_media":0,"template":"","meta":{"_monsterinsights_skip_tracking":false,"_monsterinsights_sitenote_active":false,"_monsterinsights_sitenote_note":"","_monsterinsights_sitenote_category":0},"product_brand":[],"product_cat":[12274,12284],"product_tag":[],"class_list":{"0":"post-743894","1":"product","2":"type-product","3":"status-publish","5":"product_cat-cocuk-ve-genclik-kitaplari","6":"product_cat-hikayeler","7":"pa_cilt-ciltsiz","8":"pa_tur-kitap","9":"pa_yayinevi-tudem-yayinlari","10":"pa_yazar-umit-mutlu","12":"first","13":"instock","14":"sale","15":"shipping-taxable","16":"purchasable","17":"product-type-simple"},"_links":{"self":[{"href":"https:\/\/roveyayinevi.com.tr\/index.php\/wp-json\/wp\/v2\/product\/743894","targetHints":{"allow":["GET"]}}],"collection":[{"href":"https:\/\/roveyayinevi.com.tr\/index.php\/wp-json\/wp\/v2\/product"}],"about":[{"href":"https:\/\/roveyayinevi.com.tr\/index.php\/wp-json\/wp\/v2\/types\/product"}],"wp:attachment":[{"href":"https:\/\/roveyayinevi.com.tr\/index.php\/wp-json\/wp\/v2\/media?parent=743894"}],"wp:term":[{"taxonomy":"product_brand","embeddable":true,"href":"https:\/\/roveyayinevi.com.tr\/index.php\/wp-json\/wp\/v2\/product_brand?post=743894"},{"taxonomy":"product_cat","embeddable":true,"href":"https:\/\/roveyayinevi.com.tr\/index.php\/wp-json\/wp\/v2\/product_cat?post=743894"},{"taxonomy":"product_tag","embeddable":true,"href":"https:\/\/roveyayinevi.com.tr\/index.php\/wp-json\/wp\/v2\/product_tag?post=743894"}],"curies":[{"name":"wp","href":"https:\/\/api.w.org\/{rel}","templated":true}]}}