{"id":743893,"date":"2025-08-28T01:45:07","date_gmt":"2025-08-27T22:45:07","guid":{"rendered":"https:\/\/roveyayinevi.com.tr\/index.php\/urun\/sanatin-sirlari-ciltli\/"},"modified":"2025-10-29T08:13:41","modified_gmt":"2025-10-29T05:13:41","slug":"sanatin-sirlari-ciltli","status":"publish","type":"product","link":"https:\/\/roveyayinevi.com.tr\/index.php\/urun\/sanatin-sirlari-ciltli\/","title":{"rendered":"Sanat\u0131n S\u0131rlar\u0131 (Ciltli)"},"content":{"rendered":"<p>S\u00fcrprizlerle, ke\u015fiflerle, unutulmu\u015f hazineler ve kay\u0131p hik\u00e2yelerle dolu Sanat\u0131n S\u0131rlar\u0131, okuru sanat\u0131n gizemli d\u00fcnyas\u0131nda yolculu\u011fa \u00e7\u0131kar\u0131yor ve eserlerin hi\u00e7 de g\u00f6r\u00fcnd\u00fc\u011f\u00fc gibi olmad\u0131\u011f\u0131n\u0131 g\u00f6steriyor.Londra Kulesi\u2019nde gizlenmi\u015f, uzun s\u00fcredir kay\u0131p bir ba\u015fyap\u0131t g\u00fcn y\u00fcz\u00fcne \u00e7\u0131k\u0131yor. Yaln\u0131zca se\u00e7kin az\u0131nl\u0131\u011f\u0131n anlayabilece\u011fi bir \u015fifre, bir tablonun i\u00e7ine gizleniyor. Bir portrenin alt\u0131na gizlenmi\u015f hayaletimsi imge g\u00f6ze \u00e7arp\u0131yor. Yazar, tarih\u00e7i ve sanat dedektifi Debra N. Mancoff, bu ve benzeri daha pek \u00e7ok hik\u00e2yeyi a\u00e7\u0131kl\u0131\u011fa kavu\u015ftururken Leonardo da Vinci, Vermeer ve Caravaggio\u2019nun kulland\u0131klar\u0131 \u015fifrelerin gizemini ortadan kald\u0131r\u0131yor. Van Gogh, Picasso ve Dali\u2019nin resimlerinin anlam katmanlar\u0131n\u0131 aral\u0131yor. Frida Kahlo, Kara Walker ve Marina Abramovic\u2019in eserlerine derinden bakmay\u0131 sa\u011fl\u0131yor.Yeni teknolojinin, ar\u015fiv ara\u015ft\u0131rmalar\u0131n\u0131n, bilimsel analizlerin ve eski usul merak\u0131n getirdi\u011fi bulgulardan yararlanan Sanat\u0131n S\u0131rlar\u0131, adeta birer kurguymu\u015f\u00e7as\u0131na ilgi uyand\u0131ran ancak tamam\u0131yla ger\u00e7ek verilere dayanan bir hik\u00e2ye koleksiyonunun par\u00e7alar\u0131 olan \u00fcnl\u00fc ba\u015fyap\u0131tlar\u0131n gizemli anlamlar\u0131n\u0131 a\u00e7\u0131\u011fa \u00e7\u0131kar\u0131yor.<\/p>\n","protected":false},"excerpt":{"rendered":"<p>S\u00fcrprizlerle, ke\u015fiflerle, unutulmu\u015f hazineler ve kay\u0131p hik\u00e2yelerle dolu Sanat\u0131n S\u0131rlar\u0131, okuru sanat\u0131n gizemli d\u00fcnyas\u0131nda yolculu\u011fa \u00e7\u0131kar\u0131yor ve eserlerin hi\u00e7 de g\u00f6r\u00fcnd\u00fc\u011f\u00fc gibi olmad\u0131\u011f\u0131n\u0131 g\u00f6steriyor.Londra Kulesi\u2019nde gizlenmi\u015f,<span class=\"excerpt-hellip\"> [\u2026]<\/span><\/p>\n","protected":false},"featured_media":0,"template":"","meta":{"_monsterinsights_skip_tracking":false,"_monsterinsights_sitenote_active":false,"_monsterinsights_sitenote_note":"","_monsterinsights_sitenote_category":0},"product_brand":[],"product_cat":[44608,12408],"product_tag":[],"class_list":{"0":"post-743893","1":"product","2":"type-product","3":"status-publish","5":"product_cat-diger-sanat","6":"product_cat-sanat","7":"pa_cilt-ciltli","8":"pa_tur-kitap","9":"pa_yayinevi-hayalperest-yayinlari","10":"pa_yazar-debra-n-mancoff","12":"first","13":"instock","14":"sale","15":"shipping-taxable","16":"purchasable","17":"product-type-simple"},"_links":{"self":[{"href":"https:\/\/roveyayinevi.com.tr\/index.php\/wp-json\/wp\/v2\/product\/743893","targetHints":{"allow":["GET"]}}],"collection":[{"href":"https:\/\/roveyayinevi.com.tr\/index.php\/wp-json\/wp\/v2\/product"}],"about":[{"href":"https:\/\/roveyayinevi.com.tr\/index.php\/wp-json\/wp\/v2\/types\/product"}],"wp:attachment":[{"href":"https:\/\/roveyayinevi.com.tr\/index.php\/wp-json\/wp\/v2\/media?parent=743893"}],"wp:term":[{"taxonomy":"product_brand","embeddable":true,"href":"https:\/\/roveyayinevi.com.tr\/index.php\/wp-json\/wp\/v2\/product_brand?post=743893"},{"taxonomy":"product_cat","embeddable":true,"href":"https:\/\/roveyayinevi.com.tr\/index.php\/wp-json\/wp\/v2\/product_cat?post=743893"},{"taxonomy":"product_tag","embeddable":true,"href":"https:\/\/roveyayinevi.com.tr\/index.php\/wp-json\/wp\/v2\/product_tag?post=743893"}],"curies":[{"name":"wp","href":"https:\/\/api.w.org\/{rel}","templated":true}]}}