{"id":743877,"date":"2025-08-28T01:44:45","date_gmt":"2025-08-27T22:44:45","guid":{"rendered":"https:\/\/roveyayinevi.com.tr\/index.php\/urun\/cagdasimiz-viktor-hugo\/"},"modified":"2026-04-16T02:55:34","modified_gmt":"2026-04-15T23:55:34","slug":"cagdasimiz-viktor-hugo","status":"publish","type":"product","link":"https:\/\/roveyayinevi.com.tr\/index.php\/urun\/cagdasimiz-viktor-hugo\/","title":{"rendered":"\u00c7a\u011fda\u015f\u0131m\u0131z Viktor Hugo"},"content":{"rendered":"<p>Victor Hugo\u2019yu k\u0131saca nas\u0131l tan\u0131tmal\u0131?Frans\u0131z edebiyat\u0131 kadar evrensel edebiyat\u0131n da \u00f6nde gelen temsilcilerinden biri olan Hugo, her \u015feyden \u00f6nce ve kelimenin de en soylu anlam\u0131yla, bir \u201chalk yazar\u0131\u201d oldu. Ya\u015fam\u0131 ve sanat\u0131, 19. Y\u00fczy\u0131l Fransas\u0131\u2019ndaki b\u00fcy\u00fck alt\u00fcst olu\u015flar\u0131n darbeleriyle yo\u011fruldu. Bir edebi okulun, Romantizmin y\u00fcr\u00fcy\u00fc\u015f\u00fcnde devrim yapt\u0131, ilerici ve demokrat kimli\u011fiyle eserler verdi. \u015eiir, roman, tiyatro ba\u015fta olmak \u00fczere, edebiyat\u0131n hemen her t\u00fcr\u00fcnde dehas\u0131n\u0131 ortaya koydu. Onlar\u0131n i\u00e7inde sadece birini, Sefiller\u2019i hat\u0131rlatmak yetmez.Okumadan edemeyece\u011fimiz bir yazard\u0131r Hugo! Ge\u00e7mi\u015ften gelece\u011fe do\u011fru bir ak\u0131\u015f\u0131n i\u00e7inde, k\u00f6t\u00fcye kar\u015f\u0131 iyinin, haks\u0131za kar\u015f\u0131 hakl\u0131n\u0131n, ezene kar\u015f\u0131 ezilenin, karanl\u0131\u011fa kar\u015f\u0131 ayd\u0131nl\u0131\u011f\u0131n, yan\u0131nda yer ald\u0131. \u201cDaha insanca bir d\u00fcnya\u2019n\u0131n kurulabilece\u011fine inan\u0131yordu.<\/p>\n","protected":false},"excerpt":{"rendered":"<p>Victor Hugo\u2019yu k\u0131saca nas\u0131l tan\u0131tmal\u0131?Frans\u0131z edebiyat\u0131 kadar evrensel edebiyat\u0131n da \u00f6nde gelen temsilcilerinden biri olan Hugo, her \u015feyden \u00f6nce ve kelimenin de en soylu anlam\u0131yla, bir<span class=\"excerpt-hellip\"> [\u2026]<\/span><\/p>\n","protected":false},"featured_media":0,"template":"","meta":{"_monsterinsights_skip_tracking":false,"_monsterinsights_sitenote_active":false,"_monsterinsights_sitenote_note":"","_monsterinsights_sitenote_category":0},"product_brand":[],"product_cat":[13072,12291],"product_tag":[],"class_list":{"0":"post-743877","1":"product","2":"type-product","3":"status-publish","5":"product_cat-arastirma-inceleme-referans","6":"product_cat-edebiyat","7":"pa_cilt-ciltsiz","8":"pa_tur-kitap","9":"pa_yayinevi-cumhuriyet-kitaplari","10":"pa_yazar-server-tanilli","12":"first","13":"instock","14":"sale","15":"shipping-taxable","16":"purchasable","17":"product-type-simple"},"_links":{"self":[{"href":"https:\/\/roveyayinevi.com.tr\/index.php\/wp-json\/wp\/v2\/product\/743877","targetHints":{"allow":["GET"]}}],"collection":[{"href":"https:\/\/roveyayinevi.com.tr\/index.php\/wp-json\/wp\/v2\/product"}],"about":[{"href":"https:\/\/roveyayinevi.com.tr\/index.php\/wp-json\/wp\/v2\/types\/product"}],"wp:attachment":[{"href":"https:\/\/roveyayinevi.com.tr\/index.php\/wp-json\/wp\/v2\/media?parent=743877"}],"wp:term":[{"taxonomy":"product_brand","embeddable":true,"href":"https:\/\/roveyayinevi.com.tr\/index.php\/wp-json\/wp\/v2\/product_brand?post=743877"},{"taxonomy":"product_cat","embeddable":true,"href":"https:\/\/roveyayinevi.com.tr\/index.php\/wp-json\/wp\/v2\/product_cat?post=743877"},{"taxonomy":"product_tag","embeddable":true,"href":"https:\/\/roveyayinevi.com.tr\/index.php\/wp-json\/wp\/v2\/product_tag?post=743877"}],"curies":[{"name":"wp","href":"https:\/\/api.w.org\/{rel}","templated":true}]}}