{"id":743875,"date":"2025-08-28T01:44:43","date_gmt":"2025-08-27T22:44:43","guid":{"rendered":"https:\/\/roveyayinevi.com.tr\/index.php\/urun\/biat-toplumunun-ruhsal-kokenleri\/"},"modified":"2026-04-16T02:55:34","modified_gmt":"2026-04-15T23:55:34","slug":"biat-toplumunun-ruhsal-kokenleri","status":"publish","type":"product","link":"https:\/\/roveyayinevi.com.tr\/index.php\/urun\/biat-toplumunun-ruhsal-kokenleri\/","title":{"rendered":"Biat Toplumunun Ruhsal K\u00f6kenleri"},"content":{"rendered":"<p>Toplumumuzda g\u00fcnden g\u00fcne artan kad\u0131n cinayetlerinin, \u00e7ocuk istismarlar\u0131n\u0131n, hayvanlara kar\u015f\u0131 \u015fiddetin, do\u011faya ve \u00e7evreye kar\u015f\u0131 vurdumduymaz davran\u0131\u015flar\u0131n temelinde nas\u0131l bir ruh hali vard\u0131r? Toplumun ve devlet y\u00f6netiminin hemen her kesimini sarm\u0131\u015f g\u00f6r\u00fcnen de\u011ferler yozla\u015fmas\u0131n\u0131n k\u00f6kenleri nelerdir? Cumhuriyetin \u00f6nemli at\u0131l\u0131mlar\u0131n\u0131n ve Dil Devrimi\u2019nin, \u00f6zerk benlikli yurtta\u015flar yaratmadaki rol\u00fc nedir? Sorunlar\u0131m\u0131z\u0131n kaynaklar\u0131n\u0131 tan\u0131madan neyle sava\u015faca\u011f\u0131m\u0131z\u0131 bilebilir miyiz? 70 y\u0131la a\u015fk\u0131n s\u00fcredir ruh hekimli\u011fi yapan Prof. Dr. M. Orhan \u00d6zt\u00fcrk, e\u015fsiz bilgi birikimi ve g\u00f6zlemleriyle t\u00fcm sorulara yetkin yan\u0131tlar veriyor; \u00f6zerk benlik, kul benlik kavramlar\u0131n\u0131, \u2018biat toplumunun ruhsal k\u00f6kenleri\u2019ni \u00f6rneklerle tan\u0131mlamaya \u00e7al\u0131\u015f\u0131yor. \u00dclkemizde ki\u015filik geli\u015fmesinde \u00f6zerk benlik duygusunu k\u0131s\u0131tlayan, kul benli\u011fi besleyen gelenekleri, inan\u00e7lar\u0131, toplumda kad\u0131n\u0131n yerini, ailede ve toplumda egemen olan bask\u0131c\u0131, k\u0131s\u0131tlay\u0131c\u0131 e\u011fitim-\u00f6\u011fretim d\u00fczenini irdeliyor, temel sorunlar\u0131n \u00e7\u00f6z\u00fcm yollar\u0131n\u0131 imliyor. <\/p>\n","protected":false},"excerpt":{"rendered":"<p>Toplumumuzda g\u00fcnden g\u00fcne artan kad\u0131n cinayetlerinin, \u00e7ocuk istismarlar\u0131n\u0131n, hayvanlara kar\u015f\u0131 \u015fiddetin, do\u011faya ve \u00e7evreye kar\u015f\u0131 vurdumduymaz davran\u0131\u015flar\u0131n temelinde nas\u0131l bir ruh hali vard\u0131r? Toplumun ve devlet<span class=\"excerpt-hellip\"> [\u2026]<\/span><\/p>\n","protected":false},"featured_media":0,"template":"","meta":{"_monsterinsights_skip_tracking":false,"_monsterinsights_sitenote_active":false,"_monsterinsights_sitenote_note":"","_monsterinsights_sitenote_category":0},"product_brand":[],"product_cat":[12325,12324],"product_tag":[],"class_list":{"0":"post-743875","1":"product","2":"type-product","3":"status-publish","5":"product_cat-diger-sosyoloji","6":"product_cat-sosyoloji","7":"pa_cilt-ciltsiz","8":"pa_tur-kitap","9":"pa_yayinevi-cumhuriyet-kitaplari","10":"pa_yazar-orhan-ozturk","12":"first","13":"instock","14":"sale","15":"shipping-taxable","16":"purchasable","17":"product-type-simple"},"_links":{"self":[{"href":"https:\/\/roveyayinevi.com.tr\/index.php\/wp-json\/wp\/v2\/product\/743875","targetHints":{"allow":["GET"]}}],"collection":[{"href":"https:\/\/roveyayinevi.com.tr\/index.php\/wp-json\/wp\/v2\/product"}],"about":[{"href":"https:\/\/roveyayinevi.com.tr\/index.php\/wp-json\/wp\/v2\/types\/product"}],"wp:attachment":[{"href":"https:\/\/roveyayinevi.com.tr\/index.php\/wp-json\/wp\/v2\/media?parent=743875"}],"wp:term":[{"taxonomy":"product_brand","embeddable":true,"href":"https:\/\/roveyayinevi.com.tr\/index.php\/wp-json\/wp\/v2\/product_brand?post=743875"},{"taxonomy":"product_cat","embeddable":true,"href":"https:\/\/roveyayinevi.com.tr\/index.php\/wp-json\/wp\/v2\/product_cat?post=743875"},{"taxonomy":"product_tag","embeddable":true,"href":"https:\/\/roveyayinevi.com.tr\/index.php\/wp-json\/wp\/v2\/product_tag?post=743875"}],"curies":[{"name":"wp","href":"https:\/\/api.w.org\/{rel}","templated":true}]}}