{"id":743872,"date":"2025-08-28T01:44:39","date_gmt":"2025-08-27T22:44:39","guid":{"rendered":"https:\/\/roveyayinevi.com.tr\/index.php\/urun\/turkulerden-sah-dizeler\/"},"modified":"2026-04-16T02:55:33","modified_gmt":"2026-04-15T23:55:33","slug":"turkulerden-sah-dizeler","status":"publish","type":"product","link":"https:\/\/roveyayinevi.com.tr\/index.php\/urun\/turkulerden-sah-dizeler\/","title":{"rendered":"T\u00fcrk\u00fclerden \u015eah Dizeler"},"content":{"rendered":"<p>Dolan g\u00f6zler Dolukur dolan g\u00f6zler Bana derler a\u011flama Durmuyor dolan g\u00f6zler Bir t\u00fcrk\u00fcn\u00fcn s\u00f6zleri i\u00e7inde, b\u00fct\u00fcn bir t\u00fcrk\u00fcy\u00fc ta\u015f\u0131yan, o s\u00f6zlerin bir anlamda belkemi\u011fini olu\u015fturan, \u015fiirsel y\u00fck\u00fc en fazla olan, di\u011fer b\u00fct\u00fcn dizelerin sanki onu s\u00f6ylemek i\u00e7in s\u00f6ylenmi\u015f oldu\u011fu bir-iki dize, bir d\u00f6rtl\u00fck vard\u0131r. Di\u011fer dizeler de elbette \u00e7ok g\u00fczeldir ama o dize s\u00f6ylenmemi\u015f olsayd\u0131, t\u00fcrk\u00fc de\u011ferinden yitirecekti, duygusunu ya\u015fad\u0131\u011f\u0131m\u0131z bir \u201c\u015fah\u201d dizedir, d\u00f6rtl\u00fckt\u00fcr o. Sesin kendini tamamlamas\u0131, \u00e7avlanlar \u00e7izerek akmas\u0131 o dize oldu\u011fu i\u00e7indir sanki. Halk\u0131n yarat\u0131c\u0131 dehas\u0131n\u0131n billurla\u015ft\u0131\u011f\u0131 dizelerdir onlar. Bu kitap, biraz da kendim i\u00e7in haz\u0131rlad\u0131\u011f\u0131m binlerce t\u00fcrk\u00fcden bir kenara not ald\u0131\u011f\u0131m dizelerden, d\u00f6rtl\u00fcklerden olu\u015fan bir k\u00fc\u00e7\u00fcc\u00fck toplam. Burada sadece 324 t\u00fcrk\u00fcden yap\u0131lan al\u0131nt\u0131lar var. B\u00fct\u00fcn kalbimle bir \u201c\u0131rmak \u015fiir\u201d gibi okunmas\u0131n\u0131 dilerim.<\/p>\n","protected":false},"excerpt":{"rendered":"<p>Dolan g\u00f6zler Dolukur dolan g\u00f6zler Bana derler a\u011flama Durmuyor dolan g\u00f6zler Bir t\u00fcrk\u00fcn\u00fcn s\u00f6zleri i\u00e7inde, b\u00fct\u00fcn bir t\u00fcrk\u00fcy\u00fc ta\u015f\u0131yan, o s\u00f6zlerin bir anlamda belkemi\u011fini olu\u015fturan, \u015fiirsel<span class=\"excerpt-hellip\"> [\u2026]<\/span><\/p>\n","protected":false},"featured_media":0,"template":"","meta":{"_monsterinsights_skip_tracking":false,"_monsterinsights_sitenote_active":false,"_monsterinsights_sitenote_note":"","_monsterinsights_sitenote_category":0},"product_brand":[],"product_cat":[12291,12509],"product_tag":[],"class_list":{"0":"post-743872","1":"product","2":"type-product","3":"status-publish","5":"product_cat-edebiyat","6":"product_cat-siir","7":"pa_cilt-ciltsiz","8":"pa_tur-kitap","9":"pa_yayinevi-kirmizi-kedi-yayinevi","10":"pa_yazar-sukru-erbas","12":"first","13":"instock","14":"sale","15":"shipping-taxable","16":"purchasable","17":"product-type-simple"},"_links":{"self":[{"href":"https:\/\/roveyayinevi.com.tr\/index.php\/wp-json\/wp\/v2\/product\/743872","targetHints":{"allow":["GET"]}}],"collection":[{"href":"https:\/\/roveyayinevi.com.tr\/index.php\/wp-json\/wp\/v2\/product"}],"about":[{"href":"https:\/\/roveyayinevi.com.tr\/index.php\/wp-json\/wp\/v2\/types\/product"}],"wp:attachment":[{"href":"https:\/\/roveyayinevi.com.tr\/index.php\/wp-json\/wp\/v2\/media?parent=743872"}],"wp:term":[{"taxonomy":"product_brand","embeddable":true,"href":"https:\/\/roveyayinevi.com.tr\/index.php\/wp-json\/wp\/v2\/product_brand?post=743872"},{"taxonomy":"product_cat","embeddable":true,"href":"https:\/\/roveyayinevi.com.tr\/index.php\/wp-json\/wp\/v2\/product_cat?post=743872"},{"taxonomy":"product_tag","embeddable":true,"href":"https:\/\/roveyayinevi.com.tr\/index.php\/wp-json\/wp\/v2\/product_tag?post=743872"}],"curies":[{"name":"wp","href":"https:\/\/api.w.org\/{rel}","templated":true}]}}