{"id":743871,"date":"2025-08-28T01:44:38","date_gmt":"2025-08-27T22:44:38","guid":{"rendered":"https:\/\/roveyayinevi.com.tr\/index.php\/urun\/dort-anlasma-kartlari\/"},"modified":"2026-04-16T02:55:33","modified_gmt":"2026-04-15T23:55:33","slug":"dort-anlasma-kartlari","status":"publish","type":"product","link":"https:\/\/roveyayinevi.com.tr\/index.php\/urun\/dort-anlasma-kartlari\/","title":{"rendered":"D\u00f6rt Anla\u015fma Kartlar\u0131"},"content":{"rendered":"<p>48 Kartl\u0131k Deste   Don Miguel Ruiz\u2019in efsanevi kitab\u0131 D\u00f6rt Anla\u015fma\u2019n\u0131n kartlar\u0131 olan bu kartlar, ki\u015fisel \u00f6zg\u00fcrl\u00fc\u011fe ve hakiki mutlulu\u011fa ula\u015fmak i\u00e7in gerekli basit, ama g\u00fc\u00e7l\u00fc davran\u0131\u015f kodlar\u0131 sunar. Her bir anla\u015fmaya kar\u015f\u0131l\u0131k gelen on iki kart vard\u0131r: (1) S\u00f6zc\u00fckleriniz Kusursuz Olsun;(2) Hi\u00e7bir \u015eeyi Ki\u015fisel Almay\u0131n; (3) Varsay\u0131mlarda Bulunmay\u0131n ve(4) Her Zaman Elinizden Gelenin En \u0130yisini Yap\u0131n. Bu kitap \u00f6zg\u00fcn benli\u011finizin fark\u0131ndal\u0131\u011f\u0131na ve bilgeli\u011fine yeniden kavu\u015furken hayat\u0131n\u0131z\u0131 d\u00f6n\u00fc\u015ft\u00fcrmenize yard\u0131m edecektir! <\/p>\n","protected":false},"excerpt":{"rendered":"<p>48 Kartl\u0131k Deste Don Miguel Ruiz\u2019in efsanevi kitab\u0131 D\u00f6rt Anla\u015fma\u2019n\u0131n kartlar\u0131 olan bu kartlar, ki\u015fisel \u00f6zg\u00fcrl\u00fc\u011fe ve hakiki mutlulu\u011fa ula\u015fmak i\u00e7in gerekli basit, ama g\u00fc\u00e7l\u00fc davran\u0131\u015f<span class=\"excerpt-hellip\"> [\u2026]<\/span><\/p>\n","protected":false},"featured_media":0,"template":"","meta":{"_monsterinsights_skip_tracking":false,"_monsterinsights_sitenote_active":false,"_monsterinsights_sitenote_note":"","_monsterinsights_sitenote_category":0},"product_brand":[],"product_cat":[18082,15563],"product_tag":[],"class_list":{"0":"post-743871","1":"product","2":"type-product","3":"status-publish","5":"product_cat-astroloji-fal-ruya","6":"product_cat-hobi","7":"pa_cilt-ciltsiz","8":"pa_tur-kitap","9":"pa_yayinevi-butik-yayinlari","10":"pa_yazar-don-miguel-ruiz","12":"first","13":"instock","14":"sale","15":"shipping-taxable","16":"purchasable","17":"product-type-simple"},"_links":{"self":[{"href":"https:\/\/roveyayinevi.com.tr\/index.php\/wp-json\/wp\/v2\/product\/743871","targetHints":{"allow":["GET"]}}],"collection":[{"href":"https:\/\/roveyayinevi.com.tr\/index.php\/wp-json\/wp\/v2\/product"}],"about":[{"href":"https:\/\/roveyayinevi.com.tr\/index.php\/wp-json\/wp\/v2\/types\/product"}],"wp:attachment":[{"href":"https:\/\/roveyayinevi.com.tr\/index.php\/wp-json\/wp\/v2\/media?parent=743871"}],"wp:term":[{"taxonomy":"product_brand","embeddable":true,"href":"https:\/\/roveyayinevi.com.tr\/index.php\/wp-json\/wp\/v2\/product_brand?post=743871"},{"taxonomy":"product_cat","embeddable":true,"href":"https:\/\/roveyayinevi.com.tr\/index.php\/wp-json\/wp\/v2\/product_cat?post=743871"},{"taxonomy":"product_tag","embeddable":true,"href":"https:\/\/roveyayinevi.com.tr\/index.php\/wp-json\/wp\/v2\/product_tag?post=743871"}],"curies":[{"name":"wp","href":"https:\/\/api.w.org\/{rel}","templated":true}]}}