{"id":743866,"date":"2025-08-28T01:44:32","date_gmt":"2025-08-27T22:44:32","guid":{"rendered":"https:\/\/roveyayinevi.com.tr\/index.php\/urun\/cem-sultan-4\/"},"modified":"2026-04-16T02:55:33","modified_gmt":"2026-04-15T23:55:33","slug":"cem-sultan-4","status":"publish","type":"product","link":"https:\/\/roveyayinevi.com.tr\/index.php\/urun\/cem-sultan-4\/","title":{"rendered":"Cem Sultan"},"content":{"rendered":"<p>16. as\u0131r Osmanl\u0131 \u015fairi B\u00e2k\u00ee\u2019nin bug\u00fcne kadar ele ge\u00e7medi\u011fi s\u00f6ylenen eseri, B\u00fcnyamin Ay\u00e7i\u00e7e\u011fi\u2019nin edit\u00f6rl\u00fc\u011f\u00fcnde G\u00fcl\u015fah Ta\u015fk\u0131n, Arzu Atik ve G\u00fcler Do\u011fan Averbek taraf\u0131ndan yay\u0131na haz\u0131rlanan bu kitap ile B\u00e2k\u00ee k\u00fclliyat\u0131nda olmas\u0131 gereken yere irc\u00e2 edilmi\u015f bulunuyor. B\u00e2k\u00ee, Ebu Eyyub el-Ens\u00e2r\u00ee\u2019den nakledilen hadisleri ihtiva eden Nefeh\u00e2tu\u2019l-ab\u00eeri\u2019s-s\u00e2r\u00ee bi-eh\u00e2d\u00eesi Eb\u00ee Eyy\u00fbb el-Ens\u00e2r\u00ee\u2019ninmuhtasar \u015ferhi olarak tan\u0131mlanabilecek eserine Hay\u00e2tu\u2019l-kul\u00fbb bi-riv\u00e2y\u00e2ti Eb\u00ee Eyy\u00fbb ad\u0131n\u0131 vermi\u015f ve onu Sokullu Mehmed Pa\u015fa\u2019ya hediye etmi\u015ftir. B\u00e2k\u00ee\u2019den sonraki as\u0131rlarda nisyan \u00e2leminde kalan metin, T\u00fcrkiye\u2019de birka\u00e7 y\u0131ld\u0131r G\u00fcler Do\u011fan Averbek taraf\u0131ndan y\u00fcr\u00fct\u00fclen Osman Re\u015fer \u00e7al\u0131\u015fmalar\u0131n\u0131n semerelerinden biridir. Re\u015fer\u2019in Leipzig \u00dcniversitesi K\u00fct\u00fcphanesi\u2019ne satt\u0131\u011f\u0131 yazmalar aras\u0131nda s\u00f6z konusu eserin bir n\u00fcshas\u0131n\u0131n bulundu\u011fu Averbek taraf\u0131ndan belirlenmi\u015f, yap\u0131lan taramalarda T\u00fcrkiye\u2019de iki n\u00fcshaya daha ula\u015f\u0131lm\u0131\u015ft\u0131r. T\u00fcrk edebiyat\u0131n\u0131n tart\u0131\u015fmas\u0131z en b\u00fcy\u00fck \u015fairlerinden biri olan B\u00e2k\u00ee\u2019nin naz\u0131m ve nesirdeki tavr\u0131 birbirinden farkl\u0131d\u0131r. Ona as\u0131rlar\u0131 a\u015fan \u015f\u00f6hretini getiren kudreti, \u015f\u00fcphesiz \u015fiirdeki g\u00fcc\u00fc ve naz\u0131m tekni\u011findeki vukufudur; \u015fiirleri ve nesirleri edeb\u00ee a\u00e7\u0131dan mukayese edildi\u011finde neredeyse iki farkl\u0131 sima ile kar\u015f\u0131 kar\u015f\u0131ya olundu\u011fu s\u00f6ylenebilirse de muktedir bir \u015fairin di\u011fer eserlerinin her hal\u00fck\u00e2rda k\u0131ymeti haiz olaca\u011f\u0131 izahtan varestedir. <\/p>\n","protected":false},"excerpt":{"rendered":"<p>16. as\u0131r Osmanl\u0131 \u015fairi B\u00e2k\u00ee\u2019nin bug\u00fcne kadar ele ge\u00e7medi\u011fi s\u00f6ylenen eseri, B\u00fcnyamin Ay\u00e7i\u00e7e\u011fi\u2019nin edit\u00f6rl\u00fc\u011f\u00fcnde G\u00fcl\u015fah Ta\u015fk\u0131n, Arzu Atik ve G\u00fcler Do\u011fan Averbek taraf\u0131ndan yay\u0131na haz\u0131rlanan bu<span class=\"excerpt-hellip\"> [\u2026]<\/span><\/p>\n","protected":false},"featured_media":0,"template":"","meta":{"_monsterinsights_skip_tracking":false,"_monsterinsights_sitenote_active":false,"_monsterinsights_sitenote_note":"","_monsterinsights_sitenote_category":0},"product_brand":[],"product_cat":[12291,12745],"product_tag":[],"class_list":{"0":"post-743866","1":"product","2":"type-product","3":"status-publish","5":"product_cat-edebiyat","6":"product_cat-tarihi-roman","7":"pa_cilt-ciltsiz","8":"pa_tur-kitap","9":"pa_yayinevi-otuken-nesriyat","10":"pa_yazar-m-turhan-tan","12":"first","13":"instock","14":"sale","15":"shipping-taxable","16":"purchasable","17":"product-type-simple"},"_links":{"self":[{"href":"https:\/\/roveyayinevi.com.tr\/index.php\/wp-json\/wp\/v2\/product\/743866","targetHints":{"allow":["GET"]}}],"collection":[{"href":"https:\/\/roveyayinevi.com.tr\/index.php\/wp-json\/wp\/v2\/product"}],"about":[{"href":"https:\/\/roveyayinevi.com.tr\/index.php\/wp-json\/wp\/v2\/types\/product"}],"wp:attachment":[{"href":"https:\/\/roveyayinevi.com.tr\/index.php\/wp-json\/wp\/v2\/media?parent=743866"}],"wp:term":[{"taxonomy":"product_brand","embeddable":true,"href":"https:\/\/roveyayinevi.com.tr\/index.php\/wp-json\/wp\/v2\/product_brand?post=743866"},{"taxonomy":"product_cat","embeddable":true,"href":"https:\/\/roveyayinevi.com.tr\/index.php\/wp-json\/wp\/v2\/product_cat?post=743866"},{"taxonomy":"product_tag","embeddable":true,"href":"https:\/\/roveyayinevi.com.tr\/index.php\/wp-json\/wp\/v2\/product_tag?post=743866"}],"curies":[{"name":"wp","href":"https:\/\/api.w.org\/{rel}","templated":true}]}}