{"id":743839,"date":"2025-08-28T01:44:03","date_gmt":"2025-08-27T22:44:03","guid":{"rendered":"https:\/\/roveyayinevi.com.tr\/index.php\/urun\/nitelikli-kapsayici-egitim-kuramdan-uygulamaya\/"},"modified":"2026-04-16T02:55:32","modified_gmt":"2026-04-15T23:55:32","slug":"nitelikli-kapsayici-egitim-kuramdan-uygulamaya","status":"publish","type":"product","link":"https:\/\/roveyayinevi.com.tr\/index.php\/urun\/nitelikli-kapsayici-egitim-kuramdan-uygulamaya\/","title":{"rendered":"Nitelikli Kapsay\u0131c\u0131 E\u011fitim (Kuramdan Uygulamaya)"},"content":{"rendered":"<p>Ya\u015fad\u0131\u011f\u0131m\u0131z y\u00fczy\u0131lda temel haklar\u0131n e\u015fitlik\u00e7i bir anlay\u0131\u015fla g\u00fcvence alt\u0131na al\u0131nmas\u0131na ihtiya\u00e7 duyulan alanlardan biri de e\u011fitimdir. \u00c7\u00fcnk\u00fc yaln\u0131zca nitelikli bir e\u011fitim sayesinde t\u00fcm  \u00e7ocuklar kendi g\u00fc\u00e7l\u00fc y\u00f6nlerini g\u00f6rebilir, zay\u0131f y\u00f6nlerini geli\u015ftirebilir, gelecek ya\u015famlar\u0131 \u00fczerinde s\u00f6z sahibi olabilir. Bu y\u00fczden e\u011fitim hakk\u0131 ancak okullar\u0131n, \u00e7ocuklar\u0131n farkl\u0131 sosyoekonomik ve k\u00fclt\u00fcrel ge\u00e7mi\u015flerine ve onlar\u0131n daha geni\u015f bir yelpazedeki \u00f6\u011frenme tarzlar\u0131na, davran\u0131\u015flar\u0131na, yeteneklerine ve t\u00fcm duyusal alanlardaki potansiyellerine uyum sa\u011flamaya ba\u015flad\u0131\u011f\u0131nda ger\u00e7ekle\u015ftirilebilir. Bu da ancak kapsay\u0131c\u0131 e\u011fitim ile m\u00fcmk\u00fcnd\u00fcr. Kapsay\u0131c\u0131 e\u011fitim; t\u00fcm \u00e7ocuklar\u0131n geli\u015fimsel, sosyok\u00fclt\u00fcrel ve bireysel \u00f6zelliklerini g\u00f6z \u00f6n\u00fcne alan bu gereksinimleri do\u011frultusunda e\u011fitim almalar\u0131n\u0131 ama\u00e7layan bir s\u00fcre\u00e7 olarak tan\u0131mlanmaktad\u0131r.   Kapsay\u0131c\u0131 e\u011fitim f\u0131rsat e\u015fitli\u011fi sa\u011flamada \u00f6nemli bir anlay\u0131\u015f olarak kendine \u00f6zg\u00fc tan\u0131mlamalar\u0131, hukuki dayanaklar\u0131, uygulamalar\u0131 ve ilkeleri bar\u0131nd\u0131ran bir yakla\u015f\u0131md\u0131r. Bu yakla\u015f\u0131m\u0131n do\u011fru ve eksiksiz olarak uygulanabilmesi i\u00e7in bu alanda g\u00fcncel, uygulamal\u0131 ve nitelikli kaynaklara ihtiya\u00e7 duyulmaktad\u0131r. Bu do\u011frultuda kitab\u0131n haz\u0131rlanmas\u0131ndaki temel motivasyon okuyucuya kapsay\u0131c\u0131 e\u011fitimin tan\u0131m\u0131, tarihi, hukuki dayanaklar\u0131, kuramsal temelleri, \u00f6\u011fretim s\u00fcre\u00e7leri ve de\u011ferlendirme yakla\u015f\u0131mlar\u0131 hakk\u0131nda en g\u00fcncel, bilgi ve uygulamalar\u0131 sunmak olmu\u015ftur.<\/p>\n","protected":false},"excerpt":{"rendered":"<p>Ya\u015fad\u0131\u011f\u0131m\u0131z y\u00fczy\u0131lda temel haklar\u0131n e\u015fitlik\u00e7i bir anlay\u0131\u015fla g\u00fcvence alt\u0131na al\u0131nmas\u0131na ihtiya\u00e7 duyulan alanlardan biri de e\u011fitimdir. \u00c7\u00fcnk\u00fc yaln\u0131zca nitelikli bir e\u011fitim sayesinde t\u00fcm \u00e7ocuklar kendi g\u00fc\u00e7l\u00fc<span class=\"excerpt-hellip\"> [\u2026]<\/span><\/p>\n","protected":false},"featured_media":0,"template":"","meta":{"_monsterinsights_skip_tracking":false,"_monsterinsights_sitenote_active":false,"_monsterinsights_sitenote_note":"","_monsterinsights_sitenote_category":0},"product_brand":[],"product_cat":[12573,12566],"product_tag":[],"class_list":{"0":"post-743839","1":"product","2":"type-product","3":"status-publish","5":"product_cat-akademik-kitaplar","6":"product_cat-egitim","7":"pa_cilt-ciltsiz","8":"pa_tur-kitap","9":"pa_yayinevi-egiten-kitap","10":"pa_yazar-kolektif","12":"first","13":"instock","14":"sale","15":"shipping-taxable","16":"purchasable","17":"product-type-simple"},"_links":{"self":[{"href":"https:\/\/roveyayinevi.com.tr\/index.php\/wp-json\/wp\/v2\/product\/743839","targetHints":{"allow":["GET"]}}],"collection":[{"href":"https:\/\/roveyayinevi.com.tr\/index.php\/wp-json\/wp\/v2\/product"}],"about":[{"href":"https:\/\/roveyayinevi.com.tr\/index.php\/wp-json\/wp\/v2\/types\/product"}],"wp:attachment":[{"href":"https:\/\/roveyayinevi.com.tr\/index.php\/wp-json\/wp\/v2\/media?parent=743839"}],"wp:term":[{"taxonomy":"product_brand","embeddable":true,"href":"https:\/\/roveyayinevi.com.tr\/index.php\/wp-json\/wp\/v2\/product_brand?post=743839"},{"taxonomy":"product_cat","embeddable":true,"href":"https:\/\/roveyayinevi.com.tr\/index.php\/wp-json\/wp\/v2\/product_cat?post=743839"},{"taxonomy":"product_tag","embeddable":true,"href":"https:\/\/roveyayinevi.com.tr\/index.php\/wp-json\/wp\/v2\/product_tag?post=743839"}],"curies":[{"name":"wp","href":"https:\/\/api.w.org\/{rel}","templated":true}]}}