{"id":743836,"date":"2025-08-28T01:43:59","date_gmt":"2025-08-27T22:43:59","guid":{"rendered":"https:\/\/roveyayinevi.com.tr\/index.php\/urun\/egitimde-21-yuzyil-becerileri\/"},"modified":"2026-04-16T02:55:32","modified_gmt":"2026-04-15T23:55:32","slug":"egitimde-21-yuzyil-becerileri","status":"publish","type":"product","link":"https:\/\/roveyayinevi.com.tr\/index.php\/urun\/egitimde-21-yuzyil-becerileri\/","title":{"rendered":"E\u011fitimde 21. Y\u00fczy\u0131l Becerileri"},"content":{"rendered":"<p>De\u011fi\u015fen \u00e7a\u011f\u0131n ko\u015fullar\u0131, bireylerin hayat\u0131n\u0131, e\u011fitim modellerini, ki\u015fileraras\u0131 ili\u015fkileri ve sosyal yap\u0131y\u0131 derinden etkilemektedir. \u00d6zellikle 2000\u2019li y\u0131llar\u0131n ba\u015f\u0131ndan itibaren geli\u015fen teknoloji t\u00fcm bu s\u00fcre\u00e7lere yeni bir boyut kazand\u0131rm\u0131\u015f ve 21. y\u00fczy\u0131l becerileri diye an\u0131lacak yeni becerileri hayat\u0131m\u0131za katm\u0131\u015ft\u0131r. Bu beceriler, temelde bireyin de\u011fi\u015fen ve geli\u015fen d\u00fcnya ko\u015fullar\u0131na uyum sa\u011flamas\u0131n\u0131 ama\u00e7lamaktad\u0131r.   Bireyler ancak bu becerilere \u00e7ocukluk d\u00f6neminden itibaren sahip olduk\u00e7a d\u00fcnyay\u0131 yakalayabilmekte ve de\u011fi\u015fim s\u00fcrecinin bir par\u00e7as\u0131 olabilmektedir. Bilgiyi ve teknolojiyi okuyabilmek, herkesin bakt\u0131\u011f\u0131 pencereden de\u011fil de kendine \u00f6zg\u00fc yenilik\u00e7i bir pencereden bakabilmek, ula\u015ft\u0131\u011f\u0131 her bilgiyi oldu\u011fu gibi kabul etmeyip sorgulay\u0131p derinlemesine inceleyebilmek, art\u0131k \u00e7a\u011f\u0131n insan\u0131 olabilmenin gere\u011fi haline gelmi\u015ftir. 21. y\u00fczy\u0131l, \u00e7evresiyle olumlu ili\u015fkiler kurabilen ve kitleleri etkileme g\u00fcc\u00fcne sahip olan birey olmay\u0131 gerektirmektedir.   Bireylere \u00f6zellikle \u00e7ocuklara 21. y\u00fczy\u0131l becerilerini kazand\u0131rmak, ancak do\u011fru ve sistematik e\u011fitim modelleri ve yenilik\u00e7i \u00f6\u011fretmenlerle m\u00fcmk\u00fcnd\u00fcr.<\/p>\n","protected":false},"excerpt":{"rendered":"<p>De\u011fi\u015fen \u00e7a\u011f\u0131n ko\u015fullar\u0131, bireylerin hayat\u0131n\u0131, e\u011fitim modellerini, ki\u015fileraras\u0131 ili\u015fkileri ve sosyal yap\u0131y\u0131 derinden etkilemektedir. \u00d6zellikle 2000\u2019li y\u0131llar\u0131n ba\u015f\u0131ndan itibaren geli\u015fen teknoloji t\u00fcm bu s\u00fcre\u00e7lere yeni bir<span class=\"excerpt-hellip\"> [\u2026]<\/span><\/p>\n","protected":false},"featured_media":0,"template":"","meta":{"_monsterinsights_skip_tracking":false,"_monsterinsights_sitenote_active":false,"_monsterinsights_sitenote_note":"","_monsterinsights_sitenote_category":0},"product_brand":[],"product_cat":[12573,12566],"product_tag":[],"class_list":{"0":"post-743836","1":"product","2":"type-product","3":"status-publish","5":"product_cat-akademik-kitaplar","6":"product_cat-egitim","7":"pa_cilt-ciltsiz","8":"pa_tur-kitap","9":"pa_yayinevi-egiten-kitap","10":"pa_yazar-kolektif","12":"first","13":"instock","14":"sale","15":"shipping-taxable","16":"purchasable","17":"product-type-simple"},"_links":{"self":[{"href":"https:\/\/roveyayinevi.com.tr\/index.php\/wp-json\/wp\/v2\/product\/743836","targetHints":{"allow":["GET"]}}],"collection":[{"href":"https:\/\/roveyayinevi.com.tr\/index.php\/wp-json\/wp\/v2\/product"}],"about":[{"href":"https:\/\/roveyayinevi.com.tr\/index.php\/wp-json\/wp\/v2\/types\/product"}],"wp:attachment":[{"href":"https:\/\/roveyayinevi.com.tr\/index.php\/wp-json\/wp\/v2\/media?parent=743836"}],"wp:term":[{"taxonomy":"product_brand","embeddable":true,"href":"https:\/\/roveyayinevi.com.tr\/index.php\/wp-json\/wp\/v2\/product_brand?post=743836"},{"taxonomy":"product_cat","embeddable":true,"href":"https:\/\/roveyayinevi.com.tr\/index.php\/wp-json\/wp\/v2\/product_cat?post=743836"},{"taxonomy":"product_tag","embeddable":true,"href":"https:\/\/roveyayinevi.com.tr\/index.php\/wp-json\/wp\/v2\/product_tag?post=743836"}],"curies":[{"name":"wp","href":"https:\/\/api.w.org\/{rel}","templated":true}]}}