{"id":743829,"date":"2025-08-28T01:43:22","date_gmt":"2025-08-27T22:43:22","guid":{"rendered":"https:\/\/roveyayinevi.com.tr\/index.php\/urun\/disiplinlerarasi-fen-ogretimi\/"},"modified":"2026-04-16T02:55:32","modified_gmt":"2026-04-15T23:55:32","slug":"disiplinlerarasi-fen-ogretimi","status":"publish","type":"product","link":"https:\/\/roveyayinevi.com.tr\/index.php\/urun\/disiplinlerarasi-fen-ogretimi\/","title":{"rendered":"Disiplinleraras\u0131 Fen \u00d6\u011fretimi"},"content":{"rendered":"<p>Fen e\u011fitimcileri, disiplinler aras\u0131 \u00f6\u011frenmeye y\u00f6nelik \u00f6nemli bir paradigma de\u011fi\u015fiminin gereklili\u011fini alg\u0131lam\u0131\u015ft\u0131r. Fende disiplinleraras\u0131 \u00f6\u011frenme, \u00f6\u011frencilerin ilgili ba\u011flant\u0131lar kurmas\u0131n\u0131 ve anlaml\u0131 \u00e7a\u011fr\u0131\u015f\u0131mlar olu\u015fturmas\u0131n\u0131 sa\u011flamak i\u00e7in iki veya daha fazla disiplini tutarl\u0131 ba\u011flant\u0131larla b\u00fct\u00fcnle\u015ftirmektir. Do\u011fal sistemin karma\u015f\u0131kl\u0131\u011f\u0131 ve buna tekab\u00fcl eden problemlerin \u00e7\u00f6z\u00fclmesinde, disiplinleraras\u0131 yakla\u015f\u0131m\u0131n gereklili\u011fine \u015f\u00fcphe yoktur. Bilimde ger\u00e7ek d\u00fcnyadaki do\u011fal fenomenleri \u00f6\u011frenmenin ve alg\u0131laman\u0131n en iyi yolu, etkili bir disiplinleraras\u0131 \u00f6\u011fretimden ge\u00e7mektedir.   Bu kitab\u0131n disiplinleraras\u0131 \u00f6\u011fretimin alt\u0131nda yatan mant\u0131\u011f\u0131 kavratmas\u0131n\u0131n yan\u0131nda, \u00f6\u011fretmen adaylar\u0131 i\u00e7in fen disiplinine di\u011fer disiplinlerin nas\u0131l anlaml\u0131 bir \u015fekilde entegre edilebilece\u011fini ve bu entegrasyonun g\u00fcnl\u00fck ya\u015famda kar\u015f\u0131la\u015f\u0131lan problemlerde nas\u0131l kullan\u0131labilece\u011fini g\u00f6stermesi ama\u00e7lanm\u0131\u015ft\u0131r.<\/p>\n","protected":false},"excerpt":{"rendered":"<p>Fen e\u011fitimcileri, disiplinler aras\u0131 \u00f6\u011frenmeye y\u00f6nelik \u00f6nemli bir paradigma de\u011fi\u015fiminin gereklili\u011fini alg\u0131lam\u0131\u015ft\u0131r. Fende disiplinleraras\u0131 \u00f6\u011frenme, \u00f6\u011frencilerin ilgili ba\u011flant\u0131lar kurmas\u0131n\u0131 ve anlaml\u0131 \u00e7a\u011fr\u0131\u015f\u0131mlar olu\u015fturmas\u0131n\u0131 sa\u011flamak i\u00e7in iki<span class=\"excerpt-hellip\"> [\u2026]<\/span><\/p>\n","protected":false},"featured_media":0,"template":"","meta":{"_monsterinsights_skip_tracking":false,"_monsterinsights_sitenote_active":false,"_monsterinsights_sitenote_note":"","_monsterinsights_sitenote_category":0},"product_brand":[],"product_cat":[12573,12566],"product_tag":[],"class_list":{"0":"post-743829","1":"product","2":"type-product","3":"status-publish","5":"product_cat-akademik-kitaplar","6":"product_cat-egitim","7":"pa_cilt-ciltsiz","8":"pa_tur-kitap","9":"pa_yayinevi-egiten-kitap","10":"pa_yazar-esra-kizilay-mustafa-cevik","12":"first","13":"instock","14":"sale","15":"shipping-taxable","16":"purchasable","17":"product-type-simple"},"_links":{"self":[{"href":"https:\/\/roveyayinevi.com.tr\/index.php\/wp-json\/wp\/v2\/product\/743829","targetHints":{"allow":["GET"]}}],"collection":[{"href":"https:\/\/roveyayinevi.com.tr\/index.php\/wp-json\/wp\/v2\/product"}],"about":[{"href":"https:\/\/roveyayinevi.com.tr\/index.php\/wp-json\/wp\/v2\/types\/product"}],"wp:attachment":[{"href":"https:\/\/roveyayinevi.com.tr\/index.php\/wp-json\/wp\/v2\/media?parent=743829"}],"wp:term":[{"taxonomy":"product_brand","embeddable":true,"href":"https:\/\/roveyayinevi.com.tr\/index.php\/wp-json\/wp\/v2\/product_brand?post=743829"},{"taxonomy":"product_cat","embeddable":true,"href":"https:\/\/roveyayinevi.com.tr\/index.php\/wp-json\/wp\/v2\/product_cat?post=743829"},{"taxonomy":"product_tag","embeddable":true,"href":"https:\/\/roveyayinevi.com.tr\/index.php\/wp-json\/wp\/v2\/product_tag?post=743829"}],"curies":[{"name":"wp","href":"https:\/\/api.w.org\/{rel}","templated":true}]}}