{"id":743827,"date":"2025-08-28T01:43:20","date_gmt":"2025-08-27T22:43:20","guid":{"rendered":"https:\/\/roveyayinevi.com.tr\/index.php\/urun\/cocuklarda-travmaya-farkli-bir-bakis-emdr\/"},"modified":"2026-04-16T02:55:32","modified_gmt":"2026-04-15T23:55:32","slug":"cocuklarda-travmaya-farkli-bir-bakis-emdr","status":"publish","type":"product","link":"https:\/\/roveyayinevi.com.tr\/index.php\/urun\/cocuklarda-travmaya-farkli-bir-bakis-emdr\/","title":{"rendered":"\u00c7ocuklarda Travmaya Farkl\u0131 Bir Bak\u0131\u015f: EMDR"},"content":{"rendered":"<p>\u00c7ocuklarda travma sonras\u0131 stres bozuklu\u011fu \u00e7al\u0131\u015f\u0131l\u0131rken yayg\u0131n olarak kullan\u0131lan y\u00f6ntemlerin bireysel veya grup halinde uygulanan bili\u015fsel davran\u0131\u015f\u00e7\u0131 terapi, oyun terapisi ve EMDR oldu\u011fu bilinmektedir. EMDR\u2019\u0131n bu alanda etkili bir y\u00f6ntem oldu\u011fu bilindi\u011finden bu y\u00f6ntemin \u00e7ocuk ve ergen gruplar\u0131nda uygulanmas\u0131na y\u00f6nelik \u00e7al\u0131\u015fmalar \u00f6nem kazanm\u0131\u015ft\u0131r. Travmatik belle\u011fin yeniden ya\u015fanmas\u0131ndan kaynaklanan g\u00f6r\u00fcnt\u00fc, olumsuz ve olumlu bili\u015fler, duygular ve bunlar\u0131n rahats\u0131zl\u0131k d\u00fczeyleri ve fiziksel duyumlar EMDR\u2019nin temel bile\u015fenleridir.   \u00c7ocuklarla EMDR \u00e7al\u0131\u015f\u0131rken geli\u015fimsel protokol ya\u015f gruplar\u0131na g\u00f6re farkl\u0131l\u0131k g\u00f6stermektedir. Bu kitapta \u00e7ocuk ve ergen ruh sa\u011fl\u0131\u011f\u0131 i\u00e7in \u00e7ocuklar\u0131n geli\u015fimsel \u00f6zelliklerine uygun de\u011ferlendirme ve m\u00fcdahale plan\u0131 yap\u0131lmas\u0131n\u0131, ayn\u0131 zamanda travma kavram\u0131na farkl\u0131 bir g\u00f6zden EMDR ile bak\u0131\u015f sa\u011flanmas\u0131n\u0131 hedeflenmi\u015ftir.<\/p>\n","protected":false},"excerpt":{"rendered":"<p>\u00c7ocuklarda travma sonras\u0131 stres bozuklu\u011fu \u00e7al\u0131\u015f\u0131l\u0131rken yayg\u0131n olarak kullan\u0131lan y\u00f6ntemlerin bireysel veya grup halinde uygulanan bili\u015fsel davran\u0131\u015f\u00e7\u0131 terapi, oyun terapisi ve EMDR oldu\u011fu bilinmektedir. EMDR\u2019\u0131n bu<span class=\"excerpt-hellip\"> [\u2026]<\/span><\/p>\n","protected":false},"featured_media":0,"template":"","meta":{"_monsterinsights_skip_tracking":false,"_monsterinsights_sitenote_active":false,"_monsterinsights_sitenote_note":"","_monsterinsights_sitenote_category":0},"product_brand":[],"product_cat":[12573,12566],"product_tag":[],"class_list":{"0":"post-743827","1":"product","2":"type-product","3":"status-publish","5":"product_cat-akademik-kitaplar","6":"product_cat-egitim","7":"pa_cilt-ciltsiz","8":"pa_tur-kitap","9":"pa_yayinevi-egiten-kitap","10":"pa_yazar-kolektif","12":"first","13":"instock","14":"sale","15":"shipping-taxable","16":"purchasable","17":"product-type-simple"},"_links":{"self":[{"href":"https:\/\/roveyayinevi.com.tr\/index.php\/wp-json\/wp\/v2\/product\/743827","targetHints":{"allow":["GET"]}}],"collection":[{"href":"https:\/\/roveyayinevi.com.tr\/index.php\/wp-json\/wp\/v2\/product"}],"about":[{"href":"https:\/\/roveyayinevi.com.tr\/index.php\/wp-json\/wp\/v2\/types\/product"}],"wp:attachment":[{"href":"https:\/\/roveyayinevi.com.tr\/index.php\/wp-json\/wp\/v2\/media?parent=743827"}],"wp:term":[{"taxonomy":"product_brand","embeddable":true,"href":"https:\/\/roveyayinevi.com.tr\/index.php\/wp-json\/wp\/v2\/product_brand?post=743827"},{"taxonomy":"product_cat","embeddable":true,"href":"https:\/\/roveyayinevi.com.tr\/index.php\/wp-json\/wp\/v2\/product_cat?post=743827"},{"taxonomy":"product_tag","embeddable":true,"href":"https:\/\/roveyayinevi.com.tr\/index.php\/wp-json\/wp\/v2\/product_tag?post=743827"}],"curies":[{"name":"wp","href":"https:\/\/api.w.org\/{rel}","templated":true}]}}