{"id":743806,"date":"2025-08-28T01:42:53","date_gmt":"2025-08-27T22:42:53","guid":{"rendered":"https:\/\/roveyayinevi.com.tr\/index.php\/urun\/tam-da-olmasi-gerektigi-gibi\/"},"modified":"2026-04-16T02:55:31","modified_gmt":"2026-04-15T23:55:31","slug":"tam-da-olmasi-gerektigi-gibi","status":"publish","type":"product","link":"https:\/\/roveyayinevi.com.tr\/index.php\/urun\/tam-da-olmasi-gerektigi-gibi\/","title":{"rendered":"Tam da Olmas\u0131 Gerekti\u011fi Gibi"},"content":{"rendered":"<p>Bu kitap, bir ayd\u0131n ve vizyoner olan Alan Watts\u2019tan, su\u0308rekli geli\u015fen du\u0308nyam\u0131zda keyfi, oyunu ve ba\u011flant\u0131y\u0131 kucaklamam\u0131z i\u00e7in bir davet niteli\u011findedir. Alan Watts bir keresinde \u015f\u00f6yle sormu\u015ftur: \u201cE\u011fer Tanr\u0131 siz olsayd\u0131n\u0131z nas\u0131l bir evren yarat\u0131rd\u0131n\u0131z? Ac\u0131 ve dram\u0131n olmad\u0131\u011f\u0131 m\u00fckemmel bir d\u00fcnya m\u0131 olurdu? Yoksa s\u00fcrpriz ve keyiflerle dolu bir d\u00fcnya m\u0131?\u201d 1950\u2019lerden 1970\u2019lere kadar Do\u011fu\u2019nun spirit\u00fcel felsefeleri, biz Bat\u0131l\u0131lara kendimizi nas\u0131l alg\u0131layaca\u011f\u0131m\u0131z konusunda yeni ve derin yollar sunup ger\u00e7ekli\u011fin gizemlerini ve insanl\u0131\u011f\u0131n geli\u015fen kaderini \u00f6\u011frettiler. Ve Alan Watts, halka a\u00e7\u0131k dersleri ve canl\u0131 radyo\/televizyon konu\u015fmalar\u0131yla \u00f6n planda yer al\u0131yor, kim oldu\u011fumuza ve nereye gitti\u011fimize dair \u015fa\u015f\u0131rt\u0131c\u0131 i\u00e7g\u00f6r\u00fcler sunuyordu. Efsanevi bir dizi seminere dayanan bu kitap, \u00fc\u00e7 b\u00fcy\u00fcleyici alan\u0131 ayd\u0131nlatmaktad\u0131r: paraya kar\u015f\u0131 ger\u00e7ek zenginlik; daha derin bir maddecili\u011fin spirit\u00fcel yan\u0131; ve teknoloji ve spirit\u00fcalizmin bizi evrende daha b\u00fcy\u00fck bir kar\u015f\u0131l\u0131kl\u0131 ba\u011flant\u0131ya do\u011fru nas\u0131l y\u00f6nlendirdi\u011fi. Kitap boyunca okuyucular, mizahi, ileri g\u00f6r\u00fc\u015fl\u00fc ve g\u00fcn\u00fcm\u00fczde her zamankinden daha g\u00fcncel olan bir\u00e7ok ba\u015fka temay\u0131 ke\u015ffedecekler. Olas\u0131l\u0131k ve \u00f6ng\u00f6r\u00fclemezlikten do\u011fmu\u015f olan bu \u00e7al\u0131\u015fma, insanl\u0131\u011fa \u00f6zg\u00fcrle\u015ftirici bir bak\u0131\u015f a\u00e7\u0131s\u0131 sunuyor. M\u00fckemmel ve \u201ctam da olmas\u0131 gerekti\u011fi gibi\u201d; da\u011f\u0131n\u0131k kusurlar\u0131na ra\u011fmen de\u011fil, onlardan dolay\u0131. <\/p>\n","protected":false},"excerpt":{"rendered":"<p>Bu kitap, bir ayd\u0131n ve vizyoner olan Alan Watts\u2019tan, su\u0308rekli geli\u015fen du\u0308nyam\u0131zda keyfi, oyunu ve ba\u011flant\u0131y\u0131 kucaklamam\u0131z i\u00e7in bir davet niteli\u011findedir. Alan Watts bir keresinde \u015f\u00f6yle<span class=\"excerpt-hellip\"> [\u2026]<\/span><\/p>\n","protected":false},"featured_media":0,"template":"","meta":{"_monsterinsights_skip_tracking":false,"_monsterinsights_sitenote_active":false,"_monsterinsights_sitenote_note":"","_monsterinsights_sitenote_category":0},"product_brand":[],"product_cat":[12291,13706],"product_tag":[],"class_list":{"0":"post-743806","1":"product","2":"type-product","3":"status-publish","5":"product_cat-edebiyat","6":"product_cat-efsane-destan-masal","7":"pa_cilt-ciltsiz","8":"pa_tur-kitap","9":"pa_yayinevi-butik-yayinlari","10":"pa_yazar-alan-watts","12":"first","13":"instock","14":"sale","15":"shipping-taxable","16":"purchasable","17":"product-type-simple"},"_links":{"self":[{"href":"https:\/\/roveyayinevi.com.tr\/index.php\/wp-json\/wp\/v2\/product\/743806","targetHints":{"allow":["GET"]}}],"collection":[{"href":"https:\/\/roveyayinevi.com.tr\/index.php\/wp-json\/wp\/v2\/product"}],"about":[{"href":"https:\/\/roveyayinevi.com.tr\/index.php\/wp-json\/wp\/v2\/types\/product"}],"wp:attachment":[{"href":"https:\/\/roveyayinevi.com.tr\/index.php\/wp-json\/wp\/v2\/media?parent=743806"}],"wp:term":[{"taxonomy":"product_brand","embeddable":true,"href":"https:\/\/roveyayinevi.com.tr\/index.php\/wp-json\/wp\/v2\/product_brand?post=743806"},{"taxonomy":"product_cat","embeddable":true,"href":"https:\/\/roveyayinevi.com.tr\/index.php\/wp-json\/wp\/v2\/product_cat?post=743806"},{"taxonomy":"product_tag","embeddable":true,"href":"https:\/\/roveyayinevi.com.tr\/index.php\/wp-json\/wp\/v2\/product_tag?post=743806"}],"curies":[{"name":"wp","href":"https:\/\/api.w.org\/{rel}","templated":true}]}}