{"id":743800,"date":"2025-08-28T01:42:47","date_gmt":"2025-08-27T22:42:47","guid":{"rendered":"https:\/\/roveyayinevi.com.tr\/index.php\/urun\/sevgi-kavrami\/"},"modified":"2026-04-16T02:55:31","modified_gmt":"2026-04-15T23:55:31","slug":"sevgi-kavrami","status":"publish","type":"product","link":"https:\/\/roveyayinevi.com.tr\/index.php\/urun\/sevgi-kavrami\/","title":{"rendered":"Sevgi Kavram\u0131"},"content":{"rendered":"<p>Say\u0131n Okur, \u2018Sevgi Kavram\u0131\u2019n\u0131n\u2019 a\u015f\u0131nd\u0131r\u0131ld\u0131\u011f\u0131, hatta \u2018travma\u2019 ya\u015fat\u0131ld\u0131\u011f\u0131 ve okurun azald\u0131\u011f\u0131 varsay\u0131ld\u0131\u011f\u0131 bir d\u00f6nemde, \u201cSEVG\u0130 KAVRAMI\u201d adl\u0131 eserimi sizlerle bulu\u015fturabilme bahtiyarl\u0131\u011f\u0131n\u0131 ya\u015f\u0131yorum. T\u00fcm olumsuzluklara ra\u011fmen kalplerin hala sevgi pompalad\u0131\u011f\u0131na ve okurlar\u0131n, yazara sahip \u00e7\u0131kt\u0131\u011f\u0131na\/ \u00e7\u0131kaca\u011f\u0131na inan\u0131yorum. \u201cSEVG\u0130 KAVRAMI\u2019NIN\u201d evrensel karakterinden yola \u00e7\u0131k\u0131l\u0131p de\u011ferlendirildi\u011finde, bu kavram\u0131n z\u0131dd\u0131 da veya tam kar\u015f\u0131tl\u0131\u011f\u0131 da \u201cSEVG\u0130S\u0130ZL\u0130K KAVRAMI\u201d olarak ortaya \u00e7\u0131kar. Bu iki kavram aras\u0131ndaki insan ya\u015fant\u0131s\u0131n\u0131n ola\u011fan ak\u0131\u015f\u0131n\u0131, daha a\u00e7\u0131k bir ifadeyle her insan\u0131n ya\u015fayabilece\u011fi olaylar\u0131 hik\u00e2yele\u015ftirdim. Deneme, hik\u00e2ye, an\u0131 ve tarihi olaylarla ilgili farkl\u0131 zamanlarda yaz\u0131lm\u0131\u015f ve bir\u00e7o\u011fu da yay\u0131mlanm\u0131\u015f yaz\u0131lar\u0131, sizin i\u00e7in bir araya getirdim ve bu eser ortaya \u00e7\u0131kt\u0131. Sevgi Kavram\u0131 (Deneme) olarak, siz okura sunulan, bu kitaptaki yaz\u0131lanlar, birey ve toplum olarak hepimizin ya\u015fad\u0131klar\u0131ndan veya \u00e7evremizde ya\u015fananlardan ba\u015fka bir \u015fey de de\u011fildir. Bu kitab\u0131 okurken, kendinize ait olanlar\u0131 ve \u00e7evrenizde ya\u015fan\u0131lanlar\u0131 g\u00f6recek ve benim hik\u00e2yem diyebilece\u011finiz, b\u00f6l\u00fcmler bulacaks\u0131n\u0131z. En b\u00fcy\u00fck deste\u011fim ve dayana\u011f\u0131m olan okura te\u015fekk\u00fcr ediyorum. Sevgiyle kal\u0131n.   Nezih Y\u0131ld\u0131r\u0131m <\/p>\n","protected":false},"excerpt":{"rendered":"<p>Say\u0131n Okur, \u2018Sevgi Kavram\u0131\u2019n\u0131n\u2019 a\u015f\u0131nd\u0131r\u0131ld\u0131\u011f\u0131, hatta \u2018travma\u2019 ya\u015fat\u0131ld\u0131\u011f\u0131 ve okurun azald\u0131\u011f\u0131 varsay\u0131ld\u0131\u011f\u0131 bir d\u00f6nemde, \u201cSEVG\u0130 KAVRAMI\u201d adl\u0131 eserimi sizlerle bulu\u015fturabilme bahtiyarl\u0131\u011f\u0131n\u0131 ya\u015f\u0131yorum. T\u00fcm olumsuzluklara ra\u011fmen kalplerin<span class=\"excerpt-hellip\"> [\u2026]<\/span><\/p>\n","protected":false},"featured_media":0,"template":"","meta":{"_monsterinsights_skip_tracking":false,"_monsterinsights_sitenote_active":false,"_monsterinsights_sitenote_note":"","_monsterinsights_sitenote_category":0},"product_brand":[],"product_cat":[12777,12291],"product_tag":[],"class_list":{"0":"post-743800","1":"product","2":"type-product","3":"status-publish","5":"product_cat-deneme","6":"product_cat-edebiyat","7":"pa_cilt-ciltsiz","8":"pa_tur-kitap","9":"pa_yayinevi-gulnar-yayinlari","10":"pa_yazar-nezih-yildirim","12":"first","13":"instock","14":"sale","15":"shipping-taxable","16":"purchasable","17":"product-type-simple"},"_links":{"self":[{"href":"https:\/\/roveyayinevi.com.tr\/index.php\/wp-json\/wp\/v2\/product\/743800","targetHints":{"allow":["GET"]}}],"collection":[{"href":"https:\/\/roveyayinevi.com.tr\/index.php\/wp-json\/wp\/v2\/product"}],"about":[{"href":"https:\/\/roveyayinevi.com.tr\/index.php\/wp-json\/wp\/v2\/types\/product"}],"wp:attachment":[{"href":"https:\/\/roveyayinevi.com.tr\/index.php\/wp-json\/wp\/v2\/media?parent=743800"}],"wp:term":[{"taxonomy":"product_brand","embeddable":true,"href":"https:\/\/roveyayinevi.com.tr\/index.php\/wp-json\/wp\/v2\/product_brand?post=743800"},{"taxonomy":"product_cat","embeddable":true,"href":"https:\/\/roveyayinevi.com.tr\/index.php\/wp-json\/wp\/v2\/product_cat?post=743800"},{"taxonomy":"product_tag","embeddable":true,"href":"https:\/\/roveyayinevi.com.tr\/index.php\/wp-json\/wp\/v2\/product_tag?post=743800"}],"curies":[{"name":"wp","href":"https:\/\/api.w.org\/{rel}","templated":true}]}}