{"id":743771,"date":"2025-08-28T01:42:12","date_gmt":"2025-08-27T22:42:12","guid":{"rendered":"https:\/\/roveyayinevi.com.tr\/index.php\/urun\/ela-yukari-daha-yukari\/"},"modified":"2026-04-16T02:55:30","modified_gmt":"2026-04-15T23:55:30","slug":"ela-yukari-daha-yukari","status":"publish","type":"product","link":"https:\/\/roveyayinevi.com.tr\/index.php\/urun\/ela-yukari-daha-yukari\/","title":{"rendered":"Ela &#8211; Yukar\u0131 Daha Yukar\u0131 !"},"content":{"rendered":"<p>Ela\u2019n\u0131n oyuncak ay\u0131s\u0131 Pofuduk\u2019un birazc\u0131k can\u0131 s\u0131k\u0131l\u0131yor. Ela birka\u00e7 bonbonun Pofuduk\u2019un keyfini yerine getirece\u011fini biliyor! Ama bonbon k\u00e2sesi \u00e7ok y\u00fcksekte, ta kitapl\u0131\u011f\u0131n \u00fczerinde. Ela hemen raflara t\u0131rmanmaya ba\u015fl\u0131yor. Tepeye vard\u0131\u011f\u0131nda ise midesi bir garip oluyor ve her \u015fey d\u00f6nmeye ba\u015fl\u0131yor. O zaman Ela bunun ne tehlikeli bir i\u015f oldu\u011funu anl\u0131yor. Karar vermeden \u00f6nce d\u00fc\u015f\u00fcnmek gerekti\u011fini \u00f6\u011f\u00fctleyen tatl\u0131 sonlu bir \u00f6yk\u00fc. <\/p>\n","protected":false},"excerpt":{"rendered":"<p>Ela\u2019n\u0131n oyuncak ay\u0131s\u0131 Pofuduk\u2019un birazc\u0131k can\u0131 s\u0131k\u0131l\u0131yor. Ela birka\u00e7 bonbonun Pofuduk\u2019un keyfini yerine getirece\u011fini biliyor! Ama bonbon k\u00e2sesi \u00e7ok y\u00fcksekte, ta kitapl\u0131\u011f\u0131n \u00fczerinde. Ela hemen raflara<span class=\"excerpt-hellip\"> [\u2026]<\/span><\/p>\n","protected":false},"featured_media":0,"template":"","meta":{"_monsterinsights_skip_tracking":false,"_monsterinsights_sitenote_active":false,"_monsterinsights_sitenote_note":"","_monsterinsights_sitenote_category":0},"product_brand":[],"product_cat":[12274,12284],"product_tag":[],"class_list":{"0":"post-743771","1":"product","2":"type-product","3":"status-publish","5":"product_cat-cocuk-ve-genclik-kitaplari","6":"product_cat-hikayeler","7":"pa_cilt-ciltsiz","8":"pa_tur-kitap","9":"pa_yayinevi-is-bankasi-kultur-yayinlari","10":"pa_yazar-ann-forslind","12":"first","13":"instock","14":"sale","15":"shipping-taxable","16":"purchasable","17":"product-type-simple"},"_links":{"self":[{"href":"https:\/\/roveyayinevi.com.tr\/index.php\/wp-json\/wp\/v2\/product\/743771","targetHints":{"allow":["GET"]}}],"collection":[{"href":"https:\/\/roveyayinevi.com.tr\/index.php\/wp-json\/wp\/v2\/product"}],"about":[{"href":"https:\/\/roveyayinevi.com.tr\/index.php\/wp-json\/wp\/v2\/types\/product"}],"wp:attachment":[{"href":"https:\/\/roveyayinevi.com.tr\/index.php\/wp-json\/wp\/v2\/media?parent=743771"}],"wp:term":[{"taxonomy":"product_brand","embeddable":true,"href":"https:\/\/roveyayinevi.com.tr\/index.php\/wp-json\/wp\/v2\/product_brand?post=743771"},{"taxonomy":"product_cat","embeddable":true,"href":"https:\/\/roveyayinevi.com.tr\/index.php\/wp-json\/wp\/v2\/product_cat?post=743771"},{"taxonomy":"product_tag","embeddable":true,"href":"https:\/\/roveyayinevi.com.tr\/index.php\/wp-json\/wp\/v2\/product_tag?post=743771"}],"curies":[{"name":"wp","href":"https:\/\/api.w.org\/{rel}","templated":true}]}}