{"id":743769,"date":"2025-08-28T01:42:10","date_gmt":"2025-08-27T22:42:10","guid":{"rendered":"https:\/\/roveyayinevi.com.tr\/index.php\/urun\/ugur-boceginden-zurafaya-rengarenk-hayvan-kitabim\/"},"modified":"2026-04-16T02:55:30","modified_gmt":"2026-04-15T23:55:30","slug":"ugur-boceginden-zurafaya-rengarenk-hayvan-kitabim","status":"publish","type":"product","link":"https:\/\/roveyayinevi.com.tr\/index.php\/urun\/ugur-boceginden-zurafaya-rengarenk-hayvan-kitabim\/","title":{"rendered":"U\u011fur B\u00f6ce\u011finden Z\u00fcrafaya Rengarenk Hayvan Kitab\u0131m"},"content":{"rendered":"<p>Minik u\u011fur b\u00f6ce\u011finden upuzun z\u00fcrafaya, reng\u00e2renk bukalemundan pembe flamingoya hayvanlar\u0131n d\u00fcnyas\u0131n\u0131 ke\u015ffetmeye haz\u0131r m\u0131s\u0131n? Yukar\u0131da ne u\u00e7uyor? A\u015fa\u011f\u0131da ne y\u00fcz\u00fcyor? Hangisi siyah? Hangisi beyaz? Hangisi so\u011fuk yerde ya\u015f\u0131yor? Hangisi s\u0131cak yerde? Hangisi b\u00fcy\u00fck? Hangisi k\u00fc\u00e7\u00fck? <\/p>\n","protected":false},"excerpt":{"rendered":"<p>Minik u\u011fur b\u00f6ce\u011finden upuzun z\u00fcrafaya, reng\u00e2renk bukalemundan pembe flamingoya hayvanlar\u0131n d\u00fcnyas\u0131n\u0131 ke\u015ffetmeye haz\u0131r m\u0131s\u0131n? Yukar\u0131da ne u\u00e7uyor? A\u015fa\u011f\u0131da ne y\u00fcz\u00fcyor? Hangisi siyah? Hangisi beyaz? Hangisi so\u011fuk<span class=\"excerpt-hellip\"> [\u2026]<\/span><\/p>\n","protected":false},"featured_media":0,"template":"","meta":{"_monsterinsights_skip_tracking":false,"_monsterinsights_sitenote_active":false,"_monsterinsights_sitenote_note":"","_monsterinsights_sitenote_category":0},"product_brand":[],"product_cat":[12274,12518],"product_tag":[],"class_list":{"0":"post-743769","1":"product","2":"type-product","3":"status-publish","5":"product_cat-cocuk-ve-genclik-kitaplari","6":"product_cat-okul-oncesi-kitaplar","7":"pa_cilt-ciltsiz","8":"pa_tur-kitap","9":"pa_yayinevi-is-bankasi-kultur-yayinlari","10":"pa_yazar-nastja-holtfreter","12":"first","13":"instock","14":"sale","15":"shipping-taxable","16":"purchasable","17":"product-type-simple"},"_links":{"self":[{"href":"https:\/\/roveyayinevi.com.tr\/index.php\/wp-json\/wp\/v2\/product\/743769","targetHints":{"allow":["GET"]}}],"collection":[{"href":"https:\/\/roveyayinevi.com.tr\/index.php\/wp-json\/wp\/v2\/product"}],"about":[{"href":"https:\/\/roveyayinevi.com.tr\/index.php\/wp-json\/wp\/v2\/types\/product"}],"wp:attachment":[{"href":"https:\/\/roveyayinevi.com.tr\/index.php\/wp-json\/wp\/v2\/media?parent=743769"}],"wp:term":[{"taxonomy":"product_brand","embeddable":true,"href":"https:\/\/roveyayinevi.com.tr\/index.php\/wp-json\/wp\/v2\/product_brand?post=743769"},{"taxonomy":"product_cat","embeddable":true,"href":"https:\/\/roveyayinevi.com.tr\/index.php\/wp-json\/wp\/v2\/product_cat?post=743769"},{"taxonomy":"product_tag","embeddable":true,"href":"https:\/\/roveyayinevi.com.tr\/index.php\/wp-json\/wp\/v2\/product_tag?post=743769"}],"curies":[{"name":"wp","href":"https:\/\/api.w.org\/{rel}","templated":true}]}}