{"id":743754,"date":"2025-08-28T01:41:50","date_gmt":"2025-08-27T22:41:50","guid":{"rendered":"https:\/\/roveyayinevi.com.tr\/index.php\/urun\/gel-sevdigim\/"},"modified":"2026-04-16T02:55:29","modified_gmt":"2026-04-15T23:55:29","slug":"gel-sevdigim","status":"publish","type":"product","link":"https:\/\/roveyayinevi.com.tr\/index.php\/urun\/gel-sevdigim\/","title":{"rendered":"Gel Sevdi\u011fim"},"content":{"rendered":"<p>GEL SEVD\u0130\u011e\u0130M   Hasretinle yanar \u00f6z\u00fcm Geceye benzer g\u00fcnd\u00fcz\u00fcm G\u00fclmez oldu sensiz y\u00fcz\u00fcm Merhamet et gel sevdi\u011fim.   Bu ayr\u0131l\u0131k han\u00e7er gibi Yaralad\u0131 y\u00fcre\u011fimi Bir g\u00f6reyim g\u00fcl cem\u00e2li Merhamet et gel sevdi\u011fim.   Bir garibim baht\u0131m kara Y\u00fcre\u011fimde derin yara Belki \u00e7\u0131kmam sonbahara Merhamet et gel sevdi\u011fim.   Sensiz her \u015fey kald\u0131 yar\u0131m Bitmez oldu \u00e2h\u00fczar\u0131m Gelmez sensiz yaz bahar\u0131m Merhamet et gel sevdi\u011fim.   Nerden g\u00f6rd\u00fcm zalim seni \u00c7\u00f6lde Mecnun ettin beni Garip canda yakt\u0131n teni Merhamet et gel sevdi\u011fim   Art\u0131yor eksilmez \u00e2h\u0131m Ar\u015f&#8217;a \u00e7\u0131kt\u0131 bak eyvah\u0131m Beklerim olmaz sabah\u0131m Merhamet et gel sevdi\u011fim.   Garip g\u00f6nl\u00fcm seni arar Sensiz her g\u00fcn \u00f6mre zarar Hangi tabip yaram sarar Merhamet et gel sevdi\u011fim.   Hasretinle ba\u011fr\u0131m yanar Dilim her g\u00fcn seni anar Sensiz yaram durmaz kanar Merhamet et gel sevdi\u011fim.   ZA&#8217;\u00ceF\u00ce&#8217;yem bak bi\u00e7are Art\u0131yor g\u00f6nl\u00fcmde y\u00e2re Ci\u011fer b\u00f6l\u00fck p\u00e2re p\u00e2re Merhamet et gel sevdi\u011fim.   <\/p>\n","protected":false},"excerpt":{"rendered":"<p>GEL SEVD\u0130\u011e\u0130M Hasretinle yanar \u00f6z\u00fcm Geceye benzer g\u00fcnd\u00fcz\u00fcm G\u00fclmez oldu sensiz y\u00fcz\u00fcm Merhamet et gel sevdi\u011fim. Bu ayr\u0131l\u0131k han\u00e7er gibi Yaralad\u0131 y\u00fcre\u011fimi Bir g\u00f6reyim g\u00fcl cem\u00e2li<span class=\"excerpt-hellip\"> [\u2026]<\/span><\/p>\n","protected":false},"featured_media":0,"template":"","meta":{"_monsterinsights_skip_tracking":false,"_monsterinsights_sitenote_active":false,"_monsterinsights_sitenote_note":"","_monsterinsights_sitenote_category":0},"product_brand":[],"product_cat":[12291,12509],"product_tag":[],"class_list":{"0":"post-743754","1":"product","2":"type-product","3":"status-publish","5":"product_cat-edebiyat","6":"product_cat-siir","7":"pa_cilt-ciltsiz","8":"pa_tur-kitap","9":"pa_yayinevi-gulnar-yayinlari","10":"pa_yazar-rustem-sahin","12":"first","13":"instock","14":"sale","15":"shipping-taxable","16":"purchasable","17":"product-type-simple"},"_links":{"self":[{"href":"https:\/\/roveyayinevi.com.tr\/index.php\/wp-json\/wp\/v2\/product\/743754","targetHints":{"allow":["GET"]}}],"collection":[{"href":"https:\/\/roveyayinevi.com.tr\/index.php\/wp-json\/wp\/v2\/product"}],"about":[{"href":"https:\/\/roveyayinevi.com.tr\/index.php\/wp-json\/wp\/v2\/types\/product"}],"wp:attachment":[{"href":"https:\/\/roveyayinevi.com.tr\/index.php\/wp-json\/wp\/v2\/media?parent=743754"}],"wp:term":[{"taxonomy":"product_brand","embeddable":true,"href":"https:\/\/roveyayinevi.com.tr\/index.php\/wp-json\/wp\/v2\/product_brand?post=743754"},{"taxonomy":"product_cat","embeddable":true,"href":"https:\/\/roveyayinevi.com.tr\/index.php\/wp-json\/wp\/v2\/product_cat?post=743754"},{"taxonomy":"product_tag","embeddable":true,"href":"https:\/\/roveyayinevi.com.tr\/index.php\/wp-json\/wp\/v2\/product_tag?post=743754"}],"curies":[{"name":"wp","href":"https:\/\/api.w.org\/{rel}","templated":true}]}}