{"id":743740,"date":"2025-08-28T01:41:29","date_gmt":"2025-08-27T22:41:29","guid":{"rendered":"https:\/\/roveyayinevi.com.tr\/index.php\/urun\/oyun-terapisi-teknikleri\/"},"modified":"2026-04-16T02:54:56","modified_gmt":"2026-04-15T23:54:56","slug":"oyun-terapisi-teknikleri","status":"publish","type":"product","link":"https:\/\/roveyayinevi.com.tr\/index.php\/urun\/oyun-terapisi-teknikleri\/","title":{"rendered":"Oyun Terapisi Teknikleri"},"content":{"rendered":"<p>Oyun terapisi, \u00e7ocuklar\u0131n geli\u015fimsel ve ruhsal ihtiya\u00e7lar\u0131n\u0131 kar\u015f\u0131lamak ve sorunlar\u0131na \u00e7\u00f6z\u00fcm\u00fcretmek i\u00e7in \u00e7ocu\u011fun \u00f6zelliklerine ve durumuna uygun oyun terapisi teknikleri vem\u00fcdahaleleri uygulanarak oyunun terap\u00f6tik etkisinden yararlan\u0131lan bir psikoterapi t\u00fcr\u00fcd\u00fcr.Yayg\u0131n olarak kullan\u0131lan oyun terapisi kuramlar\u0131n\u0131n teorik \u00e7er\u00e7eveleri, her birine \u00f6zg\u00fc ilkeler,teknikler ve oyun terapisi i\u00e7in gereken temel becerilerin anlat\u0131ld\u0131\u011f\u0131, ger\u00e7ek ya\u015famdan vaka\u00f6rnekleriyle oyun terapisi s\u00fcrecinin her a\u015famas\u0131n\u0131n ayr\u0131nt\u0131lar\u0131yla analiz edildi\u011fi bu kitap,oyunun iyile\u015ftirici etkisini derinlemesine anlatan kapsaml\u0131 bir uygulama k\u0131lavuzudur.Dr. Obeng\u00fcl Ejder\u2019in uzun y\u0131llara dayal\u0131 bilgi birikimi ve klinik deneyimlerinin s\u00fczgecindenge\u00e7irerek kaleme ald\u0131\u011f\u0131 bu kitab\u0131, \u00e7ocuklar ve ergenlerle \u00e7al\u0131\u015fan ruh sa\u011fl\u0131\u011f\u0131 profesyonellerininoyun terapisinin mucizevi g\u00fcc\u00fcn\u00fc etkili bir \u015fekilde kullanmalar\u0131na yard\u0131mc\u0131 olacak e\u015fsiz birkaynakt\u0131r.<\/p>\n","protected":false},"excerpt":{"rendered":"<p>Oyun terapisi, \u00e7ocuklar\u0131n geli\u015fimsel ve ruhsal ihtiya\u00e7lar\u0131n\u0131 kar\u015f\u0131lamak ve sorunlar\u0131na \u00e7\u00f6z\u00fcm\u00fcretmek i\u00e7in \u00e7ocu\u011fun \u00f6zelliklerine ve durumuna uygun oyun terapisi teknikleri vem\u00fcdahaleleri uygulanarak oyunun terap\u00f6tik etkisinden yararlan\u0131lan<span class=\"excerpt-hellip\"> [\u2026]<\/span><\/p>\n","protected":false},"featured_media":0,"template":"","meta":{"_monsterinsights_skip_tracking":false,"_monsterinsights_sitenote_active":false,"_monsterinsights_sitenote_note":"","_monsterinsights_sitenote_category":0},"product_brand":[],"product_cat":[12679,12357],"product_tag":[],"class_list":{"0":"post-743740","1":"product","2":"type-product","3":"status-publish","5":"product_cat-cocuk-psikolojisi","6":"product_cat-psikoloji","7":"pa_cilt-ciltsiz","8":"pa_tur-kitap","9":"pa_yayinevi-bambuk-yayinevi","10":"pa_yazar-obengul-ejder","12":"first","13":"instock","14":"sale","15":"shipping-taxable","16":"purchasable","17":"product-type-simple"},"_links":{"self":[{"href":"https:\/\/roveyayinevi.com.tr\/index.php\/wp-json\/wp\/v2\/product\/743740","targetHints":{"allow":["GET"]}}],"collection":[{"href":"https:\/\/roveyayinevi.com.tr\/index.php\/wp-json\/wp\/v2\/product"}],"about":[{"href":"https:\/\/roveyayinevi.com.tr\/index.php\/wp-json\/wp\/v2\/types\/product"}],"wp:attachment":[{"href":"https:\/\/roveyayinevi.com.tr\/index.php\/wp-json\/wp\/v2\/media?parent=743740"}],"wp:term":[{"taxonomy":"product_brand","embeddable":true,"href":"https:\/\/roveyayinevi.com.tr\/index.php\/wp-json\/wp\/v2\/product_brand?post=743740"},{"taxonomy":"product_cat","embeddable":true,"href":"https:\/\/roveyayinevi.com.tr\/index.php\/wp-json\/wp\/v2\/product_cat?post=743740"},{"taxonomy":"product_tag","embeddable":true,"href":"https:\/\/roveyayinevi.com.tr\/index.php\/wp-json\/wp\/v2\/product_tag?post=743740"}],"curies":[{"name":"wp","href":"https:\/\/api.w.org\/{rel}","templated":true}]}}