{"id":743697,"date":"2025-08-28T01:40:34","date_gmt":"2025-08-27T22:40:34","guid":{"rendered":"https:\/\/roveyayinevi.com.tr\/index.php\/urun\/canavar-ve-bethany-1\/"},"modified":"2026-04-16T02:54:54","modified_gmt":"2026-04-15T23:54:54","slug":"canavar-ve-bethany-1","status":"publish","type":"product","link":"https:\/\/roveyayinevi.com.tr\/index.php\/urun\/canavar-ve-bethany-1\/","title":{"rendered":"Canavar ve Bethany 1"},"content":{"rendered":"<p>Sayfalar\u0131 \u00e7evirirken dikkatli olun. BU K\u0130TAP S\u0130Z\u0130 ISIRAB\u0130L\u0130R. Bana hemen yiyecek bir \u015fey getir! \u015e\u00f6yle tek lokmada yalay\u0131p yutaca\u011f\u0131m, a\u011f\u0131z suland\u0131ran, k\u00fc\u00e7\u00fck, tombul bir \u015fey\u2026 511 ya\u015f\u0131ndaki Ebenezer Tweezer hayat\u0131ndan \u00e7ok memnundu. Tavan aras\u0131nda besleyip b\u00fcy\u00fctt\u00fc\u011f\u00fc canavar, ona istedi\u011fi her \u015feyi kusuyordu. Fakat canavar gittik\u00e7e daha a\u00e7 g\u00f6zl\u00fc olmaya ba\u015flam\u0131\u015ft\u0131. Art\u0131k antika heykeller ve sirk maymunlar\u0131 yemek onu memnun etmiyordu. Yeni tatlar denemenin zaman\u0131 gelmi\u015fti. Mesela bir \u00e7ocuk\u2026 <\/p>\n","protected":false},"excerpt":{"rendered":"<p>Sayfalar\u0131 \u00e7evirirken dikkatli olun. BU K\u0130TAP S\u0130Z\u0130 ISIRAB\u0130L\u0130R. Bana hemen yiyecek bir \u015fey getir! \u015e\u00f6yle tek lokmada yalay\u0131p yutaca\u011f\u0131m, a\u011f\u0131z suland\u0131ran, k\u00fc\u00e7\u00fck, tombul bir \u015fey\u2026 511<span class=\"excerpt-hellip\"> [\u2026]<\/span><\/p>\n","protected":false},"featured_media":0,"template":"","meta":{"_monsterinsights_skip_tracking":false,"_monsterinsights_sitenote_active":false,"_monsterinsights_sitenote_note":"","_monsterinsights_sitenote_category":0},"product_brand":[],"product_cat":[12689,12274],"product_tag":[],"class_list":{"0":"post-743697","1":"product","2":"type-product","3":"status-publish","5":"product_cat-cizgi-roman-cocuk-ve-genclik-kitaplari","6":"product_cat-cocuk-ve-genclik-kitaplari","7":"pa_cilt-ciltsiz","8":"pa_tur-kitap","9":"pa_yayinevi-dogan-cocuk","10":"pa_yazar-jack-meggitt-phillips","12":"first","13":"instock","14":"sale","15":"shipping-taxable","16":"purchasable","17":"product-type-simple"},"_links":{"self":[{"href":"https:\/\/roveyayinevi.com.tr\/index.php\/wp-json\/wp\/v2\/product\/743697","targetHints":{"allow":["GET"]}}],"collection":[{"href":"https:\/\/roveyayinevi.com.tr\/index.php\/wp-json\/wp\/v2\/product"}],"about":[{"href":"https:\/\/roveyayinevi.com.tr\/index.php\/wp-json\/wp\/v2\/types\/product"}],"wp:attachment":[{"href":"https:\/\/roveyayinevi.com.tr\/index.php\/wp-json\/wp\/v2\/media?parent=743697"}],"wp:term":[{"taxonomy":"product_brand","embeddable":true,"href":"https:\/\/roveyayinevi.com.tr\/index.php\/wp-json\/wp\/v2\/product_brand?post=743697"},{"taxonomy":"product_cat","embeddable":true,"href":"https:\/\/roveyayinevi.com.tr\/index.php\/wp-json\/wp\/v2\/product_cat?post=743697"},{"taxonomy":"product_tag","embeddable":true,"href":"https:\/\/roveyayinevi.com.tr\/index.php\/wp-json\/wp\/v2\/product_tag?post=743697"}],"curies":[{"name":"wp","href":"https:\/\/api.w.org\/{rel}","templated":true}]}}