{"id":743681,"date":"2025-08-28T01:40:15","date_gmt":"2025-08-27T22:40:15","guid":{"rendered":"https:\/\/roveyayinevi.com.tr\/index.php\/urun\/buz-cocuk-ka-ya-avci-oluyor-1\/"},"modified":"2026-04-12T02:59:25","modified_gmt":"2026-04-11T23:59:25","slug":"buz-cocuk-ka-ya-avci-oluyor-1","status":"publish","type":"product","link":"https:\/\/roveyayinevi.com.tr\/index.php\/urun\/buz-cocuk-ka-ya-avci-oluyor-1\/","title":{"rendered":"Buz \u00c7ocuk Ka-Ya Avc\u0131 Oluyor 1"},"content":{"rendered":"<p>Binlerce y\u0131l s\u00fcren Buzul \u00c7a\u011f\u2019\u0131, insanl\u0131k tarihinde Yontma Ta\u015f Devri olarak adland\u0131r\u0131l\u0131r. Buz \u00c7ocuk Ka-Ya Avc\u0131 Oluyor kitab\u0131nda, kahraman\u0131m\u0131z Ka-Ya\u2019n\u0131n g\u00f6z\u00fcnden Buzul \u00c7a\u011f\u2019\u0131n\u0131n ya\u015fam ko\u015fullar\u0131 anlat\u0131l\u0131yor. Nerede ya\u015farlar? Nas\u0131l avlan\u0131rlar? Dondurucu so\u011fukla nas\u0131l ba\u015fa \u00e7\u0131karlar? sorular\u0131n\u0131n yan\u0131tlar\u0131n\u0131 Ka-Ya, g\u00fcn\u00fcm\u00fcz akranlar\u0131na anlat\u0131yor.    Ka-Ya\u2019n\u0131n avc\u0131 olma ser\u00fcveni, 7-9 ya\u015f aras\u0131 \u00e7ocuklar\u0131m\u0131z i\u00e7in hem merak uyand\u0131r\u0131c\u0131 hem de insanl\u0131k tarihi hakk\u0131nda \u00f6\u011fretici bir \u00f6yk\u00fcd\u00fcr.     <\/p>\n","protected":false},"excerpt":{"rendered":"<p>Binlerce y\u0131l s\u00fcren Buzul \u00c7a\u011f\u2019\u0131, insanl\u0131k tarihinde Yontma Ta\u015f Devri olarak adland\u0131r\u0131l\u0131r. Buz \u00c7ocuk Ka-Ya Avc\u0131 Oluyor kitab\u0131nda, kahraman\u0131m\u0131z Ka-Ya\u2019n\u0131n g\u00f6z\u00fcnden Buzul \u00c7a\u011f\u2019\u0131n\u0131n ya\u015fam ko\u015fullar\u0131 anlat\u0131l\u0131yor.<span class=\"excerpt-hellip\"> [\u2026]<\/span><\/p>\n","protected":false},"featured_media":0,"template":"","meta":{"_monsterinsights_skip_tracking":false,"_monsterinsights_sitenote_active":false,"_monsterinsights_sitenote_note":"","_monsterinsights_sitenote_category":0},"product_brand":[],"product_cat":[12274,12284],"product_tag":[],"class_list":{"0":"post-743681","1":"product","2":"type-product","3":"status-publish","5":"product_cat-cocuk-ve-genclik-kitaplari","6":"product_cat-hikayeler","7":"pa_cilt-ciltsiz","8":"pa_tur-kitap","9":"pa_yayinevi-tiyam-yayinevi","10":"pa_yazar-n-serpil-altuntek","12":"first","13":"instock","14":"sale","15":"shipping-taxable","16":"purchasable","17":"product-type-simple"},"_links":{"self":[{"href":"https:\/\/roveyayinevi.com.tr\/index.php\/wp-json\/wp\/v2\/product\/743681","targetHints":{"allow":["GET"]}}],"collection":[{"href":"https:\/\/roveyayinevi.com.tr\/index.php\/wp-json\/wp\/v2\/product"}],"about":[{"href":"https:\/\/roveyayinevi.com.tr\/index.php\/wp-json\/wp\/v2\/types\/product"}],"wp:attachment":[{"href":"https:\/\/roveyayinevi.com.tr\/index.php\/wp-json\/wp\/v2\/media?parent=743681"}],"wp:term":[{"taxonomy":"product_brand","embeddable":true,"href":"https:\/\/roveyayinevi.com.tr\/index.php\/wp-json\/wp\/v2\/product_brand?post=743681"},{"taxonomy":"product_cat","embeddable":true,"href":"https:\/\/roveyayinevi.com.tr\/index.php\/wp-json\/wp\/v2\/product_cat?post=743681"},{"taxonomy":"product_tag","embeddable":true,"href":"https:\/\/roveyayinevi.com.tr\/index.php\/wp-json\/wp\/v2\/product_tag?post=743681"}],"curies":[{"name":"wp","href":"https:\/\/api.w.org\/{rel}","templated":true}]}}