{"id":743676,"date":"2025-08-28T01:40:11","date_gmt":"2025-08-27T22:40:11","guid":{"rendered":"https:\/\/roveyayinevi.com.tr\/index.php\/urun\/baskasi-ve-siddet\/"},"modified":"2026-04-16T02:54:53","modified_gmt":"2026-04-15T23:54:53","slug":"baskasi-ve-siddet","status":"publish","type":"product","link":"https:\/\/roveyayinevi.com.tr\/index.php\/urun\/baskasi-ve-siddet\/","title":{"rendered":"Ba\u015fkas\u0131 ve \u015eiddet"},"content":{"rendered":"<p>Devletin kurulu\u015fu bireyler i\u00e7in d\u00fczen ve g\u00fcvenli\u011fi olanakl\u0131 k\u0131lsa da \u015fiddetin tamam\u0131yla ortadan kalkmas\u0131n\u0131 sa\u011flamam\u0131\u015ft\u0131r. Bug\u00fcn uygar d\u00fcnyay\u0131 tan\u0131mlarken siyasal referans\u0131m\u0131z genelde liberal ve parlamenter demokrasilerdir; siyasal olan\u0131n \u00f6z\u00fcn\u00fc ise \u2018\u00f6zg\u00fcrl\u00fck\u2019 ve \u2018m\u00fczakere\u2019 kavramlar\u0131 belirler. Ancak demokrasiler de d\u00e2hil b\u00fct\u00fcn rejimlerin siyasal alan\u0131n\u0131 olu\u015fturan \u00f6geler i\u00e7erisinde g\u00fc\u00e7 kar\u015f\u0131la\u015fmalar\u0131na ve \u00e7at\u0131\u015fmalara tan\u0131k oluruz. Hannah Arendt, 20. y\u00fczy\u0131l\u0131n sava\u015f ve devrimlerin, dolay\u0131s\u0131yla \u015fiddetin y\u00fczy\u0131l\u0131 oldu\u011funu ifade eder. Felsefesinde \u00f6zellikle \u015fiddetin ve k\u00f6t\u00fcl\u00fc\u011f\u00fcn s\u0131radanla\u015ft\u0131r\u0131lmas\u0131na, g\u00fcnl\u00fck ya\u015fam\u0131n ola\u011fan bir par\u00e7as\u0131 olarak g\u00f6r\u00fclmesine itiraz eder. Schmitt, siyasal olan\u0131n merkezine \u2018g\u00fcc\u00fc\u2019 yerle\u015ftirir. Ona g\u00f6re bir halk kendini d\u00fc\u015fman olarak tan\u0131mlanan \u00fczerinden tan\u0131mlar. Walter Benjamin, hukuk ve adalet aras\u0131nda kurdu\u011fu ili\u015fki ile \u015fiddeti mitik, ilahi ve mesiyanik tav\u0131r \u00fczerinden okur. Nazi kamplar\u0131nda tutsak olmu\u015f bir Yahudi olan Levinas, \u0130kinci D\u00fcnya Sava\u015f\u0131 s\u0131ras\u0131nda yarat\u0131lan \u015fiddet ve ya\u015fat\u0131lan trajedinin temelinin \u2018ak\u0131l\u2019 ve \u2018Ben\u2019 merkezli Bat\u0131 felsefe gelene\u011finde oldu\u011funu \u00f6ne s\u00fcrer. Ricouer\u2019\u00fcn felsefesinde \u015fiddet \u201cAhlaksal sorumlulu\u011fu ta\u015f\u0131yan kimdir?\u201d sorusu \u00fczerinden ele al\u0131n\u0131r. Derrida, yasan\u0131n g\u00fcc\u00fc ile \u015fiddet aras\u0131ndaki ili\u015fkiye odaklan\u0131r. Bu kitap, Schmitt\u2019ten Derrida\u2019ya ba\u015fkas\u0131 ve \u015fiddet kavramlar\u0131n\u0131n felsefi ser\u00fcvenini ele almaktad\u0131r. \u201cFilozoflar\u0131n G\u00f6z\u00fcnden\u201d serisi t\u00fcm okurlar i\u00e7in k\u0131lavuz niteli\u011findedir. <\/p>\n","protected":false},"excerpt":{"rendered":"<p>Devletin kurulu\u015fu bireyler i\u00e7in d\u00fczen ve g\u00fcvenli\u011fi olanakl\u0131 k\u0131lsa da \u015fiddetin tamam\u0131yla ortadan kalkmas\u0131n\u0131 sa\u011flamam\u0131\u015ft\u0131r. Bug\u00fcn uygar d\u00fcnyay\u0131 tan\u0131mlarken siyasal referans\u0131m\u0131z genelde liberal ve parlamenter demokrasilerdir;<span class=\"excerpt-hellip\"> [\u2026]<\/span><\/p>\n","protected":false},"featured_media":0,"template":"","meta":{"_monsterinsights_skip_tracking":false,"_monsterinsights_sitenote_active":false,"_monsterinsights_sitenote_note":"","_monsterinsights_sitenote_category":0},"product_brand":[],"product_cat":[12389,12388],"product_tag":[],"class_list":{"0":"post-743676","1":"product","2":"type-product","3":"status-publish","5":"product_cat-diger-felsefe","6":"product_cat-felsefe","7":"pa_cilt-ciltsiz","8":"pa_tur-kitap","9":"pa_yayinevi-fol-kitap","10":"pa_yazar-kolektif","12":"first","13":"instock","14":"sale","15":"shipping-taxable","16":"purchasable","17":"product-type-simple"},"_links":{"self":[{"href":"https:\/\/roveyayinevi.com.tr\/index.php\/wp-json\/wp\/v2\/product\/743676","targetHints":{"allow":["GET"]}}],"collection":[{"href":"https:\/\/roveyayinevi.com.tr\/index.php\/wp-json\/wp\/v2\/product"}],"about":[{"href":"https:\/\/roveyayinevi.com.tr\/index.php\/wp-json\/wp\/v2\/types\/product"}],"wp:attachment":[{"href":"https:\/\/roveyayinevi.com.tr\/index.php\/wp-json\/wp\/v2\/media?parent=743676"}],"wp:term":[{"taxonomy":"product_brand","embeddable":true,"href":"https:\/\/roveyayinevi.com.tr\/index.php\/wp-json\/wp\/v2\/product_brand?post=743676"},{"taxonomy":"product_cat","embeddable":true,"href":"https:\/\/roveyayinevi.com.tr\/index.php\/wp-json\/wp\/v2\/product_cat?post=743676"},{"taxonomy":"product_tag","embeddable":true,"href":"https:\/\/roveyayinevi.com.tr\/index.php\/wp-json\/wp\/v2\/product_tag?post=743676"}],"curies":[{"name":"wp","href":"https:\/\/api.w.org\/{rel}","templated":true}]}}