{"id":743665,"date":"2025-08-28T01:39:56","date_gmt":"2025-08-27T22:39:56","guid":{"rendered":"https:\/\/roveyayinevi.com.tr\/index.php\/urun\/son-ay-tutulmasi\/"},"modified":"2026-04-16T02:54:53","modified_gmt":"2026-04-15T23:54:53","slug":"son-ay-tutulmasi","status":"publish","type":"product","link":"https:\/\/roveyayinevi.com.tr\/index.php\/urun\/son-ay-tutulmasi\/","title":{"rendered":"Son Ay Tutulmas\u0131"},"content":{"rendered":"<p>Son ay tutulmas\u0131yd\u0131 h\u0131rpalanm\u0131\u015f \u00f6mr\u00fcm\u00fcn Tatl\u0131 bahar tela\u015f\u0131ndan hazana d\u00f6n\u00fc\u015fen Bir boran f\u0131rt\u0131nas\u0131yd\u0131 i\u00e7imde D\u00fc\u015flerimi yaln\u0131zl\u0131\u011f\u0131ma savurup biten   En masum, en yal\u0131n halimle kucaklarken g\u00f6\u011f\u00fc Ay; karanl\u0131k y\u00fcz\u00fcyle bakt\u0131 \u00e7aresiz sevmelerime Dinlemedi, anlamad\u0131 i\u00e7imdeki y\u00fcrek \u00e7a\u011fr\u0131s\u0131n\u0131 Ve umutsuzluk \u00f6rt\u00fcs\u00fcyle \u00f6rtt\u00fc yaln\u0131zl\u0131\u011f\u0131m\u0131   Yalanc\u0131 sevmelerin yorgunuyum \u015fimdi Gece-g\u00fcnd\u00fcz\u00fcn uykusuz n\u00f6bet\u00e7isi Ayr\u0131l\u0131klar\u0131n ustas\u0131y\u0131m Ama uslanmaz g\u00f6nl\u00fcm yine de Delice a\u015fklar\u0131n hastas\u0131y\u0131m&#8230; <\/p>\n","protected":false},"excerpt":{"rendered":"<p>Son ay tutulmas\u0131yd\u0131 h\u0131rpalanm\u0131\u015f \u00f6mr\u00fcm\u00fcn Tatl\u0131 bahar tela\u015f\u0131ndan hazana d\u00f6n\u00fc\u015fen Bir boran f\u0131rt\u0131nas\u0131yd\u0131 i\u00e7imde D\u00fc\u015flerimi yaln\u0131zl\u0131\u011f\u0131ma savurup biten En masum, en yal\u0131n halimle kucaklarken g\u00f6\u011f\u00fc Ay;<span class=\"excerpt-hellip\"> [\u2026]<\/span><\/p>\n","protected":false},"featured_media":0,"template":"","meta":{"_monsterinsights_skip_tracking":false,"_monsterinsights_sitenote_active":false,"_monsterinsights_sitenote_note":"","_monsterinsights_sitenote_category":0},"product_brand":[],"product_cat":[12291,12509],"product_tag":[],"class_list":{"0":"post-743665","1":"product","2":"type-product","3":"status-publish","5":"product_cat-edebiyat","6":"product_cat-siir","7":"pa_cilt-ciltsiz","8":"pa_tur-kitap","9":"pa_yayinevi-sinirsiz-kitap","10":"pa_yazar-muslum-karaaslan","12":"first","13":"instock","14":"sale","15":"shipping-taxable","16":"purchasable","17":"product-type-simple"},"_links":{"self":[{"href":"https:\/\/roveyayinevi.com.tr\/index.php\/wp-json\/wp\/v2\/product\/743665","targetHints":{"allow":["GET"]}}],"collection":[{"href":"https:\/\/roveyayinevi.com.tr\/index.php\/wp-json\/wp\/v2\/product"}],"about":[{"href":"https:\/\/roveyayinevi.com.tr\/index.php\/wp-json\/wp\/v2\/types\/product"}],"wp:attachment":[{"href":"https:\/\/roveyayinevi.com.tr\/index.php\/wp-json\/wp\/v2\/media?parent=743665"}],"wp:term":[{"taxonomy":"product_brand","embeddable":true,"href":"https:\/\/roveyayinevi.com.tr\/index.php\/wp-json\/wp\/v2\/product_brand?post=743665"},{"taxonomy":"product_cat","embeddable":true,"href":"https:\/\/roveyayinevi.com.tr\/index.php\/wp-json\/wp\/v2\/product_cat?post=743665"},{"taxonomy":"product_tag","embeddable":true,"href":"https:\/\/roveyayinevi.com.tr\/index.php\/wp-json\/wp\/v2\/product_tag?post=743665"}],"curies":[{"name":"wp","href":"https:\/\/api.w.org\/{rel}","templated":true}]}}