{"id":743653,"date":"2025-08-28T01:39:41","date_gmt":"2025-08-27T22:39:41","guid":{"rendered":"https:\/\/roveyayinevi.com.tr\/index.php\/urun\/afrodisyas-sebasteion-sevgi-gonul-salonu\/"},"modified":"2026-04-16T02:54:52","modified_gmt":"2026-04-15T23:54:52","slug":"afrodisyas-sebasteion-sevgi-gonul-salonu","status":"publish","type":"product","link":"https:\/\/roveyayinevi.com.tr\/index.php\/urun\/afrodisyas-sebasteion-sevgi-gonul-salonu\/","title":{"rendered":"Afrodisyas Sebasteion Sevgi G\u00f6n\u00fcl Salonu"},"content":{"rendered":"<p>Yunan ve Roma d\u00f6neminden g\u00fcn\u00fcm\u00fcze ula\u015fan en \u00f6nemli antik kentlerden biri olan Afrodisyas, ayn\u0131 zamanda \u00e7a\u011f\u0131n\u0131n en \u00fcnl\u00fc heykelt\u0131ra\u015fl\u0131k merkezlerinden biriydi. Afrodisyas\u2019l\u0131 heykelt\u0131ra\u015flar\u0131n b\u00f6lgeye \u00f6zg\u00fc kolay i\u015flenir mermerlerle yapt\u0131\u011f\u0131 yontular\u0131n \u00fcn\u00fc Afrika\u2019dan Roma\u2019ya b\u00fct\u00fcn d\u00fcnyaya ula\u015fm\u0131\u015ft\u0131.   Geyre Vakf\u0131, kurulu\u015funun 21. y\u0131l\u0131nda, Afrodisyas dostlar\u0131n\u0131n de\u011ferli katk\u0131lar\u0131 sayesinde, bir zamanlar b\u00fcy\u00fck tap\u0131nak kompleksi Sebasteion\u2019u s\u00fcsleyen \u00f6zg\u00fcn kabartmalar\u0131n mitolojik hik\u00e2yeleriyle birlikte sergilenece\u011fi yeni bir m\u00fczeyi kullan\u0131ma a\u00e7arak \u00fclkemizin tarihi miras\u0131na katk\u0131da bulunmay\u0131 ama\u00e7l\u0131yor.   Uzmanlar taraf\u0131ndan onar\u0131lan, Afrodisyas ve \u00e7evresine duyarl\u0131 bir yakla\u015f\u0131mla, Mimar Cengiz Bekta\u015f\u2019\u0131n projesine uygun olarak in\u015fa edilen Sebasteion-Sevgi G\u00f6n\u00fcl Salonu\u2019nda sergilenen \u00f6zg\u00fcn y\u00fcksek kabartmalar, klasik d\u00f6nemin efsanevi g\u00f6rkemini ziyaret\u00e7ilerin be\u011fenisine sunuyor. <\/p>\n","protected":false},"excerpt":{"rendered":"<p>Yunan ve Roma d\u00f6neminden g\u00fcn\u00fcm\u00fcze ula\u015fan en \u00f6nemli antik kentlerden biri olan Afrodisyas, ayn\u0131 zamanda \u00e7a\u011f\u0131n\u0131n en \u00fcnl\u00fc heykelt\u0131ra\u015fl\u0131k merkezlerinden biriydi. Afrodisyas\u2019l\u0131 heykelt\u0131ra\u015flar\u0131n b\u00f6lgeye \u00f6zg\u00fc kolay<span class=\"excerpt-hellip\"> [\u2026]<\/span><\/p>\n","protected":false},"featured_media":0,"template":"","meta":{"_monsterinsights_skip_tracking":false,"_monsterinsights_sitenote_active":false,"_monsterinsights_sitenote_note":"","_monsterinsights_sitenote_category":0},"product_brand":[],"product_cat":[12408,14197],"product_tag":[],"class_list":{"0":"post-743653","1":"product","2":"type-product","3":"status-publish","5":"product_cat-sanat","6":"product_cat-sanat-tarihi","7":"pa_cilt-ciltsiz","8":"pa_tur-kitap","9":"pa_yayinevi-yapi-kredi-yayinlari-sanat","10":"pa_yazar-mesut-ilgim","12":"first","13":"instock","14":"sale","15":"shipping-taxable","16":"purchasable","17":"product-type-simple"},"_links":{"self":[{"href":"https:\/\/roveyayinevi.com.tr\/index.php\/wp-json\/wp\/v2\/product\/743653","targetHints":{"allow":["GET"]}}],"collection":[{"href":"https:\/\/roveyayinevi.com.tr\/index.php\/wp-json\/wp\/v2\/product"}],"about":[{"href":"https:\/\/roveyayinevi.com.tr\/index.php\/wp-json\/wp\/v2\/types\/product"}],"wp:attachment":[{"href":"https:\/\/roveyayinevi.com.tr\/index.php\/wp-json\/wp\/v2\/media?parent=743653"}],"wp:term":[{"taxonomy":"product_brand","embeddable":true,"href":"https:\/\/roveyayinevi.com.tr\/index.php\/wp-json\/wp\/v2\/product_brand?post=743653"},{"taxonomy":"product_cat","embeddable":true,"href":"https:\/\/roveyayinevi.com.tr\/index.php\/wp-json\/wp\/v2\/product_cat?post=743653"},{"taxonomy":"product_tag","embeddable":true,"href":"https:\/\/roveyayinevi.com.tr\/index.php\/wp-json\/wp\/v2\/product_tag?post=743653"}],"curies":[{"name":"wp","href":"https:\/\/api.w.org\/{rel}","templated":true}]}}