{"id":743640,"date":"2025-08-28T01:39:26","date_gmt":"2025-08-27T22:39:26","guid":{"rendered":"https:\/\/roveyayinevi.com.tr\/index.php\/urun\/kusak-ve-yol\/"},"modified":"2026-04-16T02:54:52","modified_gmt":"2026-04-15T23:54:52","slug":"kusak-ve-yol","status":"publish","type":"product","link":"https:\/\/roveyayinevi.com.tr\/index.php\/urun\/kusak-ve-yol\/","title":{"rendered":"Ku\u015fak ve Yol"},"content":{"rendered":"<p>Bu \u00e7al\u0131\u015fman\u0131n temel hedefi, Ku\u015fak ve Yol\u2019un k\u00fcresel problemler kar\u015f\u0131s\u0131nda nas\u0131l \u00e7\u00f6z\u00fcm yolu olabilece\u011finin ara\u015ft\u0131r\u0131lmas\u0131d\u0131r. Kitapta \u00fc\u00e7 temel tez ileri s\u00fcr\u00fcyorum:   1. Tez: Ku\u015fak ve Yol \u0130nisiyatifi, Asya, Avrupa ve Kuzey Afrika aras\u0131nda yeni tip ve geli\u015fmi\u015f t\u00fcrden bir i\u015fbirli\u011fi modeli olu\u015fturarak, B\u00fcy\u00fck Avrasya Ortakl\u0131\u011f\u0131\u2019n\u0131 in\u015fa edecektir. 2. Tez: Ku\u015fak ve Yol \u0130nisiyatifi, en geni\u015f co\u011frafyada en geni\u015f i\u015fbirli\u011fini olu\u015fturarak, ABD sald\u0131rganl\u0131\u011f\u0131 kar\u015f\u0131s\u0131nda en ge\u00e7erli cayd\u0131r\u0131c\u0131l\u0131\u011f\u0131 y\u00fckseltecektir. 3. Tez: Ku\u015fak ve Yol \u0130nisiyatifi, \u201cbirlikte kalk\u0131nma\u201d eksenli olarak rotalar\u0131 \u00fczerindeki sorunlar\u0131 \u00e7\u00f6zecek, kom\u015fuluk ili\u015fkilerini geli\u015ftirecek ve b\u00f6lgesel bar\u0131\u015f projelerini hayata ge\u00e7irecektir. <\/p>\n","protected":false},"excerpt":{"rendered":"<p>Bu \u00e7al\u0131\u015fman\u0131n temel hedefi, Ku\u015fak ve Yol\u2019un k\u00fcresel problemler kar\u015f\u0131s\u0131nda nas\u0131l \u00e7\u00f6z\u00fcm yolu olabilece\u011finin ara\u015ft\u0131r\u0131lmas\u0131d\u0131r. Kitapta \u00fc\u00e7 temel tez ileri s\u00fcr\u00fcyorum: 1. Tez: Ku\u015fak ve Yol<span class=\"excerpt-hellip\"> [\u2026]<\/span><\/p>\n","protected":false},"featured_media":0,"template":"","meta":{"_monsterinsights_skip_tracking":false,"_monsterinsights_sitenote_active":false,"_monsterinsights_sitenote_note":"","_monsterinsights_sitenote_category":0},"product_brand":[],"product_cat":[14787,13488],"product_tag":[],"class_list":{"0":"post-743640","1":"product","2":"type-product","3":"status-publish","5":"product_cat-diger-toplum-ve-insan","6":"product_cat-toplum-ve-insan","7":"pa_cilt-ciltsiz","8":"pa_tur-kitap","9":"pa_yayinevi-kirmizi-kedi-yayinevi","10":"pa_yazar-mehmet-ali-guller","12":"first","13":"instock","14":"sale","15":"shipping-taxable","16":"purchasable","17":"product-type-simple"},"_links":{"self":[{"href":"https:\/\/roveyayinevi.com.tr\/index.php\/wp-json\/wp\/v2\/product\/743640","targetHints":{"allow":["GET"]}}],"collection":[{"href":"https:\/\/roveyayinevi.com.tr\/index.php\/wp-json\/wp\/v2\/product"}],"about":[{"href":"https:\/\/roveyayinevi.com.tr\/index.php\/wp-json\/wp\/v2\/types\/product"}],"wp:attachment":[{"href":"https:\/\/roveyayinevi.com.tr\/index.php\/wp-json\/wp\/v2\/media?parent=743640"}],"wp:term":[{"taxonomy":"product_brand","embeddable":true,"href":"https:\/\/roveyayinevi.com.tr\/index.php\/wp-json\/wp\/v2\/product_brand?post=743640"},{"taxonomy":"product_cat","embeddable":true,"href":"https:\/\/roveyayinevi.com.tr\/index.php\/wp-json\/wp\/v2\/product_cat?post=743640"},{"taxonomy":"product_tag","embeddable":true,"href":"https:\/\/roveyayinevi.com.tr\/index.php\/wp-json\/wp\/v2\/product_tag?post=743640"}],"curies":[{"name":"wp","href":"https:\/\/api.w.org\/{rel}","templated":true}]}}