{"id":743599,"date":"2025-08-28T01:38:18","date_gmt":"2025-08-27T22:38:18","guid":{"rendered":"https:\/\/roveyayinevi.com.tr\/index.php\/urun\/ss-subayinin-koltugu\/"},"modified":"2026-04-16T02:54:50","modified_gmt":"2026-04-15T23:54:50","slug":"ss-subayinin-koltugu","status":"publish","type":"product","link":"https:\/\/roveyayinevi.com.tr\/index.php\/urun\/ss-subayinin-koltugu\/","title":{"rendered":"SS Subay\u0131n\u0131n Koltug\u0306u"},"content":{"rendered":"<p>Bir koltuktan c\u0327\u0131kan belgelerin izini su\u0308ren Daniel Lee, bir Nazinin hika\u0302yesini gu\u0308n yu\u0308zu\u0308ne c\u0327\u0131kar\u0131yor. \u201cS\u0131radan\u201d bir Alman\u2019\u0131n nas\u0131l bir Naziye do\u0308nu\u0308s\u0327ebildig\u0306ini, bu do\u0308nu\u0308s\u0327u\u0308mu\u0308n arka plan\u0131ndaki motivasyonlar\u0131n, ailenin gec\u0327mis\u0327inin ve zihniyetinin yan\u0131 s\u0131ra Birinci Du\u0308nya Savas\u0327\u0131 sonras\u0131 Almanya\u2019n\u0131n ic\u0327inde bulundug\u0306u durumu da ihmal etmeden inceliyor. Robert Griesinger isimli du\u0308s\u0327u\u0308k ru\u0308tbeli bir SS subay\u0131n\u0131n pes\u0327ine du\u0308s\u0327erken, isimleri tarih kitaplar\u0131n\u0131n sayfalar\u0131nda yer almam\u0131s\u0327, unutulmus\u0327 yu\u0308zlerce, binlerce Nazinin, Nazizmi nas\u0131l beslediklerini, yas\u0327at\u0131lan vahs\u0327ette asl\u0131nda ne kadar ciddi bir paylar\u0131 oldug\u0306unu hat\u0131rlat\u0131yor. SS Subay\u0131n\u0131n Koltug\u0306u &#8211; Bir Nazinin Gizli Yas\u0327am\u0131n\u0131n Pes\u0327inde, ad\u0131 duyulmam\u0131s\u0327 bir Nazinin hayat hika\u0302yesiyle Nazi Almanyas\u0131\u2019n\u0131n go\u0308zden kac\u0327\u0131r\u0131lan bir kesimine dikkat c\u0327ekiyor. \u201cDu\u0308s\u0327u\u0308k ru\u0308tbeli go\u0308revlilerin, 1930\u2019lu ve 1940\u2019l\u0131 y\u0131llarda neler yas\u0327ad\u0131g\u0306\u0131na dair ha\u0302la\u0302 c\u0327ok az s\u0327ey biliyoruz. Griesinger\u2019in hayat\u0131, Nazi yo\u0308netimini mu\u0308mku\u0308n k\u0131lan s\u0327eyi anlamam\u0131z\u0131 sag\u0306layacak. U\u0308nlu\u0308 fanatikler ve katiller, eg\u0306er hu\u0308ku\u0308meti ayakta tutan, evrak is\u0327lerini yapan, korku ve s\u0327iddet tehdidi ic\u0327lerine is\u0327lenmis\u0327, rejimin potansiyel kurbanlar\u0131yla yan yana yas\u0327ayan say\u0131s\u0131z destekc\u0327ileri olmasayd\u0131 var olamazlard\u0131.\u201d <\/p>\n","protected":false},"excerpt":{"rendered":"<p>Bir koltuktan c\u0327\u0131kan belgelerin izini su\u0308ren Daniel Lee, bir Nazinin hika\u0302yesini gu\u0308n yu\u0308zu\u0308ne c\u0327\u0131kar\u0131yor. \u201cS\u0131radan\u201d bir Alman\u2019\u0131n nas\u0131l bir Naziye do\u0308nu\u0308s\u0327ebildig\u0306ini, bu do\u0308nu\u0308s\u0327u\u0308mu\u0308n arka plan\u0131ndaki motivasyonlar\u0131n,<span class=\"excerpt-hellip\"> [\u2026]<\/span><\/p>\n","protected":false},"featured_media":0,"template":"","meta":{"_monsterinsights_skip_tracking":false,"_monsterinsights_sitenote_active":false,"_monsterinsights_sitenote_note":"","_monsterinsights_sitenote_category":0},"product_brand":[],"product_cat":[13590,12337],"product_tag":[],"class_list":{"0":"post-743599","1":"product","2":"type-product","3":"status-publish","5":"product_cat-arastirma-inceleme-politika-siyaset","6":"product_cat-politika-siyaset","7":"pa_cilt-ciltsiz","8":"pa_tur-kitap","9":"pa_yayinevi-iletisim-yayinlari","10":"pa_yazar-daniel-lee","12":"first","13":"instock","14":"sale","15":"shipping-taxable","16":"purchasable","17":"product-type-simple"},"_links":{"self":[{"href":"https:\/\/roveyayinevi.com.tr\/index.php\/wp-json\/wp\/v2\/product\/743599","targetHints":{"allow":["GET"]}}],"collection":[{"href":"https:\/\/roveyayinevi.com.tr\/index.php\/wp-json\/wp\/v2\/product"}],"about":[{"href":"https:\/\/roveyayinevi.com.tr\/index.php\/wp-json\/wp\/v2\/types\/product"}],"wp:attachment":[{"href":"https:\/\/roveyayinevi.com.tr\/index.php\/wp-json\/wp\/v2\/media?parent=743599"}],"wp:term":[{"taxonomy":"product_brand","embeddable":true,"href":"https:\/\/roveyayinevi.com.tr\/index.php\/wp-json\/wp\/v2\/product_brand?post=743599"},{"taxonomy":"product_cat","embeddable":true,"href":"https:\/\/roveyayinevi.com.tr\/index.php\/wp-json\/wp\/v2\/product_cat?post=743599"},{"taxonomy":"product_tag","embeddable":true,"href":"https:\/\/roveyayinevi.com.tr\/index.php\/wp-json\/wp\/v2\/product_tag?post=743599"}],"curies":[{"name":"wp","href":"https:\/\/api.w.org\/{rel}","templated":true}]}}