{"id":743571,"date":"2025-08-28T01:37:37","date_gmt":"2025-08-27T22:37:37","guid":{"rendered":"https:\/\/roveyayinevi.com.tr\/index.php\/urun\/jale-inan\/"},"modified":"2026-04-16T02:54:49","modified_gmt":"2026-04-15T23:54:49","slug":"jale-inan","status":"publish","type":"product","link":"https:\/\/roveyayinevi.com.tr\/index.php\/urun\/jale-inan\/","title":{"rendered":"Jale \u0130nan"},"content":{"rendered":"<p>O\u011fuz Atay, 70\u2019li y\u0131llarda \u00e7ok sayg\u0131 duydu\u011fu hocas\u0131 Prof. Dr. Mustafa \u0130nan\u2019\u0131, e\u015fi Prof. Dr. Jale \u0130nan\u2019\u0131n ricas\u0131 \u00fczerine, biyografik bir roman\u0131n ba\u015fkahraman\u0131 yapt\u0131. Jale \u0130nan\u2019\u0131n arzusu Bir Bilim Adam\u0131n\u0131n Roman\u0131 ile yoksul bir Anadolu \u00e7ocu\u011funun istedi\u011finde neler ba\u015farabilece\u011fini herkese g\u00f6stermekti. Oysa o, \u00e7ok daha zor olan\u0131 ba\u015farm\u0131\u015f, kad\u0131n\u0131n hen\u00fcz ad\u0131n\u0131n bile ge\u00e7medi\u011fi y\u0131llarda T\u00fcrkiye\u2019nin ilk kad\u0131n arkeolo\u011fu olarak profes\u00f6rl\u00fck unvan\u0131n\u0131 alm\u0131\u015ft\u0131. \u015eimdi bir roman\u0131n ba\u015fkahraman\u0131 olma s\u0131ras\u0131 onda! Orhan Bahtiyar, Bir Bilim Kad\u0131n\u0131n\u0131n Roman\u0131\u2019n\u0131 yazd\u0131. Jale \u0130nan\u2019\u0131n ya\u015fam\u0131n\u0131 sat\u0131rlar\u0131na alan Bahtiyar, topra\u011f\u0131n alt\u0131ndan k\u00fc\u00e7\u00fcc\u00fck elleriyle bir tarih \u00e7\u0131karan bu dev kad\u0131n\u0131, Atay\u2019\u0131n izinden giden kalemi ile ak\u0131c\u0131 bir dilde anlat\u0131yor. Jale \u0130nan\u2019\u0131n k\u00fc\u00e7\u00fck bir \u00e7ocukken arkeolog babas\u0131 Aziz Ogan\u2019\u0131n pe\u015finden gitti\u011fi kaz\u0131larla ba\u015flayan arkeoloji a\u015fk\u0131, g\u00fcn y\u00fcz\u00fcne \u00e7\u0131kard\u0131\u011f\u0131 Perge ve Side antik kentleriyle ta\u00e7lan\u0131p insanl\u0131\u011fa bir miras olarak kal\u0131yor. Biyografik romanlar\u0131n sevilen yazar\u0131 Orhan Bahtiyar, elinizdeki kitab\u0131 B\u00fcy\u00fck Usta O\u011fuz Atay\u2019a sayg\u0131yla sunuyor. <\/p>\n","protected":false},"excerpt":{"rendered":"<p>O\u011fuz Atay, 70\u2019li y\u0131llarda \u00e7ok sayg\u0131 duydu\u011fu hocas\u0131 Prof. Dr. Mustafa \u0130nan\u2019\u0131, e\u015fi Prof. Dr. Jale \u0130nan\u2019\u0131n ricas\u0131 \u00fczerine, biyografik bir roman\u0131n ba\u015fkahraman\u0131 yapt\u0131. Jale \u0130nan\u2019\u0131n<span class=\"excerpt-hellip\"> [\u2026]<\/span><\/p>\n","protected":false},"featured_media":0,"template":"","meta":{"_monsterinsights_skip_tracking":false,"_monsterinsights_sitenote_active":false,"_monsterinsights_sitenote_note":"","_monsterinsights_sitenote_category":0},"product_brand":[],"product_cat":[14009,12291],"product_tag":[],"class_list":{"0":"post-743571","1":"product","2":"type-product","3":"status-publish","5":"product_cat-biyografi-otobiyografi-edebiyat","6":"product_cat-edebiyat","7":"pa_cilt-ciltsiz","8":"pa_tur-kitap","9":"pa_yayinevi-inkilap-kitabevi","10":"pa_yazar-orhan-bahtiyar","12":"first","13":"instock","14":"sale","15":"shipping-taxable","16":"purchasable","17":"product-type-simple"},"_links":{"self":[{"href":"https:\/\/roveyayinevi.com.tr\/index.php\/wp-json\/wp\/v2\/product\/743571","targetHints":{"allow":["GET"]}}],"collection":[{"href":"https:\/\/roveyayinevi.com.tr\/index.php\/wp-json\/wp\/v2\/product"}],"about":[{"href":"https:\/\/roveyayinevi.com.tr\/index.php\/wp-json\/wp\/v2\/types\/product"}],"wp:attachment":[{"href":"https:\/\/roveyayinevi.com.tr\/index.php\/wp-json\/wp\/v2\/media?parent=743571"}],"wp:term":[{"taxonomy":"product_brand","embeddable":true,"href":"https:\/\/roveyayinevi.com.tr\/index.php\/wp-json\/wp\/v2\/product_brand?post=743571"},{"taxonomy":"product_cat","embeddable":true,"href":"https:\/\/roveyayinevi.com.tr\/index.php\/wp-json\/wp\/v2\/product_cat?post=743571"},{"taxonomy":"product_tag","embeddable":true,"href":"https:\/\/roveyayinevi.com.tr\/index.php\/wp-json\/wp\/v2\/product_tag?post=743571"}],"curies":[{"name":"wp","href":"https:\/\/api.w.org\/{rel}","templated":true}]}}