{"id":743555,"date":"2025-08-28T01:37:17","date_gmt":"2025-08-27T22:37:17","guid":{"rendered":"https:\/\/roveyayinevi.com.tr\/index.php\/urun\/dusunce-denizinde-yolculuk\/"},"modified":"2026-04-16T02:54:49","modified_gmt":"2026-04-15T23:54:49","slug":"dusunce-denizinde-yolculuk","status":"publish","type":"product","link":"https:\/\/roveyayinevi.com.tr\/index.php\/urun\/dusunce-denizinde-yolculuk\/","title":{"rendered":"D\u00fc\u015f\u00fcnce Denizinde Yolculuk"},"content":{"rendered":"<p>P4C T\u00fcrkiye e\u011fitmenleri Berna Peker, Ay\u015fe Serap Suvaro\u011flu, Nihan Peker Antepe\u2019nin kaleminden, \u00e7ocuklar\u0131 u\u00e7suz bucaks\u0131z d\u00fc\u015f\u00fcnce denizinde harika bir yolculu\u011fa \u00e7\u0131karacak bir felsefe serisi geliyor!Yeni bir hayata yelken a\u00e7an aileler ve onlar\u0131n merakl\u0131, sormay\u0131 ve \u00f6\u011frenmeyi seven \u00e7ocuklar\u0131, Tertium Non Datur isimli bir gemide bir araya gelirler. Ali, Cansu, Poyraz, Can, Deniz ve Nice\u2019nin mavi sulardaki ilk g\u00fcnleri hayat\u0131n i\u00e7inden, hayata dair \u00e7e\u015fitli sorular ve beyin f\u0131rt\u0131nalar\u0131yla ge\u00e7erken \u00e7ok sevdikleri Macit dedeleri de onlara e\u015flik eder. Bat\u0131 felsefesinin en \u00f6nemli filozoflar\u0131ndan Sokrates ve Aristoteles\u2019in \u00e7a\u011f\u0131na dek uzanan gizem dolu yolculukta kahramanlar\u0131m\u0131z; mutluluk, adalet, d\u00fc\u015f\u00fcnce, \u00f6zg\u00fcrl\u00fck gibi felsefi kavramlar\u0131 t\u00fcm i\u00e7tenlikleriyle irdelerler.Felsefenin ya\u015famla nas\u0131l da i\u00e7 i\u00e7e oldu\u011funu duru bir anlat\u0131mla g\u00f6steren, i\u00e7inde d\u00fc\u015f\u00fcnce sorular\u0131 ve a\u00e7\u0131klamal\u0131 bir P4C (\u00c7ocuklar \u0130\u00e7in Felsefe) uygulamas\u0131 da bulunan bu kitap; aile toplant\u0131lar\u0131nda ve \u00e7e\u015fitli topluluklarda bir araya gelen, sorgulamay\u0131 seven t\u00fcm \u00e7ocuklar i\u00e7in&#8230;<\/p>\n","protected":false},"excerpt":{"rendered":"<p>P4C T\u00fcrkiye e\u011fitmenleri Berna Peker, Ay\u015fe Serap Suvaro\u011flu, Nihan Peker Antepe\u2019nin kaleminden, \u00e7ocuklar\u0131 u\u00e7suz bucaks\u0131z d\u00fc\u015f\u00fcnce denizinde harika bir yolculu\u011fa \u00e7\u0131karacak bir felsefe serisi geliyor!Yeni bir<span class=\"excerpt-hellip\"> [\u2026]<\/span><\/p>\n","protected":false},"featured_media":0,"template":"","meta":{"_monsterinsights_skip_tracking":false,"_monsterinsights_sitenote_active":false,"_monsterinsights_sitenote_note":"","_monsterinsights_sitenote_category":0},"product_brand":[],"product_cat":[12274,12284],"product_tag":[],"class_list":{"0":"post-743555","1":"product","2":"type-product","3":"status-publish","5":"product_cat-cocuk-ve-genclik-kitaplari","6":"product_cat-hikayeler","7":"pa_cilt-ciltsiz","8":"pa_tur-kitap","9":"pa_yayinevi-ithaki-yayinlari","10":"pa_yazar-kolektif","12":"first","13":"instock","14":"sale","15":"shipping-taxable","16":"purchasable","17":"product-type-simple"},"_links":{"self":[{"href":"https:\/\/roveyayinevi.com.tr\/index.php\/wp-json\/wp\/v2\/product\/743555","targetHints":{"allow":["GET"]}}],"collection":[{"href":"https:\/\/roveyayinevi.com.tr\/index.php\/wp-json\/wp\/v2\/product"}],"about":[{"href":"https:\/\/roveyayinevi.com.tr\/index.php\/wp-json\/wp\/v2\/types\/product"}],"wp:attachment":[{"href":"https:\/\/roveyayinevi.com.tr\/index.php\/wp-json\/wp\/v2\/media?parent=743555"}],"wp:term":[{"taxonomy":"product_brand","embeddable":true,"href":"https:\/\/roveyayinevi.com.tr\/index.php\/wp-json\/wp\/v2\/product_brand?post=743555"},{"taxonomy":"product_cat","embeddable":true,"href":"https:\/\/roveyayinevi.com.tr\/index.php\/wp-json\/wp\/v2\/product_cat?post=743555"},{"taxonomy":"product_tag","embeddable":true,"href":"https:\/\/roveyayinevi.com.tr\/index.php\/wp-json\/wp\/v2\/product_tag?post=743555"}],"curies":[{"name":"wp","href":"https:\/\/api.w.org\/{rel}","templated":true}]}}