{"id":743548,"date":"2025-08-28T01:37:08","date_gmt":"2025-08-27T22:37:08","guid":{"rendered":"https:\/\/roveyayinevi.com.tr\/index.php\/urun\/gonullu-surgun\/"},"modified":"2026-04-16T02:54:49","modified_gmt":"2026-04-15T23:54:49","slug":"gonullu-surgun","status":"publish","type":"product","link":"https:\/\/roveyayinevi.com.tr\/index.php\/urun\/gonullu-surgun\/","title":{"rendered":"G\u00f6n\u00fcll\u00fc S\u00fcrg\u00fcn"},"content":{"rendered":"<p>\u201cOn y\u0131l Amerika\u2019da ya\u015fad\u0131m, d\u00f6nd\u00fcm. Herkes bana neden d\u00f6nd\u00fcn diye soruyor, aptal m\u0131s\u0131n diyor. Topla tas\u0131n\u0131 tara\u011f\u0131n\u0131 git diyor. Hah! O kadar kolay m\u0131?! Diyelim ki \u201cgidelim buralardan\u201d diyenlerdensiniz, dayanam\u0131yorsunuz, yer de belirlediniz, akl\u0131n\u0131za da koydunuz, \u00f6nce al\u0131n bu kitab\u0131 okuyun. Ve \u015funu bilin ki burada ya\u015fanan her zorluk, duygu durumu ger\u00e7ektir. Bana \u00f6yle olmaz, ben \u015f\u00f6yle g\u00fc\u00e7l\u00fcy\u00fcm, b\u00f6yle ak\u0131ll\u0131y\u0131m demeyin. Gelece\u011fi ya\u015famadan \u00f6nce Ay\u015fe Erbulak\u2019\u0131n g\u00f6z\u00fcnden bir g\u00f6r\u00fcn. Amaaaa&#8230; Bu roman sadece \u201cgitmek\u201d ile ilgili de\u011fil. A\u015fka dair, evlili\u011fe dair, aldat\u0131lman\u0131n a\u00e7t\u0131\u011f\u0131 onulmaz yaraya dair, bir kez daha sevmeye dair, insan ruhunun derinlerindeki kimseye itiraf edilemeyecek duygulara dair de d\u00fcr\u00fcst bir metin okumak istiyorsan\u0131z bu kitab\u0131n kapa\u011f\u0131n\u0131 a\u00e7\u0131n, okumaya ba\u015flay\u0131n. Sonunda biraz g\u00f6zya\u015f\u0131 var, yalan yok, belki bitti\u011finde h\u00fcz\u00fcn basacak her yerinizi, ama inan\u0131n bana bu \u201cyolculuk\u201d o g\u00f6zya\u015f\u0131na de\u011fer.\u201d Asl\u0131 Perker \u201c\u00c7ekti gitti buralardan\u2026 Herkes bir yere gider, belki yol ayn\u0131d\u0131r. Ama her giden ki\u015fi kendi hik\u00e2yesini \u00e7antas\u0131nda ta\u015f\u0131r\u2026 Giden ve d\u00f6nen ki\u015fi ayn\u0131 de\u011fildir\u2026\u201d <\/p>\n","protected":false},"excerpt":{"rendered":"<p>\u201cOn y\u0131l Amerika\u2019da ya\u015fad\u0131m, d\u00f6nd\u00fcm. Herkes bana neden d\u00f6nd\u00fcn diye soruyor, aptal m\u0131s\u0131n diyor. Topla tas\u0131n\u0131 tara\u011f\u0131n\u0131 git diyor. Hah! O kadar kolay m\u0131?! Diyelim ki<span class=\"excerpt-hellip\"> [\u2026]<\/span><\/p>\n","protected":false},"featured_media":0,"template":"","meta":{"_monsterinsights_skip_tracking":false,"_monsterinsights_sitenote_active":false,"_monsterinsights_sitenote_note":"","_monsterinsights_sitenote_category":0},"product_brand":[],"product_cat":[12291,12711],"product_tag":[],"class_list":{"0":"post-743548","1":"product","2":"type-product","3":"status-publish","5":"product_cat-edebiyat","6":"product_cat-roman-oyku","7":"pa_cilt-ciltsiz","8":"pa_tur-kitap","9":"pa_yayinevi-eksik-parca-yayinlari","10":"pa_yazar-ayse-erbulak","12":"first","13":"instock","14":"sale","15":"shipping-taxable","16":"purchasable","17":"product-type-simple"},"_links":{"self":[{"href":"https:\/\/roveyayinevi.com.tr\/index.php\/wp-json\/wp\/v2\/product\/743548","targetHints":{"allow":["GET"]}}],"collection":[{"href":"https:\/\/roveyayinevi.com.tr\/index.php\/wp-json\/wp\/v2\/product"}],"about":[{"href":"https:\/\/roveyayinevi.com.tr\/index.php\/wp-json\/wp\/v2\/types\/product"}],"wp:attachment":[{"href":"https:\/\/roveyayinevi.com.tr\/index.php\/wp-json\/wp\/v2\/media?parent=743548"}],"wp:term":[{"taxonomy":"product_brand","embeddable":true,"href":"https:\/\/roveyayinevi.com.tr\/index.php\/wp-json\/wp\/v2\/product_brand?post=743548"},{"taxonomy":"product_cat","embeddable":true,"href":"https:\/\/roveyayinevi.com.tr\/index.php\/wp-json\/wp\/v2\/product_cat?post=743548"},{"taxonomy":"product_tag","embeddable":true,"href":"https:\/\/roveyayinevi.com.tr\/index.php\/wp-json\/wp\/v2\/product_tag?post=743548"}],"curies":[{"name":"wp","href":"https:\/\/api.w.org\/{rel}","templated":true}]}}