{"id":743545,"date":"2025-08-28T01:37:05","date_gmt":"2025-08-27T22:37:05","guid":{"rendered":"https:\/\/roveyayinevi.com.tr\/index.php\/urun\/robin-hood-1-bilgisayar-korsanligi-soygunlar-alevli-oklar\/"},"modified":"2026-04-16T02:54:48","modified_gmt":"2026-04-15T23:54:48","slug":"robin-hood-1-bilgisayar-korsanligi-soygunlar-alevli-oklar","status":"publish","type":"product","link":"https:\/\/roveyayinevi.com.tr\/index.php\/urun\/robin-hood-1-bilgisayar-korsanligi-soygunlar-alevli-oklar\/","title":{"rendered":"Robin Hood 1: Bilgisayar Korsanl\u0131\u011f\u0131, Soygunlar&amp; Alevli Oklar"},"content":{"rendered":"<p>Bir \u015fehir. Bir orman. Bir kahraman.   Locksley gibi bir yerde h\u0131zl\u0131 \u00e7al\u0131\u015fan bir beyniniz olmadan ve baz\u0131 kurallar\u0131 \u00e7i\u011fnemeden \u00e7ok uza\u011fa gidemezsiniz.   Devasa araba fabrikalar\u0131 kapat\u0131ld\u0131ktan sonra Locksley kasabas\u0131 eskimi\u015f bo\u015f evlerin, zehirli topraklar\u0131n oldu\u011fu \u00e7orak bir araziye d\u00f6n\u00fc\u015f\u00fcr. B\u00f6lgenin t\u00fcm g\u00fcc\u00fcn\u00fc elinde tutan yeralt\u0131 d\u00fcnyas\u0131n\u0131n patronu Guy Gisborne ve Nottingham \u015eerifi de kasabadaki ya\u015fam\u0131 hi\u00e7 kolayla\u015ft\u0131rmaz.   Babas\u0131 bir soygunla su\u00e7lan\u0131nca, Robin ve a\u011fabeyi K\u00fc\u00e7\u00fck John Locksley\u2019den ka\u00e7mak zorunda kal\u0131r. \u015eimdi ikisinin de \u00fc\u00e7 y\u00fcz kilometre boyunca uzanan, \u00f6zg\u00fcr ruhlar ve haydutlar i\u00e7in s\u0131\u011f\u0131nak olan Sherwood Orman\u0131\u2019nda hayatta kalmalar\u0131 gerekmektedir. Ancak Robin hayatta kalmaktan fazlas\u0131n\u0131 yapmaya kararl\u0131d\u0131r. Marion Maid ile g\u00fc\u00e7lerini birle\u015ftirip benzersiz teknik becerilerini kullanarak Gisborne ve \u015eerif\u2019i alt etme plan\u0131 yapar. <\/p>\n","protected":false},"excerpt":{"rendered":"<p>Bir \u015fehir. Bir orman. Bir kahraman. Locksley gibi bir yerde h\u0131zl\u0131 \u00e7al\u0131\u015fan bir beyniniz olmadan ve baz\u0131 kurallar\u0131 \u00e7i\u011fnemeden \u00e7ok uza\u011fa gidemezsiniz. Devasa araba fabrikalar\u0131 kapat\u0131ld\u0131ktan<span class=\"excerpt-hellip\"> [\u2026]<\/span><\/p>\n","protected":false},"featured_media":0,"template":"","meta":{"_monsterinsights_skip_tracking":false,"_monsterinsights_sitenote_active":false,"_monsterinsights_sitenote_note":"","_monsterinsights_sitenote_category":0},"product_brand":[],"product_cat":[12689,12274],"product_tag":[],"class_list":{"0":"post-743545","1":"product","2":"type-product","3":"status-publish","5":"product_cat-cizgi-roman-cocuk-ve-genclik-kitaplari","6":"product_cat-cocuk-ve-genclik-kitaplari","7":"pa_cilt-ciltsiz","8":"pa_tur-kitap","9":"pa_yayinevi-eksik-parca-yayinlari","10":"pa_yazar-robert-muchamore","12":"first","13":"instock","14":"sale","15":"shipping-taxable","16":"purchasable","17":"product-type-simple"},"_links":{"self":[{"href":"https:\/\/roveyayinevi.com.tr\/index.php\/wp-json\/wp\/v2\/product\/743545","targetHints":{"allow":["GET"]}}],"collection":[{"href":"https:\/\/roveyayinevi.com.tr\/index.php\/wp-json\/wp\/v2\/product"}],"about":[{"href":"https:\/\/roveyayinevi.com.tr\/index.php\/wp-json\/wp\/v2\/types\/product"}],"wp:attachment":[{"href":"https:\/\/roveyayinevi.com.tr\/index.php\/wp-json\/wp\/v2\/media?parent=743545"}],"wp:term":[{"taxonomy":"product_brand","embeddable":true,"href":"https:\/\/roveyayinevi.com.tr\/index.php\/wp-json\/wp\/v2\/product_brand?post=743545"},{"taxonomy":"product_cat","embeddable":true,"href":"https:\/\/roveyayinevi.com.tr\/index.php\/wp-json\/wp\/v2\/product_cat?post=743545"},{"taxonomy":"product_tag","embeddable":true,"href":"https:\/\/roveyayinevi.com.tr\/index.php\/wp-json\/wp\/v2\/product_tag?post=743545"}],"curies":[{"name":"wp","href":"https:\/\/api.w.org\/{rel}","templated":true}]}}