{"id":743544,"date":"2025-08-28T01:37:03","date_gmt":"2025-08-27T22:37:03","guid":{"rendered":"https:\/\/roveyayinevi.com.tr\/index.php\/urun\/kuzeye-giden-ince-yol-2\/"},"modified":"2026-04-16T02:54:48","modified_gmt":"2026-04-15T23:54:48","slug":"kuzeye-giden-ince-yol-2","status":"publish","type":"product","link":"https:\/\/roveyayinevi.com.tr\/index.php\/urun\/kuzeye-giden-ince-yol-2\/","title":{"rendered":"Kuzeye Giden \u0130nce Yol"},"content":{"rendered":"<p>\u201cKuzeye yapaca\u011f\u0131m bu yolculuk ans\u0131z\u0131n belirmi\u015fti zihnimde. Bu uzun yolculuk elbette kolay olmayacakt\u0131, sa\u00e7lar\u0131m\u0131 bile k\u0131rla\u015ft\u0131racak bir zorlu\u011fu ve zahmeti g\u00f6ze alm\u0131\u015ft\u0131m. \u00d6yle bile olsa, \u015fimdiye kadar hep duydu\u011fum fakat hi\u00e7 gitmedi\u011fim yerleri ziyaret edip sa\u011f salim geri d\u00f6nebilmek, bir \u015fair olarak beni \u00e7ok mutlu edecekti.\u201d     Japonya\u2019n\u0131n en b\u00fcy\u00fck \u015fairi kabul edilen haiku ustas\u0131 Matsuo Ba\u015fo on yedinci y\u00fczy\u0131ldan g\u00fcn\u00fcm\u00fcze ismini t\u00fcm d\u00fcnyaya duyurdu, yazd\u0131\u011f\u0131 binden fazla haiku onlarca dile terc\u00fcme edildi ve \u015fiirleri Japonya\u2019daki bir\u00e7ok an\u0131t ile tarihi alan\u0131n giri\u015finde kendine yer buldu. Matsuo Ba\u015fo haiku yetene\u011fi ile gezi yaz\u0131lar\u0131n\u0131 bir araya getirdi\u011fi Kuzeye Giden \u0130nce Yol\u2019u maddi d\u00fcnyan\u0131n debdebesinden uzakla\u015fmak ve ruhani fark\u0131ndal\u0131\u011f\u0131n\u0131 art\u0131rmak i\u00e7in Hon\u015fu\u2019nun kuzeyine yapt\u0131\u011f\u0131 bir dizi seyahat s\u0131ras\u0131nda kaleme ald\u0131. Birbirini kovalayan mevsimleri, ya\u011fmurun kokusunu, ay\u0131n parlakl\u0131\u011f\u0131n\u0131 ve \u015felalelerin sesini on yedi heceye incelikle s\u0131\u011fd\u0131rmay\u0131 ba\u015farabilen Ba\u015fo\u2019nun eseri etraf\u0131ndaki fani evreni nas\u0131l g\u00f6rd\u00fc\u011f\u00fcn\u00fc anlatan \u00f6zel bir kitap. <\/p>\n","protected":false},"excerpt":{"rendered":"<p>\u201cKuzeye yapaca\u011f\u0131m bu yolculuk ans\u0131z\u0131n belirmi\u015fti zihnimde. Bu uzun yolculuk elbette kolay olmayacakt\u0131, sa\u00e7lar\u0131m\u0131 bile k\u0131rla\u015ft\u0131racak bir zorlu\u011fu ve zahmeti g\u00f6ze alm\u0131\u015ft\u0131m. \u00d6yle bile olsa, \u015fimdiye<span class=\"excerpt-hellip\"> [\u2026]<\/span><\/p>\n","protected":false},"featured_media":0,"template":"","meta":{"_monsterinsights_skip_tracking":false,"_monsterinsights_sitenote_active":false,"_monsterinsights_sitenote_note":"","_monsterinsights_sitenote_category":0},"product_brand":[],"product_cat":[12291,12711],"product_tag":[],"class_list":{"0":"post-743544","1":"product","2":"type-product","3":"status-publish","5":"product_cat-edebiyat","6":"product_cat-roman-oyku","7":"pa_cilt-ciltsiz","8":"pa_tur-kitap","9":"pa_yayinevi-ithaki-yayinlari","10":"pa_yazar-matsuo-baso","12":"first","13":"instock","14":"sale","15":"shipping-taxable","16":"purchasable","17":"product-type-simple"},"_links":{"self":[{"href":"https:\/\/roveyayinevi.com.tr\/index.php\/wp-json\/wp\/v2\/product\/743544","targetHints":{"allow":["GET"]}}],"collection":[{"href":"https:\/\/roveyayinevi.com.tr\/index.php\/wp-json\/wp\/v2\/product"}],"about":[{"href":"https:\/\/roveyayinevi.com.tr\/index.php\/wp-json\/wp\/v2\/types\/product"}],"wp:attachment":[{"href":"https:\/\/roveyayinevi.com.tr\/index.php\/wp-json\/wp\/v2\/media?parent=743544"}],"wp:term":[{"taxonomy":"product_brand","embeddable":true,"href":"https:\/\/roveyayinevi.com.tr\/index.php\/wp-json\/wp\/v2\/product_brand?post=743544"},{"taxonomy":"product_cat","embeddable":true,"href":"https:\/\/roveyayinevi.com.tr\/index.php\/wp-json\/wp\/v2\/product_cat?post=743544"},{"taxonomy":"product_tag","embeddable":true,"href":"https:\/\/roveyayinevi.com.tr\/index.php\/wp-json\/wp\/v2\/product_tag?post=743544"}],"curies":[{"name":"wp","href":"https:\/\/api.w.org\/{rel}","templated":true}]}}