{"id":743539,"date":"2025-08-28T01:36:57","date_gmt":"2025-08-27T22:36:57","guid":{"rendered":"https:\/\/roveyayinevi.com.tr\/index.php\/urun\/kralsavascibuyucuasik\/"},"modified":"2026-04-16T02:54:48","modified_gmt":"2026-04-15T23:54:48","slug":"kralsavascibuyucuasik","status":"publish","type":"product","link":"https:\/\/roveyayinevi.com.tr\/index.php\/urun\/kralsavascibuyucuasik\/","title":{"rendered":"Kral,Sava\u015f\u00e7\u0131,B\u00fcy\u00fcc\u00fc,A\u015f\u0131k"},"content":{"rendered":"<p>Kral, Sava\u015f\u00e7\u0131, B\u00fcy\u00fcc\u00fc ve A\u015f\u0131k\u2019\u0131n temel izle\u011fi \u201cerginleme\u201ddir. Yani, bu kitap, nas\u0131l erkek olunur \u00fczerinedir. Moore ve Gillette\u2019in ifadeleriyle, \u00e7a\u011f\u0131m\u0131zda cinsiyet ve kimlik karma\u015falar\u0131yla beraber bir erginleme krizi i\u00e7indeyiz. Bu erginleme, ilkel kabilelerde, yeti\u015fkinlerin \u00e7ocuklara haz\u0131rlad\u0131\u011f\u0131 belli rit\u00fcellerle sa\u011flan\u0131rd\u0131. \u00c7o\u011fu zaman bu rit\u00fceller \u00e7ocuk i\u00e7in tehlikeli ve ac\u0131 verici olurdu ama nihayetinde \u201c\u00e7ocuk \u00f6l\u00fcr\u201d, erkek do\u011fard\u0131. Arketipik bir ihtiya\u00e7t\u0131 bu. Peki \u00e7a\u011fda\u015f insan bu rit\u00fcellerin yoklu\u011funda ne yap\u0131yor? Ya \u201cyalanc\u0131 rit\u00fceller\u201dden ge\u00e7iyor ama i\u00e7sel olarak hi\u00e7bir zaman tam bir erginli\u011fe ge\u00e7emeksizin \u00e7ocuk psikolojisini devam ettiriyor ya da bu yalanc\u0131 rit\u00fcelleri bile g\u00f6rmeden ruh d\u00fcnyas\u0131n\u0131n karma\u015fas\u0131nda kendi i\u00e7 sava\u015f\u0131n\u0131n ma\u011fduru oluyor. \u0130lkel rit\u00fcelleri geri getiremeyiz. \u00d6yleyse ne yapmal\u0131y\u0131z? Moore ve Gillette, \u00e7a\u011fda\u015f insan i\u00e7in asl\u0131nda hi\u00e7bir zaman ortadan kaybolmam\u0131\u015f bu arketipik ihtiyac\u0131n ancak bireysel olarak sa\u011flanabilece\u011fini s\u00f6yl\u00fcyor\u2026 ama manzara ille de korkun\u00e7 olmak zorunda de\u011fil \u00e7\u00fcnk\u00fc bu zaruri i\u00e7e d\u00f6n\u00fc\u015fte bize yard\u0131m edebilecek olan psikoloji alan\u0131n\u0131n (\u00f6zellikle de Jungcu psikanalizin) bilgilerine sahibiz. \u015eimdi \u00e7ocuk psikolojisinin unsurlar\u0131ndan kurtulmam\u0131z, ergin erilin arketipleriyle ba\u011f\u0131m\u0131z\u0131 yeniden kurarak ve b\u00f6ylelikle sa\u011fl\u0131ks\u0131z erilli\u011fin psikolojisinden \u00e7\u0131karak ergin ve sa\u011fl\u0131kl\u0131 erilli\u011fin psikolojisine ge\u00e7memiz gerekiyor; Kral\u2019\u0131, Sava\u015f\u00e7\u0131\u2019y\u0131, B\u00fcy\u00fcc\u00fc\u2019y\u00fc ve A\u015f\u0131k\u2019\u0131, yani ergin eril arketiplerini yeniden ke\u015ffetmemiz gerekiyor. \u201cBizimki, kolektif olmaktan \u00e7ok bireysel bir k\u00fclt\u00fcrd\u00fcr. [\u2026] Eskiden herkes taraf\u0131ndan az ya da \u00e7ok bilin\u00e7d\u0131\u015f\u0131 olarak payla\u015f\u0131lanla -\u00f6rne\u011fin, ergin eril kimlik geli\u015ftirme gibi-, bizim art\u0131k bilin\u00e7li ve bireysel olarak ba\u011f kurmam\u0131z gerekiyor.\u201d <\/p>\n","protected":false},"excerpt":{"rendered":"<p>Kral, Sava\u015f\u00e7\u0131, B\u00fcy\u00fcc\u00fc ve A\u015f\u0131k\u2019\u0131n temel izle\u011fi \u201cerginleme\u201ddir. Yani, bu kitap, nas\u0131l erkek olunur \u00fczerinedir. Moore ve Gillette\u2019in ifadeleriyle, \u00e7a\u011f\u0131m\u0131zda cinsiyet ve kimlik karma\u015falar\u0131yla beraber bir<span class=\"excerpt-hellip\"> [\u2026]<\/span><\/p>\n","protected":false},"featured_media":0,"template":"","meta":{"_monsterinsights_skip_tracking":false,"_monsterinsights_sitenote_active":false,"_monsterinsights_sitenote_note":"","_monsterinsights_sitenote_category":0},"product_brand":[],"product_cat":[12755,12357],"product_tag":[],"class_list":{"0":"post-743539","1":"product","2":"type-product","3":"status-publish","5":"product_cat-gelisim-psikolojisi","6":"product_cat-psikoloji","7":"pa_cilt-ciltsiz","8":"pa_tur-kitap","9":"pa_yayinevi-pinhan-yayincilik","10":"pa_yazar-robert-louise-moore-douglas-gillette","12":"first","13":"instock","14":"sale","15":"shipping-taxable","16":"purchasable","17":"product-type-simple"},"_links":{"self":[{"href":"https:\/\/roveyayinevi.com.tr\/index.php\/wp-json\/wp\/v2\/product\/743539","targetHints":{"allow":["GET"]}}],"collection":[{"href":"https:\/\/roveyayinevi.com.tr\/index.php\/wp-json\/wp\/v2\/product"}],"about":[{"href":"https:\/\/roveyayinevi.com.tr\/index.php\/wp-json\/wp\/v2\/types\/product"}],"wp:attachment":[{"href":"https:\/\/roveyayinevi.com.tr\/index.php\/wp-json\/wp\/v2\/media?parent=743539"}],"wp:term":[{"taxonomy":"product_brand","embeddable":true,"href":"https:\/\/roveyayinevi.com.tr\/index.php\/wp-json\/wp\/v2\/product_brand?post=743539"},{"taxonomy":"product_cat","embeddable":true,"href":"https:\/\/roveyayinevi.com.tr\/index.php\/wp-json\/wp\/v2\/product_cat?post=743539"},{"taxonomy":"product_tag","embeddable":true,"href":"https:\/\/roveyayinevi.com.tr\/index.php\/wp-json\/wp\/v2\/product_tag?post=743539"}],"curies":[{"name":"wp","href":"https:\/\/api.w.org\/{rel}","templated":true}]}}