{"id":743536,"date":"2025-08-28T01:36:53","date_gmt":"2025-08-27T22:36:53","guid":{"rendered":"https:\/\/roveyayinevi.com.tr\/index.php\/urun\/balarisi-2\/"},"modified":"2026-04-16T02:54:48","modified_gmt":"2026-04-15T23:54:48","slug":"balarisi-2","status":"publish","type":"product","link":"https:\/\/roveyayinevi.com.tr\/index.php\/urun\/balarisi-2\/","title":{"rendered":"Balar\u0131s\u0131"},"content":{"rendered":"<p>\u201cK\u0130M OLDU\u011eUNU BUL VE O HAYATI YA\u015eA.\u201d   Farkl\u0131 bir \u00e7ocuk olan on d\u00f6rt ya\u015f\u0131ndaki Sam Watson gece ge\u00e7 saatte sessizce k\u00f6pr\u00fcye \u00e7\u0131k\u0131p korkulu\u011fa t\u0131rman\u0131yor. Bu s\u0131rada k\u00f6pr\u00fcn\u00fcn di\u011fer ucunda ya\u015fl\u0131 bir adam olan Vic de son sigaras\u0131n\u0131 i\u00e7iyor. \u0130kisi birbirini fark etti\u011finde, kader a\u011flar\u0131n\u0131 \u00f6rerken aralar\u0131nda benzersiz bir arkada\u015fl\u0131k do\u011fuyor. Sam ve Vic\u2019in \u00e7ektikleri ac\u0131lar\u0131n do\u011furdu\u011fu arkada\u015fl\u0131k ba\u011f\u0131, ikisine de birbirlerinin hayat\u0131n\u0131 kurtarmak gibi imk\u00e2ns\u0131z bir sorumluluk y\u00fckl\u00fcyor.     Balar\u0131s\u0131, adi h\u0131rs\u0131zl\u0131klar\u0131n, doland\u0131r\u0131c\u0131l\u0131k entrikalar\u0131n\u0131n, beceriksiz banka soygunlar\u0131n\u0131n, cesur k\u00f6pek kurtarma operasyonlar\u0131n\u0131n ve muhte\u015fem bir drag \u015fovun d\u00fcnyas\u0131na bal\u0131klamas\u0131na dalmam\u0131z\u0131 sa\u011flarken hem y\u00fcrek burkan hem de bizi hayata ba\u011flayan bir hik\u00e2ye.   Craig Silvey ger\u00e7ek karakterlerin ve \u0131\u015f\u0131lt\u0131l\u0131 kelimelerin d\u00fcnyas\u0131nda dola\u015f\u0131rken, biri umut verirken, di\u011ferinin s\u00f6z\u00fcn\u00fc tutmaya \u00e7al\u0131\u015ft\u0131\u011f\u0131 iki insan\u0131n, tan\u0131\u015ft\u0131klar\u0131 anda hayatlar\u0131n\u0131 sonsuza kadar de\u011fi\u015ftirdi\u011fine tan\u0131k olacak sevgi ve duygu dolu roman\u0131yla okurlarla yeniden bulu\u015fuyor.\u0130zole bir kasaban\u0131n dar g\u00f6r\u00fc\u015fl\u00fcl\u00fc\u011f\u00fc alt\u0131nda kendini yaln\u0131z hisseden, h\u0131rsl\u0131, zeki bir \u00e7ocu\u011fun ger\u00e7ek kimli\u011fini bulma sava\u015f\u0131n\u0131n ilgi \u00e7ekici tarihi bir portresiyle tan\u0131\u015facaks\u0131n\u0131z.The Age <\/p>\n","protected":false},"excerpt":{"rendered":"<p>\u201cK\u0130M OLDU\u011eUNU BUL VE O HAYATI YA\u015eA.\u201d Farkl\u0131 bir \u00e7ocuk olan on d\u00f6rt ya\u015f\u0131ndaki Sam Watson gece ge\u00e7 saatte sessizce k\u00f6pr\u00fcye \u00e7\u0131k\u0131p korkulu\u011fa t\u0131rman\u0131yor. Bu s\u0131rada<span class=\"excerpt-hellip\"> [\u2026]<\/span><\/p>\n","protected":false},"featured_media":0,"template":"","meta":{"_monsterinsights_skip_tracking":false,"_monsterinsights_sitenote_active":false,"_monsterinsights_sitenote_note":"","_monsterinsights_sitenote_category":0},"product_brand":[],"product_cat":[12291,12711],"product_tag":[],"class_list":{"0":"post-743536","1":"product","2":"type-product","3":"status-publish","5":"product_cat-edebiyat","6":"product_cat-roman-oyku","7":"pa_cilt-ciltsiz","8":"pa_tur-kitap","9":"pa_yayinevi-marti-yayinlari","10":"pa_yazar-craig-silvey","12":"first","13":"instock","14":"sale","15":"shipping-taxable","16":"purchasable","17":"product-type-simple"},"_links":{"self":[{"href":"https:\/\/roveyayinevi.com.tr\/index.php\/wp-json\/wp\/v2\/product\/743536","targetHints":{"allow":["GET"]}}],"collection":[{"href":"https:\/\/roveyayinevi.com.tr\/index.php\/wp-json\/wp\/v2\/product"}],"about":[{"href":"https:\/\/roveyayinevi.com.tr\/index.php\/wp-json\/wp\/v2\/types\/product"}],"wp:attachment":[{"href":"https:\/\/roveyayinevi.com.tr\/index.php\/wp-json\/wp\/v2\/media?parent=743536"}],"wp:term":[{"taxonomy":"product_brand","embeddable":true,"href":"https:\/\/roveyayinevi.com.tr\/index.php\/wp-json\/wp\/v2\/product_brand?post=743536"},{"taxonomy":"product_cat","embeddable":true,"href":"https:\/\/roveyayinevi.com.tr\/index.php\/wp-json\/wp\/v2\/product_cat?post=743536"},{"taxonomy":"product_tag","embeddable":true,"href":"https:\/\/roveyayinevi.com.tr\/index.php\/wp-json\/wp\/v2\/product_tag?post=743536"}],"curies":[{"name":"wp","href":"https:\/\/api.w.org\/{rel}","templated":true}]}}