{"id":743535,"date":"2025-08-28T01:36:51","date_gmt":"2025-08-27T22:36:51","guid":{"rendered":"https:\/\/roveyayinevi.com.tr\/index.php\/urun\/dejavu\/"},"modified":"2026-04-08T03:03:23","modified_gmt":"2026-04-08T00:03:23","slug":"dejavu","status":"publish","type":"product","link":"https:\/\/roveyayinevi.com.tr\/index.php\/urun\/dejavu\/","title":{"rendered":"Dejavu"},"content":{"rendered":"<p>\u201c\u00d6yle ya, harem k\u00fclt\u00fcr\u00fcnden, kapal\u0131 odalardan \u00e7\u0131k\u0131p sokaklarda tek ba\u015f\u0131na y\u00fcr\u00fcmeyi \u00f6\u011frendik biz kad\u0131nlar, diye d\u00fc\u015f\u00fcnd\u00fc. \u00dcstelik de bir pa\u015fa torunu, konak k\u0131z\u0131 olarak nereden nereye&#8230; \u00dclkenin insan\u0131n\u0131, kenar mahalleleri, i\u015f\u00e7i s\u0131n\u0131f\u0131n\u0131, yoksullu\u011fu, \u00e7amuru, a\u00e7l\u0131ktan \u00f6l\u00fcnebilece\u011fini, a\u00e7l\u0131k y\u00fcz\u00fcnden etini satan kad\u0131nlar\u0131 tan\u0131d\u0131\u011f\u0131n\u0131 biliyordu art\u0131k. En az bir y\u0131l mahkeme muhabiri olarak \u00e7al\u0131\u015fm\u0131\u015f, katili, h\u0131rs\u0131z\u0131, fuhu\u015f yapan, yapmak zorunda olan kad\u0131nlar\u0131 dinlemi\u015fti. Ne b\u00fcy\u00fck dramlar. \u00c7o\u011fu sanki bir dalg\u0131nl\u0131k an\u0131na gelmi\u015f insanl\u0131k trajedileri.\u201d   \u0130\u015fsiz b\u0131rak\u0131lm\u0131\u015f bir kad\u0131n akademisyen Berlin sokaklar\u0131nda Suat Dervi\u015f\u2019in y\u00fcz y\u0131l \u00f6nceki izini s\u00fcr\u00fcyor. Yabanc\u0131 bir \u00fclkede kalemiyle ge\u00e7inmeye, ayakta durmaya \u00e7al\u0131\u015fan bir yazar. O da yitirmi\u015f midir umudunu? Yoksa, erkeklerin sen yapamazs\u0131n bak\u0131\u015flar\u0131na; Bat\u0131\u2019n\u0131n, bize o b\u00fcy\u00fcl\u00fc \u015eark\u2019\u0131 anlat dayatmalar\u0131na ald\u0131rmadan y\u00fcr\u00fcy\u00fcp gitmi\u015f midir \u00f6zg\u00fcrce? \u00c2\u015f\u0131kken, yoksulken, yazarken, g\u00fclerken, a\u011flarken y\u00fcre\u011fine oturan, \u0130stanbul\u2019u ve Berlin\u2019i, geceleri ve g\u00fcnd\u00fczleri birbirinin ayn\u0131s\u0131 k\u0131lan o dejavu duygusunu ya\u015fam\u0131\u015f m\u0131d\u0131r?   Menek\u015fe Toprak, Suat Dervi\u015f\u2019i g\u00fcn\u00fcm\u00fcz kad\u0131nlar\u0131yla bir Dejavu\u2019da bulu\u015fturuyor. Her \u015fey size a\u015fina gelecek. <\/p>\n","protected":false},"excerpt":{"rendered":"<p>\u201c\u00d6yle ya, harem k\u00fclt\u00fcr\u00fcnden, kapal\u0131 odalardan \u00e7\u0131k\u0131p sokaklarda tek ba\u015f\u0131na y\u00fcr\u00fcmeyi \u00f6\u011frendik biz kad\u0131nlar, diye d\u00fc\u015f\u00fcnd\u00fc. \u00dcstelik de bir pa\u015fa torunu, konak k\u0131z\u0131 olarak nereden nereye&#8230;<span class=\"excerpt-hellip\"> [\u2026]<\/span><\/p>\n","protected":false},"featured_media":0,"template":"","meta":{"_monsterinsights_skip_tracking":false,"_monsterinsights_sitenote_active":false,"_monsterinsights_sitenote_note":"","_monsterinsights_sitenote_category":0},"product_brand":[],"product_cat":[12291,12711],"product_tag":[],"class_list":{"0":"post-743535","1":"product","2":"type-product","3":"status-publish","5":"product_cat-edebiyat","6":"product_cat-roman-oyku","7":"pa_cilt-ciltsiz","8":"pa_tur-kitap","9":"pa_yayinevi-dogan-kitap","10":"pa_yazar-menekse-toprak","12":"first","13":"instock","14":"sale","15":"shipping-taxable","16":"purchasable","17":"product-type-simple"},"_links":{"self":[{"href":"https:\/\/roveyayinevi.com.tr\/index.php\/wp-json\/wp\/v2\/product\/743535","targetHints":{"allow":["GET"]}}],"collection":[{"href":"https:\/\/roveyayinevi.com.tr\/index.php\/wp-json\/wp\/v2\/product"}],"about":[{"href":"https:\/\/roveyayinevi.com.tr\/index.php\/wp-json\/wp\/v2\/types\/product"}],"wp:attachment":[{"href":"https:\/\/roveyayinevi.com.tr\/index.php\/wp-json\/wp\/v2\/media?parent=743535"}],"wp:term":[{"taxonomy":"product_brand","embeddable":true,"href":"https:\/\/roveyayinevi.com.tr\/index.php\/wp-json\/wp\/v2\/product_brand?post=743535"},{"taxonomy":"product_cat","embeddable":true,"href":"https:\/\/roveyayinevi.com.tr\/index.php\/wp-json\/wp\/v2\/product_cat?post=743535"},{"taxonomy":"product_tag","embeddable":true,"href":"https:\/\/roveyayinevi.com.tr\/index.php\/wp-json\/wp\/v2\/product_tag?post=743535"}],"curies":[{"name":"wp","href":"https:\/\/api.w.org\/{rel}","templated":true}]}}