{"id":743534,"date":"2025-08-28T01:36:50","date_gmt":"2025-08-27T22:36:50","guid":{"rendered":"https:\/\/roveyayinevi.com.tr\/index.php\/urun\/cirt-cirtli-etkinlik-kitabim-ciftlikte-bir-gun\/"},"modified":"2026-04-16T02:54:48","modified_gmt":"2026-04-15T23:54:48","slug":"cirt-cirtli-etkinlik-kitabim-ciftlikte-bir-gun","status":"publish","type":"product","link":"https:\/\/roveyayinevi.com.tr\/index.php\/urun\/cirt-cirtli-etkinlik-kitabim-ciftlikte-bir-gun\/","title":{"rendered":"C\u0131rt C\u0131rtl\u0131 Etkinlik Kitab\u0131m \u00c7iftlikte Bir G\u00fcn"},"content":{"rendered":"<p>Bebe\u011fimle yeni bir g\u00fcne &#8220;Merhaba!&#8221; diyelim.Haydi kahvalt\u0131m\u0131z\u0131 yapal\u0131m, haz\u0131rlan\u0131p parka \u00e7\u0131kal\u0131m!Sen ne dersin?Parkta g\u00fczelce oynayal\u0131m, e\u011flenelim, \u00e7evremizi \u00f6\u011frenelim. Evimize d\u00f6n\u00fcp iyice temizlenelim.Ak\u015fam babaya kocamaaaannn bir ho\u015f geldin deyip biraz da onunla oynayal\u0131m. Bak gece oldu, seninle g\u00fczel bir g\u00fcn\u00fc uykuya dalarak bitirelim!<\/p>\n","protected":false},"excerpt":{"rendered":"<p>Bebe\u011fimle yeni bir g\u00fcne &#8220;Merhaba!&#8221; diyelim.Haydi kahvalt\u0131m\u0131z\u0131 yapal\u0131m, haz\u0131rlan\u0131p parka \u00e7\u0131kal\u0131m!Sen ne dersin?Parkta g\u00fczelce oynayal\u0131m, e\u011flenelim, \u00e7evremizi \u00f6\u011frenelim. Evimize d\u00f6n\u00fcp iyice temizlenelim.Ak\u015fam babaya kocamaaaannn bir ho\u015f<span class=\"excerpt-hellip\"> [\u2026]<\/span><\/p>\n","protected":false},"featured_media":0,"template":"","meta":{"_monsterinsights_skip_tracking":false,"_monsterinsights_sitenote_active":false,"_monsterinsights_sitenote_note":"","_monsterinsights_sitenote_category":0},"product_brand":[],"product_cat":[12913,12274],"product_tag":[],"class_list":{"0":"post-743534","1":"product","2":"type-product","3":"status-publish","5":"product_cat-3-6-yas-kitaplari","6":"product_cat-cocuk-ve-genclik-kitaplari","7":"pa_cilt-ciltsiz","8":"pa_tur-kitap","9":"pa_yayinevi-bi-kutu-oyun","10":"pa_yazar-aysenur-kurtulus-peltek","12":"first","13":"instock","14":"sale","15":"shipping-taxable","16":"purchasable","17":"product-type-simple"},"_links":{"self":[{"href":"https:\/\/roveyayinevi.com.tr\/index.php\/wp-json\/wp\/v2\/product\/743534","targetHints":{"allow":["GET"]}}],"collection":[{"href":"https:\/\/roveyayinevi.com.tr\/index.php\/wp-json\/wp\/v2\/product"}],"about":[{"href":"https:\/\/roveyayinevi.com.tr\/index.php\/wp-json\/wp\/v2\/types\/product"}],"wp:attachment":[{"href":"https:\/\/roveyayinevi.com.tr\/index.php\/wp-json\/wp\/v2\/media?parent=743534"}],"wp:term":[{"taxonomy":"product_brand","embeddable":true,"href":"https:\/\/roveyayinevi.com.tr\/index.php\/wp-json\/wp\/v2\/product_brand?post=743534"},{"taxonomy":"product_cat","embeddable":true,"href":"https:\/\/roveyayinevi.com.tr\/index.php\/wp-json\/wp\/v2\/product_cat?post=743534"},{"taxonomy":"product_tag","embeddable":true,"href":"https:\/\/roveyayinevi.com.tr\/index.php\/wp-json\/wp\/v2\/product_tag?post=743534"}],"curies":[{"name":"wp","href":"https:\/\/api.w.org\/{rel}","templated":true}]}}