{"id":743529,"date":"2025-08-28T01:36:43","date_gmt":"2025-08-27T22:36:43","guid":{"rendered":"https:\/\/roveyayinevi.com.tr\/index.php\/urun\/bogac-hanin-mechul-misafiri\/"},"modified":"2026-04-05T02:59:55","modified_gmt":"2026-04-04T23:59:55","slug":"bogac-hanin-mechul-misafiri","status":"publish","type":"product","link":"https:\/\/roveyayinevi.com.tr\/index.php\/urun\/bogac-hanin-mechul-misafiri\/","title":{"rendered":"Bo\u011fa\u00e7 Han&#8217;\u0131n Me\u00e7hul Misafiri"},"content":{"rendered":"<p>Bo\u011fa\u00e7 Han\u2019\u0131n annesi amans\u0131z bir hastal\u0131\u011fa tutulmu\u015ftur. Bir g\u00fcn evlerine me\u00e7hul bir misafir gelir ve Bo\u011fa\u00e7\u2019a annesinin hastal\u0131\u011f\u0131na \u00e7are olabilecek bir \u00e7i\u00e7e\u011fi s\u00f6yler. Bo\u011fa\u00e7 Han \u00e7i\u00e7e\u011fi aramak \u00fczere at\u0131yla beraber Kara Da\u011f\u2019a do\u011fru yollara d\u00fc\u015fer. Yolda kar\u015f\u0131s\u0131na t\u00fcrl\u00fc t\u00fcrl\u00fc engeller, pek g\u00fc\u00e7l\u00fc d\u00fc\u015fmanlar \u00e7\u0131kar. Bo\u011fa\u00e7 Han, Kara Da\u011f\u2019a sa\u011f salim var\u0131p da annesini iyile\u015ftirecek o \u00e7i\u00e7e\u011fe ula\u015fabilecek mi? Heyecan dolu bir maceraya haz\u0131r olun!<\/p>\n","protected":false},"excerpt":{"rendered":"<p>Bo\u011fa\u00e7 Han\u2019\u0131n annesi amans\u0131z bir hastal\u0131\u011fa tutulmu\u015ftur. Bir g\u00fcn evlerine me\u00e7hul bir misafir gelir ve Bo\u011fa\u00e7\u2019a annesinin hastal\u0131\u011f\u0131na \u00e7are olabilecek bir \u00e7i\u00e7e\u011fi s\u00f6yler. Bo\u011fa\u00e7 Han \u00e7i\u00e7e\u011fi<span class=\"excerpt-hellip\"> [\u2026]<\/span><\/p>\n","protected":false},"featured_media":0,"template":"","meta":{"_monsterinsights_skip_tracking":false,"_monsterinsights_sitenote_active":false,"_monsterinsights_sitenote_note":"","_monsterinsights_sitenote_category":0},"product_brand":[],"product_cat":[12274,12284],"product_tag":[],"class_list":{"0":"post-743529","1":"product","2":"type-product","3":"status-publish","5":"product_cat-cocuk-ve-genclik-kitaplari","6":"product_cat-hikayeler","7":"pa_cilt-ciltsiz","8":"pa_tur-kitap","9":"pa_yayinevi-timas-cocuk","10":"pa_yazar-ufuk-tufan","12":"first","13":"instock","14":"sale","15":"shipping-taxable","16":"purchasable","17":"product-type-simple"},"_links":{"self":[{"href":"https:\/\/roveyayinevi.com.tr\/index.php\/wp-json\/wp\/v2\/product\/743529","targetHints":{"allow":["GET"]}}],"collection":[{"href":"https:\/\/roveyayinevi.com.tr\/index.php\/wp-json\/wp\/v2\/product"}],"about":[{"href":"https:\/\/roveyayinevi.com.tr\/index.php\/wp-json\/wp\/v2\/types\/product"}],"wp:attachment":[{"href":"https:\/\/roveyayinevi.com.tr\/index.php\/wp-json\/wp\/v2\/media?parent=743529"}],"wp:term":[{"taxonomy":"product_brand","embeddable":true,"href":"https:\/\/roveyayinevi.com.tr\/index.php\/wp-json\/wp\/v2\/product_brand?post=743529"},{"taxonomy":"product_cat","embeddable":true,"href":"https:\/\/roveyayinevi.com.tr\/index.php\/wp-json\/wp\/v2\/product_cat?post=743529"},{"taxonomy":"product_tag","embeddable":true,"href":"https:\/\/roveyayinevi.com.tr\/index.php\/wp-json\/wp\/v2\/product_tag?post=743529"}],"curies":[{"name":"wp","href":"https:\/\/api.w.org\/{rel}","templated":true}]}}