{"id":743515,"date":"2025-08-28T01:36:25","date_gmt":"2025-08-27T22:36:25","guid":{"rendered":"https:\/\/roveyayinevi.com.tr\/index.php\/urun\/gel-de-inanma-ezber-bozan-osmanli-tarihi\/"},"modified":"2026-04-16T02:54:47","modified_gmt":"2026-04-15T23:54:47","slug":"gel-de-inanma-ezber-bozan-osmanli-tarihi","status":"publish","type":"product","link":"https:\/\/roveyayinevi.com.tr\/index.php\/urun\/gel-de-inanma-ezber-bozan-osmanli-tarihi\/","title":{"rendered":"Gel De \u0130nanma &#8211; Ezber Bozan Osmanl\u0131 Tarihi"},"content":{"rendered":"<p>Osmanl\u0131 tarihinin \u00f6nde gelen isimlerinden Prof. Dr. Halil \u0130nanc\u0131k, \u201cBen tarihte Osmanl\u0131 kadar yanl\u0131\u015f anlat\u0131lan ve yanl\u0131\u015f anla\u015f\u0131lan ba\u015fka bir devlet g\u00f6rmedim.\u201d demi\u015ftir. Osmanl\u0131 tarihiyle ilgili son 40-50 y\u0131lda yap\u0131lan ara\u015ft\u0131rmalar, yeni bilgi, belge ve bulgular bir\u00e7ok bilginin de\u011fi\u015fmesini sa\u011flam\u0131\u015ft\u0131r. Buna ra\u011fmen baz\u0131 ezberler bozulamam\u0131\u015ft\u0131r. Bu kitab\u0131m\u0131zda bir\u00e7ok sorunun cevab\u0131n\u0131 yetkin kaynaklar\u0131n \u0131\u015f\u0131\u011f\u0131nda ar\u0131yoruz. \u0130\u015fte onlardan baz\u0131lar\u0131:*Kay\u0131 boyunun lideri S\u00fcleyman \u015eah m\u0131? G\u00fcnd\u00fcz Alp mi?*Ulubatl\u0131 Hasan efsane mi yoksa ger\u00e7ek bir karakter mi?*Fatih Sultan Mehmet zehirlendi mi?*Yavuz Sultan Selim \u201cBen de k\u00f6leyim.\u201d diyerek k\u00fcpe takt\u0131 m\u0131?*Kanuni Sultan S\u00fcleyman Fransa\u2019da dans\u0131 yasaklad\u0131 m\u0131?*Hez\u00e2rfen Ahmet \u00c7elebi ger\u00e7ekten u\u00e7tu mu?Bunlar ve \u00e7ok daha fazlas\u0131yla \u201cGel De \u0130nanma-Ezber Bozan Osmanl\u0131 Tarihi\u201d E\u011flenceli Tarih\u2019in ak\u0131c\u0131, s\u00fcr\u00fckleyici, \u015fa\u015f\u0131rt\u0131c\u0131 ve esprili \u00fcslubuyla sizi tarih\u00ee ezberleri bozmaya davet ediyor. Haz\u0131r m\u0131s\u0131n\u0131z?<\/p>\n","protected":false},"excerpt":{"rendered":"<p>Osmanl\u0131 tarihinin \u00f6nde gelen isimlerinden Prof. Dr. Halil \u0130nanc\u0131k, \u201cBen tarihte Osmanl\u0131 kadar yanl\u0131\u015f anlat\u0131lan ve yanl\u0131\u015f anla\u015f\u0131lan ba\u015fka bir devlet g\u00f6rmedim.\u201d demi\u015ftir. Osmanl\u0131 tarihiyle ilgili<span class=\"excerpt-hellip\"> [\u2026]<\/span><\/p>\n","protected":false},"featured_media":0,"template":"","meta":{"_monsterinsights_skip_tracking":false,"_monsterinsights_sitenote_active":false,"_monsterinsights_sitenote_note":"","_monsterinsights_sitenote_category":0},"product_brand":[],"product_cat":[13829,12274],"product_tag":[],"class_list":{"0":"post-743515","1":"product","2":"type-product","3":"status-publish","5":"product_cat-bilimsel-kitaplar","6":"product_cat-cocuk-ve-genclik-kitaplari","7":"pa_cilt-ciltsiz","8":"pa_tur-kitap","9":"pa_yayinevi-eglenceli-bilgi-yayinlari","10":"pa_yazar-metin-ozdamarlar","12":"first","13":"instock","14":"sale","15":"shipping-taxable","16":"purchasable","17":"product-type-simple"},"_links":{"self":[{"href":"https:\/\/roveyayinevi.com.tr\/index.php\/wp-json\/wp\/v2\/product\/743515","targetHints":{"allow":["GET"]}}],"collection":[{"href":"https:\/\/roveyayinevi.com.tr\/index.php\/wp-json\/wp\/v2\/product"}],"about":[{"href":"https:\/\/roveyayinevi.com.tr\/index.php\/wp-json\/wp\/v2\/types\/product"}],"wp:attachment":[{"href":"https:\/\/roveyayinevi.com.tr\/index.php\/wp-json\/wp\/v2\/media?parent=743515"}],"wp:term":[{"taxonomy":"product_brand","embeddable":true,"href":"https:\/\/roveyayinevi.com.tr\/index.php\/wp-json\/wp\/v2\/product_brand?post=743515"},{"taxonomy":"product_cat","embeddable":true,"href":"https:\/\/roveyayinevi.com.tr\/index.php\/wp-json\/wp\/v2\/product_cat?post=743515"},{"taxonomy":"product_tag","embeddable":true,"href":"https:\/\/roveyayinevi.com.tr\/index.php\/wp-json\/wp\/v2\/product_tag?post=743515"}],"curies":[{"name":"wp","href":"https:\/\/api.w.org\/{rel}","templated":true}]}}