{"id":743513,"date":"2025-08-28T01:36:22","date_gmt":"2025-08-27T22:36:22","guid":{"rendered":"https:\/\/roveyayinevi.com.tr\/index.php\/urun\/sufiyim-halk-icinde-yunus-emre\/"},"modified":"2026-04-16T02:54:47","modified_gmt":"2026-04-15T23:54:47","slug":"sufiyim-halk-icinde-yunus-emre","status":"publish","type":"product","link":"https:\/\/roveyayinevi.com.tr\/index.php\/urun\/sufiyim-halk-icinde-yunus-emre\/","title":{"rendered":"Sufiyim Halk \u0130\u00e7inde: Yunus Emre"},"content":{"rendered":"<p>Bu g\u00fczide kitap Yunus Emre\u2019yi nereden ve nas\u0131l okumal\u0131y\u0131m sorusunu soranlar\u0131n cevap bulaca\u011f\u0131 nitelikte bir eser. Yunus, ya\u015fad\u0131\u011f\u0131 d\u00f6nemde t\u00fcrl\u00fc olumsuzluklar, sava\u015flar, yoksulluklar ile adeta kuruyan ve \u00e7orakla\u015fan Anadolu topra\u011f\u0131n\u0131, neredeyse her biri bir ilahiye d\u00f6n\u00fc\u015fm\u00fc\u015f irfan ve hikmet dolu sade ve yal\u0131n \u015fiirleri ile sulam\u0131\u015f, yeniden ye\u015fertmi\u015ftir. Kendinden sonra gelmi\u015f pek \u00e7ok \u015faire \u00f6rnek olmu\u015f olan Yunus Emre, dilindeki sade ve saf T\u00fcrk\u00e7e ile as\u0131rlarca canl\u0131l\u0131\u011f\u0131n\u0131 muhafaza edebilmi\u015ftir. S\u00f6z\u00fc samimiyetle s\u00f6yleyebilmek, insana, do\u011faya, hayvana, bitkiye a\u015fkla bakabilmek, her niyetin alt\u0131na sevgiyi \u00f6zenle yerle\u015ftirebilmek y\u00fcce bir g\u00f6nle sahip olmakla m\u00fcmk\u00fcn olur. &#8220;\u00c2\u015f\u0131k dilin bilmeyen y\u00e2 del\u00fcdir y\u00e2 dehr\u00ee\/Ben ku\u015f dilin bil\u00fcrem s\u00f6yler S\u00fcleym\u00e2n bana&#8221; beytiyle kendi dilini ku\u015f dili; yani a\u015fk dili olarak tan\u0131mlam\u0131\u015ft\u0131r. Prof. Dr. Bilal Kemikli, bu hikmete giden yolda bizlere kendi g\u00fczel sunumuyla bir yolda\u015fl\u0131k teklif ediyor. Iss\u0131z bir \u00e7\u00f6lde suya susam\u0131\u015f g\u00f6n\u00fcllerin aray\u0131p da bulamad\u0131\u011f\u0131 bir derya olan Yunus Emre\u2019yi tan\u0131t\u0131c\u0131 bu kapsaml\u0131 bir kitap, Yunus\u2019u merak edenler i\u00e7in e\u015fsiz bir k\u0131lavuz. Bu g\u00f6n\u00fcl insan\u0131n\u0131n hayat\u0131n\u0131 daha iyi tan\u0131mak, onu anlamak, onun gibi d\u00fc\u015f\u00fcnebilmek i\u00e7in keyifle okunacak bir eser &#8220;Sufiyim Halk \u0130\u00e7inde\u2026&#8221;<\/p>\n","protected":false},"excerpt":{"rendered":"<p>Bu g\u00fczide kitap Yunus Emre\u2019yi nereden ve nas\u0131l okumal\u0131y\u0131m sorusunu soranlar\u0131n cevap bulaca\u011f\u0131 nitelikte bir eser. Yunus, ya\u015fad\u0131\u011f\u0131 d\u00f6nemde t\u00fcrl\u00fc olumsuzluklar, sava\u015flar, yoksulluklar ile adeta kuruyan<span class=\"excerpt-hellip\"> [\u2026]<\/span><\/p>\n","protected":false},"featured_media":0,"template":"","meta":{"_monsterinsights_skip_tracking":false,"_monsterinsights_sitenote_active":false,"_monsterinsights_sitenote_note":"","_monsterinsights_sitenote_category":0},"product_brand":[],"product_cat":[20234,12291],"product_tag":[],"class_list":{"0":"post-743513","1":"product","2":"type-product","3":"status-publish","5":"product_cat-divan-edebiyati-halk-edebiyati","6":"product_cat-edebiyat","7":"pa_cilt-ciltsiz","8":"pa_tur-kitap","9":"pa_yayinevi-sufi-kitap","10":"pa_yazar-bilal-kemikli","12":"first","13":"instock","14":"sale","15":"shipping-taxable","16":"purchasable","17":"product-type-simple"},"_links":{"self":[{"href":"https:\/\/roveyayinevi.com.tr\/index.php\/wp-json\/wp\/v2\/product\/743513","targetHints":{"allow":["GET"]}}],"collection":[{"href":"https:\/\/roveyayinevi.com.tr\/index.php\/wp-json\/wp\/v2\/product"}],"about":[{"href":"https:\/\/roveyayinevi.com.tr\/index.php\/wp-json\/wp\/v2\/types\/product"}],"wp:attachment":[{"href":"https:\/\/roveyayinevi.com.tr\/index.php\/wp-json\/wp\/v2\/media?parent=743513"}],"wp:term":[{"taxonomy":"product_brand","embeddable":true,"href":"https:\/\/roveyayinevi.com.tr\/index.php\/wp-json\/wp\/v2\/product_brand?post=743513"},{"taxonomy":"product_cat","embeddable":true,"href":"https:\/\/roveyayinevi.com.tr\/index.php\/wp-json\/wp\/v2\/product_cat?post=743513"},{"taxonomy":"product_tag","embeddable":true,"href":"https:\/\/roveyayinevi.com.tr\/index.php\/wp-json\/wp\/v2\/product_tag?post=743513"}],"curies":[{"name":"wp","href":"https:\/\/api.w.org\/{rel}","templated":true}]}}