{"id":743503,"date":"2025-08-28T01:36:12","date_gmt":"2025-08-27T22:36:12","guid":{"rendered":"https:\/\/roveyayinevi.com.tr\/index.php\/urun\/gokbilimsel\/"},"modified":"2026-04-16T02:54:47","modified_gmt":"2026-04-15T23:54:47","slug":"gokbilimsel","status":"publish","type":"product","link":"https:\/\/roveyayinevi.com.tr\/index.php\/urun\/gokbilimsel\/","title":{"rendered":"G\u00f6kbilimsel"},"content":{"rendered":"<p>Samanyolu\u2019nun yakla\u015f\u0131k 200 milyar g\u00fcne\u015f bar\u0131nd\u0131rd\u0131\u011f\u0131n\u0131 biliyor muydunuz? Peki ya J\u00fcpiter\u2019de bir g\u00fcn\u00fcn yaln\u0131zca 10 saat s\u00fcrd\u00fc\u011f\u00fcn\u00fc? Mars\u2019ta g\u00f6ky\u00fcz\u00fcn\u00fcn g\u00fcnd\u00fczleri pembeyken g\u00fcn bat\u0131m\u0131yla maviye d\u00f6nd\u00fc\u011f\u00fcn\u00fc, Nept\u00fcn\u2019deyse atmosfer ko\u015fullar\u0131n\u0131n elmastan yap\u0131lma minik dolu taneleri olu\u015fturdu\u011funu?Uzay, bir insan\u0131n inceleyebilece\u011fi en b\u00fcy\u00fck, en eski, en s\u0131cak, en so\u011fuk, en tuhaf yap\u0131. O halde bilimin en \u015fa\u015f\u0131rt\u0131c\u0131 ger\u00e7eklerinin astrofizik ve kozmolojiye ait olmas\u0131, insanl\u0131\u011f\u0131n da bu esrarengiz yap\u0131y\u0131 ke\u015ffetme \u00e7abas\u0131 pek \u015fa\u015f\u0131rt\u0131c\u0131 de\u011fil. Elementsel ve Par\u00e7ac\u0131ksal\u2019\u0131n yazar\u0131 Tim James, G\u00f6kbilimsel\u2019de evrenin u\u00e7suz bucaks\u0131z sular\u0131na dal\u0131yor ve uzayl\u0131lardan \u00f6tegezegenlere, beyaz deliklerden karanl\u0131k maddeye, kuasarlardan kuark y\u0131ld\u0131zlar\u0131na kar\u015f\u0131la\u015fabilece\u011fimiz en b\u00fcy\u00fck gizemlere \u0131\u015f\u0131k tutmak \u00fczere kollar\u0131 s\u0131v\u0131yor. Hem astronomi tarih\u00e7esini ve konuya ili\u015fkin en g\u00fcncel geli\u015fmeleri detaylar\u0131yla anlat\u0131yor, hem de D\u00fcz D\u00fcnya dahil kamuoyunu me\u015fgul eden tart\u0131\u015fmalara kendine \u00f6zg\u00fc mizahi \u00fcslubuyla parmak bas\u0131yor. \u201cJames, karma\u015f\u0131k kavramlar\u0131 basitle\u015ftirmek i\u00e7in en temele iniyor. Uzay\u0131n devasal\u0131\u011f\u0131n\u0131 kolayl\u0131kla anla\u015f\u0131l\u0131r hap bilgilere d\u00f6n\u00fc\u015ft\u00fcrerek evrenin tuhafl\u0131\u011f\u0131n\u0131 en hayranl\u0131k uyand\u0131r\u0131c\u0131 \u015fekilde g\u00f6zler \u00f6n\u00fcne seriyor.\u201d \u2013Foreword\u201c\u00d6nceki kitab\u0131 Elementsel\u2019de oldu\u011fu gibi didaktiklikten uzak ama bilgilendirici bir tav\u0131r benimseyen Tim James, bizi uzay biliminin \u0131\u015f\u0131k y\u0131llar\u0131nda, B\u00fcy\u00fck Patlama\u2019dan UFO\u2019lara uzanan e\u011flenceli bir yolculu\u011fa \u00e7\u0131kar\u0131yor.\u201d \u2013Andrew Crumey\u201cBilimin s\u0131k\u0131c\u0131 ve yavan olmas\u0131 gerekti\u011fini kim s\u00f6yledi? Tim James olmad\u0131\u011f\u0131 kesin!\u201d \u2013The New York Post<\/p>\n","protected":false},"excerpt":{"rendered":"<p>Samanyolu\u2019nun yakla\u015f\u0131k 200 milyar g\u00fcne\u015f bar\u0131nd\u0131rd\u0131\u011f\u0131n\u0131 biliyor muydunuz? Peki ya J\u00fcpiter\u2019de bir g\u00fcn\u00fcn yaln\u0131zca 10 saat s\u00fcrd\u00fc\u011f\u00fcn\u00fc? Mars\u2019ta g\u00f6ky\u00fcz\u00fcn\u00fcn g\u00fcnd\u00fczleri pembeyken g\u00fcn bat\u0131m\u0131yla maviye d\u00f6nd\u00fc\u011f\u00fcn\u00fc, Nept\u00fcn\u2019deyse<span class=\"excerpt-hellip\"> [\u2026]<\/span><\/p>\n","protected":false},"featured_media":0,"template":"","meta":{"_monsterinsights_skip_tracking":false,"_monsterinsights_sitenote_active":false,"_monsterinsights_sitenote_note":"","_monsterinsights_sitenote_category":0},"product_brand":[],"product_cat":[43754,13005],"product_tag":[],"class_list":{"0":"post-743503","1":"product","2":"type-product","3":"status-publish","5":"product_cat-astronomi","6":"product_cat-bilim-muhendislik","7":"pa_cilt-ciltsiz","8":"pa_tur-kitap","9":"pa_yayinevi-timas-yayinlari","10":"pa_yazar-tim-james","12":"first","13":"instock","14":"sale","15":"shipping-taxable","16":"purchasable","17":"product-type-simple"},"_links":{"self":[{"href":"https:\/\/roveyayinevi.com.tr\/index.php\/wp-json\/wp\/v2\/product\/743503","targetHints":{"allow":["GET"]}}],"collection":[{"href":"https:\/\/roveyayinevi.com.tr\/index.php\/wp-json\/wp\/v2\/product"}],"about":[{"href":"https:\/\/roveyayinevi.com.tr\/index.php\/wp-json\/wp\/v2\/types\/product"}],"wp:attachment":[{"href":"https:\/\/roveyayinevi.com.tr\/index.php\/wp-json\/wp\/v2\/media?parent=743503"}],"wp:term":[{"taxonomy":"product_brand","embeddable":true,"href":"https:\/\/roveyayinevi.com.tr\/index.php\/wp-json\/wp\/v2\/product_brand?post=743503"},{"taxonomy":"product_cat","embeddable":true,"href":"https:\/\/roveyayinevi.com.tr\/index.php\/wp-json\/wp\/v2\/product_cat?post=743503"},{"taxonomy":"product_tag","embeddable":true,"href":"https:\/\/roveyayinevi.com.tr\/index.php\/wp-json\/wp\/v2\/product_tag?post=743503"}],"curies":[{"name":"wp","href":"https:\/\/api.w.org\/{rel}","templated":true}]}}