{"id":743501,"date":"2025-08-28T01:36:10","date_gmt":"2025-08-27T22:36:10","guid":{"rendered":"https:\/\/roveyayinevi.com.tr\/index.php\/urun\/bayan-paril-pakin-masali\/"},"modified":"2026-04-16T02:54:47","modified_gmt":"2026-04-15T23:54:47","slug":"bayan-paril-pakin-masali","status":"publish","type":"product","link":"https:\/\/roveyayinevi.com.tr\/index.php\/urun\/bayan-paril-pakin-masali\/","title":{"rendered":"Bayan Par\u0131l Pak&#8217;\u0131n Masal\u0131"},"content":{"rendered":"<p>Lucie \u201cSen de kimsin?\u201d dedi.  \u201cCep mendillerimi g\u00f6rd\u00fcn m\u00fc?\u201d Minik han\u0131m reverans yapt\u0131. \u201cAh, evet e\u011fer l\u00fctfederseniz benim ad\u0131m Bayan Par\u0131l Pak. Ah, evet e\u011fer l\u00fctfederseniz ben harika bir paklay\u0131c\u0131y\u0131m.\u201d Hemen k\u0131yafet sepetinden bir \u015fey ald\u0131 ve \u00fct\u00fc masas\u0131na serdi.K\u00fc\u00e7\u00fck \u00e7ocuklar\u0131n d\u00fcr\u00fcstl\u00fc\u011f\u00fcn, basit zevklerin tad\u0131n\u0131 \u00e7\u0131karabilmesine en ufak bir katk\u0131m olabildiyse, iyi bir \u015fey yapm\u0131\u015f\u0131m demektir.Beatrix Potter <\/p>\n","protected":false},"excerpt":{"rendered":"<p>Lucie \u201cSen de kimsin?\u201d dedi. \u201cCep mendillerimi g\u00f6rd\u00fcn m\u00fc?\u201d Minik han\u0131m reverans yapt\u0131. \u201cAh, evet e\u011fer l\u00fctfederseniz benim ad\u0131m Bayan Par\u0131l Pak. Ah, evet e\u011fer l\u00fctfederseniz<span class=\"excerpt-hellip\"> [\u2026]<\/span><\/p>\n","protected":false},"featured_media":0,"template":"","meta":{"_monsterinsights_skip_tracking":false,"_monsterinsights_sitenote_active":false,"_monsterinsights_sitenote_note":"","_monsterinsights_sitenote_category":0},"product_brand":[],"product_cat":[12274,12523],"product_tag":[],"class_list":{"0":"post-743501","1":"product","2":"type-product","3":"status-publish","5":"product_cat-cocuk-ve-genclik-kitaplari","6":"product_cat-masallar","7":"pa_cilt-ciltsiz","8":"pa_tur-kitap","9":"pa_yayinevi-dinozor-cocuk","10":"pa_yazar-beatrix-potter","12":"first","13":"instock","14":"sale","15":"shipping-taxable","16":"purchasable","17":"product-type-simple"},"_links":{"self":[{"href":"https:\/\/roveyayinevi.com.tr\/index.php\/wp-json\/wp\/v2\/product\/743501","targetHints":{"allow":["GET"]}}],"collection":[{"href":"https:\/\/roveyayinevi.com.tr\/index.php\/wp-json\/wp\/v2\/product"}],"about":[{"href":"https:\/\/roveyayinevi.com.tr\/index.php\/wp-json\/wp\/v2\/types\/product"}],"wp:attachment":[{"href":"https:\/\/roveyayinevi.com.tr\/index.php\/wp-json\/wp\/v2\/media?parent=743501"}],"wp:term":[{"taxonomy":"product_brand","embeddable":true,"href":"https:\/\/roveyayinevi.com.tr\/index.php\/wp-json\/wp\/v2\/product_brand?post=743501"},{"taxonomy":"product_cat","embeddable":true,"href":"https:\/\/roveyayinevi.com.tr\/index.php\/wp-json\/wp\/v2\/product_cat?post=743501"},{"taxonomy":"product_tag","embeddable":true,"href":"https:\/\/roveyayinevi.com.tr\/index.php\/wp-json\/wp\/v2\/product_tag?post=743501"}],"curies":[{"name":"wp","href":"https:\/\/api.w.org\/{rel}","templated":true}]}}