{"id":743488,"date":"2025-08-28T01:35:55","date_gmt":"2025-08-27T22:35:55","guid":{"rendered":"https:\/\/roveyayinevi.com.tr\/index.php\/urun\/iktidardan-sefalete-trablusgarpa-osmanli-mudahalesi-sonrasi-karamanli-hanedani-1835-1924\/"},"modified":"2026-04-16T02:54:46","modified_gmt":"2026-04-15T23:54:46","slug":"iktidardan-sefalete-trablusgarpa-osmanli-mudahalesi-sonrasi-karamanli-hanedani-1835-1924","status":"publish","type":"product","link":"https:\/\/roveyayinevi.com.tr\/index.php\/urun\/iktidardan-sefalete-trablusgarpa-osmanli-mudahalesi-sonrasi-karamanli-hanedani-1835-1924\/","title":{"rendered":"\u0130ktidardan Sefalete Trablusgarp&#8217;a Osmanl\u0131 M\u00fcdahalesi Sonras\u0131 Karamanl\u0131 Hanedan\u0131 1835-1924"},"content":{"rendered":"<p>\u0130ktidardan Sefalete Trablusgarp&#8217;a Osmanl\u0131 M\u00fcdahalesi Sonras\u0131 Karamanl\u0131 Hanedan\u0131 1835-1924Tan\u0131t\u0131m Metni<\/p>\n","protected":false},"excerpt":{"rendered":"<p>\u0130ktidardan Sefalete Trablusgarp&#8217;a Osmanl\u0131 M\u00fcdahalesi Sonras\u0131 Karamanl\u0131 Hanedan\u0131 1835-1924Tan\u0131t\u0131m Metni<\/p>\n","protected":false},"featured_media":0,"template":"","meta":{"_monsterinsights_skip_tracking":false,"_monsterinsights_sitenote_active":false,"_monsterinsights_sitenote_note":"","_monsterinsights_sitenote_category":0},"product_brand":[],"product_cat":[12370,12304],"product_tag":[],"class_list":{"0":"post-743488","1":"product","2":"type-product","3":"status-publish","5":"product_cat-arastirma-inceleme","6":"product_cat-tarih","7":"pa_cilt-ciltsiz","8":"pa_tur-kitap","9":"pa_yayinevi-soncag-akademik-kitaplar","10":"pa_yazar-abdullah-erdem-tas","12":"first","13":"instock","14":"sale","15":"shipping-taxable","16":"purchasable","17":"product-type-simple"},"_links":{"self":[{"href":"https:\/\/roveyayinevi.com.tr\/index.php\/wp-json\/wp\/v2\/product\/743488","targetHints":{"allow":["GET"]}}],"collection":[{"href":"https:\/\/roveyayinevi.com.tr\/index.php\/wp-json\/wp\/v2\/product"}],"about":[{"href":"https:\/\/roveyayinevi.com.tr\/index.php\/wp-json\/wp\/v2\/types\/product"}],"wp:attachment":[{"href":"https:\/\/roveyayinevi.com.tr\/index.php\/wp-json\/wp\/v2\/media?parent=743488"}],"wp:term":[{"taxonomy":"product_brand","embeddable":true,"href":"https:\/\/roveyayinevi.com.tr\/index.php\/wp-json\/wp\/v2\/product_brand?post=743488"},{"taxonomy":"product_cat","embeddable":true,"href":"https:\/\/roveyayinevi.com.tr\/index.php\/wp-json\/wp\/v2\/product_cat?post=743488"},{"taxonomy":"product_tag","embeddable":true,"href":"https:\/\/roveyayinevi.com.tr\/index.php\/wp-json\/wp\/v2\/product_tag?post=743488"}],"curies":[{"name":"wp","href":"https:\/\/api.w.org\/{rel}","templated":true}]}}