{"id":743484,"date":"2025-08-28T01:35:51","date_gmt":"2025-08-27T22:35:51","guid":{"rendered":"https:\/\/roveyayinevi.com.tr\/index.php\/urun\/ara-kendini-bul\/"},"modified":"2026-04-16T02:54:46","modified_gmt":"2026-04-15T23:54:46","slug":"ara-kendini-bul","status":"publish","type":"product","link":"https:\/\/roveyayinevi.com.tr\/index.php\/urun\/ara-kendini-bul\/","title":{"rendered":"Ara Kendini Bul"},"content":{"rendered":"<p>\u0130\u00e7indeki kalabal\u0131ktan \u00f6zg\u00fcrle\u015fipkalbindeki kayna\u011fa eri\u015fti\u011findekendi \u00f6z varl\u0131\u011f\u0131na dokunacaks\u0131nve Senin varl\u0131\u011f\u0131n,bu ya\u015fama gerekli! E\u011fer sessizce oturup d\u00fc\u015f\u00fcncelerini dinlersen zihninde pek \u00e7ok ses duyacaks\u0131n.Herkes orada&#8230; Ailen, dostlar\u0131n, \u00e7evren; ancak i\u00e7inde tek bir ki\u015fi eksik ve bu SENsin. Ger\u00e7ek anlamda mutlulu\u011fa eri\u015febilmek i\u00e7in i\u00e7indeki t\u00fcm kalabal\u0131ktan ayr\u0131\u015fmal\u0131s\u0131n. Da\u011flara, tenha yerlere de ka\u00e7san kendini arama yolunda de\u011filsen &#8220;o kalabal\u0131k&#8221; nereye gidersen seninle gelecek. O sebeple \u00f6nce kendini aramal\u0131s\u0131n.D\u0131\u015far\u0131da arad\u0131\u011f\u0131n her \u015feyi b\u0131rakmal\u0131s\u0131n, nedenini d\u0131\u015far\u0131daki ki\u015filerden veya olaylardan zannetti\u011fin pek \u00e7ok \u015feyin kayna\u011f\u0131 asl\u0131nda i\u00e7inde. Ger\u00e7ek mutlulu\u011fa eri\u015fmek i\u00e7in de\u011fi\u015fmesi gerekti\u011fini d\u00fc\u015f\u00fcnd\u00fc\u011f\u00fcn pek \u00e7ok \u015fey asl\u0131nda sen kendini ke\u015ffetti\u011finde kendili\u011finden de\u011fi\u015fip d\u00f6n\u00fc\u015fecek. \u201cB\u00fct\u00fcn d\u00fcnyay\u0131 de\u011fi\u015ftirmene gerek yok, sadece kendini de\u011fi\u015ftir, b\u00f6ylece t\u00fcm d\u00fcnyay\u0131 de\u011fi\u015ftirmeye ba\u015flam\u0131\u015f olacaks\u0131n. \u00c7\u00fcnk\u00fc sen, d\u00fcnyan\u0131n bir par\u00e7as\u0131s\u0131n\u201d ancak sen kendi \u00f6z\u00fcne dokundu\u011funda, kendini buldu\u011funda \u00f6zvarl\u0131\u011f\u0131na kavu\u015facak, ger\u00e7ek sesini i\u015fiteceksin ve sak\u0131n unutma senin sesin,  ya\u015fama gerekli!<\/p>\n","protected":false},"excerpt":{"rendered":"<p>\u0130\u00e7indeki kalabal\u0131ktan \u00f6zg\u00fcrle\u015fipkalbindeki kayna\u011fa eri\u015fti\u011findekendi \u00f6z varl\u0131\u011f\u0131na dokunacaks\u0131nve Senin varl\u0131\u011f\u0131n,bu ya\u015fama gerekli! E\u011fer sessizce oturup d\u00fc\u015f\u00fcncelerini dinlersen zihninde pek \u00e7ok ses duyacaks\u0131n.Herkes orada&#8230; Ailen, dostlar\u0131n, \u00e7evren;<span class=\"excerpt-hellip\"> [\u2026]<\/span><\/p>\n","protected":false},"featured_media":0,"template":"","meta":{"_monsterinsights_skip_tracking":false,"_monsterinsights_sitenote_active":false,"_monsterinsights_sitenote_note":"","_monsterinsights_sitenote_category":0},"product_brand":[],"product_cat":[12364,12376],"product_tag":[],"class_list":{"0":"post-743484","1":"product","2":"type-product","3":"status-publish","5":"product_cat-genel-konular","6":"product_cat-kisisel-gelisim","7":"pa_cilt-ciltsiz","8":"pa_tur-kitap","9":"pa_yayinevi-mona-kitap","10":"pa_yazar-oznil-ozguc-erdem","12":"first","13":"instock","14":"sale","15":"shipping-taxable","16":"purchasable","17":"product-type-simple"},"_links":{"self":[{"href":"https:\/\/roveyayinevi.com.tr\/index.php\/wp-json\/wp\/v2\/product\/743484","targetHints":{"allow":["GET"]}}],"collection":[{"href":"https:\/\/roveyayinevi.com.tr\/index.php\/wp-json\/wp\/v2\/product"}],"about":[{"href":"https:\/\/roveyayinevi.com.tr\/index.php\/wp-json\/wp\/v2\/types\/product"}],"wp:attachment":[{"href":"https:\/\/roveyayinevi.com.tr\/index.php\/wp-json\/wp\/v2\/media?parent=743484"}],"wp:term":[{"taxonomy":"product_brand","embeddable":true,"href":"https:\/\/roveyayinevi.com.tr\/index.php\/wp-json\/wp\/v2\/product_brand?post=743484"},{"taxonomy":"product_cat","embeddable":true,"href":"https:\/\/roveyayinevi.com.tr\/index.php\/wp-json\/wp\/v2\/product_cat?post=743484"},{"taxonomy":"product_tag","embeddable":true,"href":"https:\/\/roveyayinevi.com.tr\/index.php\/wp-json\/wp\/v2\/product_tag?post=743484"}],"curies":[{"name":"wp","href":"https:\/\/api.w.org\/{rel}","templated":true}]}}