{"id":743467,"date":"2025-08-28T01:35:28","date_gmt":"2025-08-27T22:35:28","guid":{"rendered":"https:\/\/roveyayinevi.com.tr\/index.php\/urun\/gufte\/"},"modified":"2026-04-16T02:54:46","modified_gmt":"2026-04-15T23:54:46","slug":"gufte","status":"publish","type":"product","link":"https:\/\/roveyayinevi.com.tr\/index.php\/urun\/gufte\/","title":{"rendered":"G\u00fcfte"},"content":{"rendered":"<p>G\u00fcftesi olmayan besteler gibiydi \u015fiir. Kalbin her at\u0131\u015f\u0131 ayr\u0131 bir t\u0131n\u0131&#8230; Kelimeler melodi olmu\u015ftu, her harf bir notay\u0131 ta\u015f\u0131d\u0131. S\u00f6zden ziyade m\u00fczikti \u015fiir. \u015eiirin dile gelmesi ehline ba\u011fl\u0131yd\u0131. G\u00fcfte, Asaf Cemal Edip\u2019in, o tek \u015fairin \u015fiirlerini toplad\u0131 bir araya. \u0130kinci Yeni ya\u015fas\u0131n diye yepyeni bir soluk ald\u0131. Ve g\u00fc\u00e7l\u00fc bir ay gibi parlad\u0131 karanl\u0131k geceye. <\/p>\n","protected":false},"excerpt":{"rendered":"<p>G\u00fcftesi olmayan besteler gibiydi \u015fiir. Kalbin her at\u0131\u015f\u0131 ayr\u0131 bir t\u0131n\u0131&#8230; Kelimeler melodi olmu\u015ftu, her harf bir notay\u0131 ta\u015f\u0131d\u0131. S\u00f6zden ziyade m\u00fczikti \u015fiir. \u015eiirin dile gelmesi<span class=\"excerpt-hellip\"> [\u2026]<\/span><\/p>\n","protected":false},"featured_media":0,"template":"","meta":{"_monsterinsights_skip_tracking":false,"_monsterinsights_sitenote_active":false,"_monsterinsights_sitenote_note":"","_monsterinsights_sitenote_category":0},"product_brand":[],"product_cat":[12291,12509],"product_tag":[],"class_list":{"0":"post-743467","1":"product","2":"type-product","3":"status-publish","5":"product_cat-edebiyat","6":"product_cat-siir","7":"pa_cilt-ciltsiz","8":"pa_tur-kitap","9":"pa_yayinevi-sapiens-yayinlari","10":"pa_yazar-asaf-cemal-edip","12":"first","13":"instock","14":"sale","15":"shipping-taxable","16":"purchasable","17":"product-type-simple"},"_links":{"self":[{"href":"https:\/\/roveyayinevi.com.tr\/index.php\/wp-json\/wp\/v2\/product\/743467","targetHints":{"allow":["GET"]}}],"collection":[{"href":"https:\/\/roveyayinevi.com.tr\/index.php\/wp-json\/wp\/v2\/product"}],"about":[{"href":"https:\/\/roveyayinevi.com.tr\/index.php\/wp-json\/wp\/v2\/types\/product"}],"wp:attachment":[{"href":"https:\/\/roveyayinevi.com.tr\/index.php\/wp-json\/wp\/v2\/media?parent=743467"}],"wp:term":[{"taxonomy":"product_brand","embeddable":true,"href":"https:\/\/roveyayinevi.com.tr\/index.php\/wp-json\/wp\/v2\/product_brand?post=743467"},{"taxonomy":"product_cat","embeddable":true,"href":"https:\/\/roveyayinevi.com.tr\/index.php\/wp-json\/wp\/v2\/product_cat?post=743467"},{"taxonomy":"product_tag","embeddable":true,"href":"https:\/\/roveyayinevi.com.tr\/index.php\/wp-json\/wp\/v2\/product_tag?post=743467"}],"curies":[{"name":"wp","href":"https:\/\/api.w.org\/{rel}","templated":true}]}}