{"id":743448,"date":"2025-08-28T01:35:07","date_gmt":"2025-08-27T22:35:07","guid":{"rendered":"https:\/\/roveyayinevi.com.tr\/index.php\/urun\/ahlak-denen-bilmece\/"},"modified":"2026-04-16T02:54:45","modified_gmt":"2026-04-15T23:54:45","slug":"ahlak-denen-bilmece","status":"publish","type":"product","link":"https:\/\/roveyayinevi.com.tr\/index.php\/urun\/ahlak-denen-bilmece\/","title":{"rendered":"Ahlak Denen Bilmece"},"content":{"rendered":"<p>Alman filozof Heinz Heimsoeth\u2019\u00fcn T\u00fcrk okurlar\u0131 i\u00e7in \u00f6zel olarak kaleme ald\u0131\u011f\u0131 Ahlak Denen Bilmece, felsefenin vazge\u00e7ilmez bir dal\u0131 olan ahlak felsefesi alan\u0131na k\u0131sa bir giri\u015f yap\u0131yor. Yazar\u0131n ustaca derledi\u011fi eski ve yeni \u00f6\u011fretiler \u00fczerinden ahlak alan\u0131nda tart\u0131\u015f\u0131lan ba\u015fl\u0131ca sorunlar\u0131 irdeledi\u011fi ve \u015fa\u015f\u0131rt\u0131c\u0131 a\u00e7mazlara parmak bast\u0131\u011f\u0131 bu de\u011ferli \u00e7al\u0131\u015fma, ahlak felsefesine ilgi duyan her d\u00fczeyde okur i\u00e7in temel bir kaynak te\u015fkil ediyor. Ahlaka ili\u015fkin ba\u015fl\u0131ca ak\u0131mlar\u0131n, ahlaktan\u0131mazl\u0131k, g\u00f6recilik, yararc\u0131l\u0131k ve t\u00f6rebilimcili\u011fi olu\u015fturan d\u00fc\u015f\u00fcncelerin irdelenip ahlak felsefesinin otorite, norm, yasak, buyruk, bireysellik, birlikte ya\u015fama gibi temel kavramlar\u0131n sergilendi\u011fi bu kitap, ahlak tart\u0131\u015fmalar\u0131na y\u00f6n veren Platon, Aristoteles, Kant, Schopenhauer, Nietzsche, Stirner, Mandeville, Rousseau, Piaget gibi d\u00fc\u015f\u00fcn\u00fcrlerin ahlak a\u00e7\u0131s\u0131ndan \u00f6nemli baz\u0131 g\u00f6r\u00fc\u015flerine de de\u011finiyor.<\/p>\n","protected":false},"excerpt":{"rendered":"<p>Alman filozof Heinz Heimsoeth\u2019\u00fcn T\u00fcrk okurlar\u0131 i\u00e7in \u00f6zel olarak kaleme ald\u0131\u011f\u0131 Ahlak Denen Bilmece, felsefenin vazge\u00e7ilmez bir dal\u0131 olan ahlak felsefesi alan\u0131na k\u0131sa bir giri\u015f yap\u0131yor.<span class=\"excerpt-hellip\"> [\u2026]<\/span><\/p>\n","protected":false},"featured_media":0,"template":"","meta":{"_monsterinsights_skip_tracking":false,"_monsterinsights_sitenote_active":false,"_monsterinsights_sitenote_note":"","_monsterinsights_sitenote_category":0},"product_brand":[],"product_cat":[15319,12388],"product_tag":[],"class_list":{"0":"post-743448","1":"product","2":"type-product","3":"status-publish","5":"product_cat-etik","6":"product_cat-felsefe","7":"pa_cilt-ciltsiz","8":"pa_tur-kitap","9":"pa_yayinevi-fol-kitap","10":"pa_yazar-heinz-heimsoeth","12":"first","13":"instock","14":"sale","15":"shipping-taxable","16":"purchasable","17":"product-type-simple"},"_links":{"self":[{"href":"https:\/\/roveyayinevi.com.tr\/index.php\/wp-json\/wp\/v2\/product\/743448","targetHints":{"allow":["GET"]}}],"collection":[{"href":"https:\/\/roveyayinevi.com.tr\/index.php\/wp-json\/wp\/v2\/product"}],"about":[{"href":"https:\/\/roveyayinevi.com.tr\/index.php\/wp-json\/wp\/v2\/types\/product"}],"wp:attachment":[{"href":"https:\/\/roveyayinevi.com.tr\/index.php\/wp-json\/wp\/v2\/media?parent=743448"}],"wp:term":[{"taxonomy":"product_brand","embeddable":true,"href":"https:\/\/roveyayinevi.com.tr\/index.php\/wp-json\/wp\/v2\/product_brand?post=743448"},{"taxonomy":"product_cat","embeddable":true,"href":"https:\/\/roveyayinevi.com.tr\/index.php\/wp-json\/wp\/v2\/product_cat?post=743448"},{"taxonomy":"product_tag","embeddable":true,"href":"https:\/\/roveyayinevi.com.tr\/index.php\/wp-json\/wp\/v2\/product_tag?post=743448"}],"curies":[{"name":"wp","href":"https:\/\/api.w.org\/{rel}","templated":true}]}}