{"id":743446,"date":"2025-08-28T01:35:04","date_gmt":"2025-08-27T22:35:04","guid":{"rendered":"https:\/\/roveyayinevi.com.tr\/index.php\/urun\/turkce-ulkesinde-gezinti\/"},"modified":"2026-04-16T02:54:45","modified_gmt":"2026-04-15T23:54:45","slug":"turkce-ulkesinde-gezinti","status":"publish","type":"product","link":"https:\/\/roveyayinevi.com.tr\/index.php\/urun\/turkce-ulkesinde-gezinti\/","title":{"rendered":"T\u00fcrk\u00e7e \u00dclkesinde Gezinti"},"content":{"rendered":"<p>\u201cBu kitaptaki on dokuz yaz\u0131, mesle\u011fe ad\u0131m att\u0131\u011f\u0131m 1963 y\u0131l\u0131nda ba\u015flayan bilim adaml\u0131\u011f\u0131 yolundaki y\u00fcr\u00fcy\u00fc\u015f\u00fcm\u00fcn ara\u015ft\u0131rmac\u0131l\u0131k y\u00f6n\u00fcndeki ilerleyi\u015fi s\u0131ras\u0131nda elde edilmi\u015f bir nice sonucun sunumudur. Bu yaz\u0131lar\u0131n her biri bir ara\u015ft\u0131rma yaz\u0131s\u0131n\u0131n ortalama oylumuna s\u0131\u011fmayacak geni\u015flikte ve boyuttad\u0131r. Bu nitelik onlar\u0131n uzun s\u00fcreli \u00e7al\u0131\u015fmalar\u0131n \u00fcr\u00fcn\u00fc olmalar\u0131n\u0131n ola\u011fan say\u0131lmas\u0131 gereken sonucudur.\u201d Hocalar\u0131n hocas\u0131 Prof. Dr. Mertol Tulum, T\u00fcrk dili alan\u0131nda kafa yordu\u011fu bir dizi meseleyi T\u00fcrk\u00e7e \u00fclkesinde gezinmek isteyen okurlar\u0131na sunuyor\u2026  <\/p>\n","protected":false},"excerpt":{"rendered":"<p>\u201cBu kitaptaki on dokuz yaz\u0131, mesle\u011fe ad\u0131m att\u0131\u011f\u0131m 1963 y\u0131l\u0131nda ba\u015flayan bilim adaml\u0131\u011f\u0131 yolundaki y\u00fcr\u00fcy\u00fc\u015f\u00fcm\u00fcn ara\u015ft\u0131rmac\u0131l\u0131k y\u00f6n\u00fcndeki ilerleyi\u015fi s\u0131ras\u0131nda elde edilmi\u015f bir nice sonucun sunumudur. Bu<span class=\"excerpt-hellip\"> [\u2026]<\/span><\/p>\n","protected":false},"featured_media":0,"template":"","meta":{"_monsterinsights_skip_tracking":false,"_monsterinsights_sitenote_active":false,"_monsterinsights_sitenote_note":"","_monsterinsights_sitenote_category":0},"product_brand":[],"product_cat":[13072,12291],"product_tag":[],"class_list":{"0":"post-743446","1":"product","2":"type-product","3":"status-publish","5":"product_cat-arastirma-inceleme-referans","6":"product_cat-edebiyat","7":"pa_cilt-ciltsiz","8":"pa_tur-kitap","9":"pa_yayinevi-ketebe-yayinlari","10":"pa_yazar-mertol-tulum","12":"first","13":"instock","14":"sale","15":"shipping-taxable","16":"purchasable","17":"product-type-simple"},"_links":{"self":[{"href":"https:\/\/roveyayinevi.com.tr\/index.php\/wp-json\/wp\/v2\/product\/743446","targetHints":{"allow":["GET"]}}],"collection":[{"href":"https:\/\/roveyayinevi.com.tr\/index.php\/wp-json\/wp\/v2\/product"}],"about":[{"href":"https:\/\/roveyayinevi.com.tr\/index.php\/wp-json\/wp\/v2\/types\/product"}],"wp:attachment":[{"href":"https:\/\/roveyayinevi.com.tr\/index.php\/wp-json\/wp\/v2\/media?parent=743446"}],"wp:term":[{"taxonomy":"product_brand","embeddable":true,"href":"https:\/\/roveyayinevi.com.tr\/index.php\/wp-json\/wp\/v2\/product_brand?post=743446"},{"taxonomy":"product_cat","embeddable":true,"href":"https:\/\/roveyayinevi.com.tr\/index.php\/wp-json\/wp\/v2\/product_cat?post=743446"},{"taxonomy":"product_tag","embeddable":true,"href":"https:\/\/roveyayinevi.com.tr\/index.php\/wp-json\/wp\/v2\/product_tag?post=743446"}],"curies":[{"name":"wp","href":"https:\/\/api.w.org\/{rel}","templated":true}]}}