{"id":743444,"date":"2025-08-28T01:35:01","date_gmt":"2025-08-27T22:35:01","guid":{"rendered":"https:\/\/roveyayinevi.com.tr\/index.php\/urun\/simdiki-zaman\/"},"modified":"2026-04-16T02:54:45","modified_gmt":"2026-04-15T23:54:45","slug":"simdiki-zaman","status":"publish","type":"product","link":"https:\/\/roveyayinevi.com.tr\/index.php\/urun\/simdiki-zaman\/","title":{"rendered":"\u015eimdiki Zaman"},"content":{"rendered":"<p>Beat ku\u015fa\u011f\u0131n\u0131n ya\u015fayan efsanelerinden, yolcu, da\u011fc\u0131, yang\u0131n g\u00f6zc\u00fcs\u00fc, Gary Snyder. K\u00fc\u00e7\u00fck bir b\u00f6cek kuzeyden g\u00fcneye ilerlerken, uzak bir ormanda \u00e7am a\u011fa\u00e7lar\u0131 yanmaya ba\u015flad\u0131\u011f\u0131nda, Asya\u2019da sabah\u0131n k\u00f6r bir saatinde bir ke\u015fi\u015f rit\u00fcele ba\u015flarken, da\u011f ba\u015f\u0131nda k\u00fc\u00e7\u00fck bir kul\u00fcbenin oca\u011f\u0131 t\u00fctmeye ba\u015flad\u0131\u011f\u0131nda, Kaliforniya\u2019da bir plak m\u00fczi\u011fi ba\u015flatt\u0131\u011f\u0131nda, konu\u015fan Gary Snyder \u2019\u0131n \u015fiiridir. <\/p>\n","protected":false},"excerpt":{"rendered":"<p>Beat ku\u015fa\u011f\u0131n\u0131n ya\u015fayan efsanelerinden, yolcu, da\u011fc\u0131, yang\u0131n g\u00f6zc\u00fcs\u00fc, Gary Snyder. K\u00fc\u00e7\u00fck bir b\u00f6cek kuzeyden g\u00fcneye ilerlerken, uzak bir ormanda \u00e7am a\u011fa\u00e7lar\u0131 yanmaya ba\u015flad\u0131\u011f\u0131nda, Asya\u2019da sabah\u0131n k\u00f6r<span class=\"excerpt-hellip\"> [\u2026]<\/span><\/p>\n","protected":false},"featured_media":0,"template":"","meta":{"_monsterinsights_skip_tracking":false,"_monsterinsights_sitenote_active":false,"_monsterinsights_sitenote_note":"","_monsterinsights_sitenote_category":0},"product_brand":[],"product_cat":[12291,12509],"product_tag":[],"class_list":{"0":"post-743444","1":"product","2":"type-product","3":"status-publish","5":"product_cat-edebiyat","6":"product_cat-siir","7":"pa_cilt-ciltsiz","8":"pa_tur-kitap","9":"pa_yayinevi-ketebe-yayinlari","10":"pa_yazar-gary-snyder","12":"first","13":"instock","14":"sale","15":"shipping-taxable","16":"purchasable","17":"product-type-simple"},"_links":{"self":[{"href":"https:\/\/roveyayinevi.com.tr\/index.php\/wp-json\/wp\/v2\/product\/743444","targetHints":{"allow":["GET"]}}],"collection":[{"href":"https:\/\/roveyayinevi.com.tr\/index.php\/wp-json\/wp\/v2\/product"}],"about":[{"href":"https:\/\/roveyayinevi.com.tr\/index.php\/wp-json\/wp\/v2\/types\/product"}],"wp:attachment":[{"href":"https:\/\/roveyayinevi.com.tr\/index.php\/wp-json\/wp\/v2\/media?parent=743444"}],"wp:term":[{"taxonomy":"product_brand","embeddable":true,"href":"https:\/\/roveyayinevi.com.tr\/index.php\/wp-json\/wp\/v2\/product_brand?post=743444"},{"taxonomy":"product_cat","embeddable":true,"href":"https:\/\/roveyayinevi.com.tr\/index.php\/wp-json\/wp\/v2\/product_cat?post=743444"},{"taxonomy":"product_tag","embeddable":true,"href":"https:\/\/roveyayinevi.com.tr\/index.php\/wp-json\/wp\/v2\/product_tag?post=743444"}],"curies":[{"name":"wp","href":"https:\/\/api.w.org\/{rel}","templated":true}]}}