{"id":743441,"date":"2025-08-28T01:34:58","date_gmt":"2025-08-27T22:34:58","guid":{"rendered":"https:\/\/roveyayinevi.com.tr\/index.php\/urun\/firig\/"},"modified":"2026-04-16T02:54:45","modified_gmt":"2026-04-15T23:54:45","slug":"firig","status":"publish","type":"product","link":"https:\/\/roveyayinevi.com.tr\/index.php\/urun\/firig\/","title":{"rendered":"Firig"},"content":{"rendered":"<p>\u201cAlt\u0131, yedi k\u0131z g\u00f6kku\u015fa\u011f\u0131n\u0131n alt\u0131na ko\u015ftuk. Ko\u015farken, o\u011flan olsayd\u0131m Mehmet gibi olurdum diye d\u00fc\u015f\u00fcnd\u00fcm. Annem beni her an aramaz, oyunuma kar\u0131\u015fmaz, karde\u015flerime bakt\u0131rmaz, evin i\u015flerine yard\u0131m ettirmezdi. O\u011flan olmak iyi bir \u015feydi.\u201d  \u2026  \u201cBah\u00e7e duvar\u0131n\u0131n \u00fczerine oturup sessizce i\u015f makinelerini izledik. Hepimiz \u00e7ok \u00fczg\u00fcnd\u00fck ve hepimiz ayn\u0131 \u015feyleri d\u00fc\u015f\u00fcn\u00fcyorduk. A\u011fa\u00e7lar\u0131m\u0131z\u0131, \u00e7ocuklu\u011fumuzu s\u00f6k\u00fcyorlard\u0131. Onlar a\u011fa\u00e7lar\u0131 s\u00f6kerken bizim de i\u00e7imiz s\u00f6k\u00fcl\u00fcyordu.\u201d <\/p>\n","protected":false},"excerpt":{"rendered":"<p>\u201cAlt\u0131, yedi k\u0131z g\u00f6kku\u015fa\u011f\u0131n\u0131n alt\u0131na ko\u015ftuk. Ko\u015farken, o\u011flan olsayd\u0131m Mehmet gibi olurdum diye d\u00fc\u015f\u00fcnd\u00fcm. Annem beni her an aramaz, oyunuma kar\u0131\u015fmaz, karde\u015flerime bakt\u0131rmaz, evin i\u015flerine yard\u0131m<span class=\"excerpt-hellip\"> [\u2026]<\/span><\/p>\n","protected":false},"featured_media":0,"template":"","meta":{"_monsterinsights_skip_tracking":false,"_monsterinsights_sitenote_active":false,"_monsterinsights_sitenote_note":"","_monsterinsights_sitenote_category":0},"product_brand":[],"product_cat":[12291,12711],"product_tag":[],"class_list":{"0":"post-743441","1":"product","2":"type-product","3":"status-publish","5":"product_cat-edebiyat","6":"product_cat-roman-oyku","7":"pa_cilt-ciltsiz","8":"pa_tur-kitap","9":"pa_yayinevi-efil-yayinevi","10":"pa_yazar-filiz-ilhan-ulucan","12":"first","13":"instock","14":"sale","15":"shipping-taxable","16":"purchasable","17":"product-type-simple"},"_links":{"self":[{"href":"https:\/\/roveyayinevi.com.tr\/index.php\/wp-json\/wp\/v2\/product\/743441","targetHints":{"allow":["GET"]}}],"collection":[{"href":"https:\/\/roveyayinevi.com.tr\/index.php\/wp-json\/wp\/v2\/product"}],"about":[{"href":"https:\/\/roveyayinevi.com.tr\/index.php\/wp-json\/wp\/v2\/types\/product"}],"wp:attachment":[{"href":"https:\/\/roveyayinevi.com.tr\/index.php\/wp-json\/wp\/v2\/media?parent=743441"}],"wp:term":[{"taxonomy":"product_brand","embeddable":true,"href":"https:\/\/roveyayinevi.com.tr\/index.php\/wp-json\/wp\/v2\/product_brand?post=743441"},{"taxonomy":"product_cat","embeddable":true,"href":"https:\/\/roveyayinevi.com.tr\/index.php\/wp-json\/wp\/v2\/product_cat?post=743441"},{"taxonomy":"product_tag","embeddable":true,"href":"https:\/\/roveyayinevi.com.tr\/index.php\/wp-json\/wp\/v2\/product_tag?post=743441"}],"curies":[{"name":"wp","href":"https:\/\/api.w.org\/{rel}","templated":true}]}}