{"id":743434,"date":"2025-08-28T01:34:47","date_gmt":"2025-08-27T22:34:47","guid":{"rendered":"https:\/\/roveyayinevi.com.tr\/index.php\/urun\/assua\/"},"modified":"2026-04-16T02:54:45","modified_gmt":"2026-04-15T23:54:45","slug":"assua","status":"publish","type":"product","link":"https:\/\/roveyayinevi.com.tr\/index.php\/urun\/assua\/","title":{"rendered":"Assua"},"content":{"rendered":"<p>Lidya \u0131ss\u0131zl\u0131\u011f\u0131n ortas\u0131ndaki bir adada, tek tan\u0131d\u0131\u011f\u0131 ki\u015filerin ailesi oldu\u011fu sakin ve huzurlu g\u00fcnleri olan bir gen\u00e7 k\u0131zd\u0131. Ancak bir g\u00fcn cenneti k\u0131z\u0131l sa\u00e7l\u0131 korsanlar\u0131n \u00e7izmeleriyle ve d\u00f6kt\u00fckleri kanla kirlendi. Art\u0131k hayat m\u00fccadelesi ba\u015flam\u0131\u015ft\u0131, endi\u015feden uzak \u00e7ocukluk g\u00fcnleri geride kalm\u0131\u015ft\u0131.   \u201cBunca zamand\u0131r varl\u0131\u011f\u0131ndan haberi olmad\u0131\u011f\u0131 \u00fclkesine hi\u00e7bir yard\u0131m\u0131 dokunmam\u0131\u015ft\u0131, \u015fimdi \u00e7ocuklar\u0131n\u0131 kaybeden aileleri, anne babalar\u0131n\u0131 kaybeden \u00e7ocuklar\u0131, korkusundan evden d\u0131\u015far\u0131ya ad\u0131m\u0131n\u0131 atamayan insanlar\u0131 d\u00fc\u015f\u00fcnd\u00fck\u00e7e benli\u011fi sakin bir k\u00f6\u015fede g\u00fcvenli bir hayat s\u00fcrmeye itiraz ediyordu. Bu tan\u0131mad\u0131\u011f\u0131 ama nas\u0131lsa do\u011fdu\u011fundan beri yan\u0131ndalarm\u0131\u015f gibi hissetti\u011fi insanlara kar\u015f\u0131 elinden geleni yapmal\u0131yd\u0131.&#8221;<\/p>\n","protected":false},"excerpt":{"rendered":"<p>Lidya \u0131ss\u0131zl\u0131\u011f\u0131n ortas\u0131ndaki bir adada, tek tan\u0131d\u0131\u011f\u0131 ki\u015filerin ailesi oldu\u011fu sakin ve huzurlu g\u00fcnleri olan bir gen\u00e7 k\u0131zd\u0131. Ancak bir g\u00fcn cenneti k\u0131z\u0131l sa\u00e7l\u0131 korsanlar\u0131n \u00e7izmeleriyle<span class=\"excerpt-hellip\"> [\u2026]<\/span><\/p>\n","protected":false},"featured_media":0,"template":"","meta":{"_monsterinsights_skip_tracking":false,"_monsterinsights_sitenote_active":false,"_monsterinsights_sitenote_note":"","_monsterinsights_sitenote_category":0},"product_brand":[],"product_cat":[12540,12291],"product_tag":[],"class_list":{"0":"post-743434","1":"product","2":"type-product","3":"status-publish","5":"product_cat-bilim-kurgu","6":"product_cat-edebiyat","7":"pa_cilt-ciltsiz","8":"pa_tur-kitap","9":"pa_yayinevi-perseus","10":"pa_yazar-melisa-lidya-sari","12":"first","13":"instock","14":"sale","15":"shipping-taxable","16":"purchasable","17":"product-type-simple"},"_links":{"self":[{"href":"https:\/\/roveyayinevi.com.tr\/index.php\/wp-json\/wp\/v2\/product\/743434","targetHints":{"allow":["GET"]}}],"collection":[{"href":"https:\/\/roveyayinevi.com.tr\/index.php\/wp-json\/wp\/v2\/product"}],"about":[{"href":"https:\/\/roveyayinevi.com.tr\/index.php\/wp-json\/wp\/v2\/types\/product"}],"wp:attachment":[{"href":"https:\/\/roveyayinevi.com.tr\/index.php\/wp-json\/wp\/v2\/media?parent=743434"}],"wp:term":[{"taxonomy":"product_brand","embeddable":true,"href":"https:\/\/roveyayinevi.com.tr\/index.php\/wp-json\/wp\/v2\/product_brand?post=743434"},{"taxonomy":"product_cat","embeddable":true,"href":"https:\/\/roveyayinevi.com.tr\/index.php\/wp-json\/wp\/v2\/product_cat?post=743434"},{"taxonomy":"product_tag","embeddable":true,"href":"https:\/\/roveyayinevi.com.tr\/index.php\/wp-json\/wp\/v2\/product_tag?post=743434"}],"curies":[{"name":"wp","href":"https:\/\/api.w.org\/{rel}","templated":true}]}}