{"id":743432,"date":"2025-08-28T01:34:44","date_gmt":"2025-08-27T22:34:44","guid":{"rendered":"https:\/\/roveyayinevi.com.tr\/index.php\/urun\/ejderhani-nasil-egitirsin-1\/"},"modified":"2026-04-16T02:54:45","modified_gmt":"2026-04-15T23:54:45","slug":"ejderhani-nasil-egitirsin-1","status":"publish","type":"product","link":"https:\/\/roveyayinevi.com.tr\/index.php\/urun\/ejderhani-nasil-egitirsin-1\/","title":{"rendered":"Ejderhan\u0131 Nas\u0131l E\u011fitirsin 1"},"content":{"rendered":"<p>Liderlik i\u00e7in g\u00fc\u00e7 m\u00fc, cesaret mi yoksa zek\u00e2 m\u0131 gerekli sorusuna cevap arayan Korkun\u00e7 G\u0131c\u0131k \u00dc\u00e7\u00fcnc\u00fc H\u0131\u00e7k\u0131r\u0131k, esprili anlat\u0131m dili sayesinde \u00e7ocuklar\u0131 hem e\u011flendirecek hem de onlara okumay\u0131 sevdirecek. Arkada\u015fl\u0131k, ba\u015far\u0131l\u0131 olma ve dayan\u0131\u015fma \u00fczerine e\u011flenceli bir ba\u015flang\u0131\u00e7 olan, dizinin ilk kitab\u0131 Ejderhan\u0131 Nas\u0131l E\u011fitirsin, 2010 y\u0131l\u0131nda Dreamworks taraf\u0131ndan beyaz perdeye de uyarland\u0131. Korkun\u00e7 G\u0131c\u0131k \u00dc\u00e7\u00fcnc\u00fc H\u0131\u00e7k\u0131r\u0131k \u201cEjderha Terbiyecisi\u201d olarak tan\u0131nan ola\u011fan\u00fcst\u00fc bir Viking kahraman\u0131yd\u0131: Harika bir sava\u015f\u00e7\u0131, m\u00fcthi\u015f bir k\u0131l\u0131\u00e7 ustas\u0131 ve amat\u00f6r bir do\u011fabilimciydi. Ne var ki, bu her zaman b\u00f6yle olmam\u0131\u015ft\u0131&#8230; Eskiden sadece G\u00fcrsakal Kabilesi \u015eefi\u2019nin sessiz ve d\u00fc\u015f\u00fcnceli o\u011flu olan H\u0131\u00e7k\u0131r\u0131k, bakal\u0131m bir ejderhay\u0131 yakalayabilecek ve parampar\u00e7a olmadanonu e\u011fitebilecek miydi? K\u00fc\u00e7\u00fck bir \u00e7ocu\u011fun ejderhas\u0131n\u0131 e\u011fitti\u011fi ve kendi hik\u00e2yesinin kahraman\u0131 oldu\u011fu bu macerayasiz de e\u015flik edin!<\/p>\n","protected":false},"excerpt":{"rendered":"<p>Liderlik i\u00e7in g\u00fc\u00e7 m\u00fc, cesaret mi yoksa zek\u00e2 m\u0131 gerekli sorusuna cevap arayan Korkun\u00e7 G\u0131c\u0131k \u00dc\u00e7\u00fcnc\u00fc H\u0131\u00e7k\u0131r\u0131k, esprili anlat\u0131m dili sayesinde \u00e7ocuklar\u0131 hem e\u011flendirecek hem de<span class=\"excerpt-hellip\"> [\u2026]<\/span><\/p>\n","protected":false},"featured_media":0,"template":"","meta":{"_monsterinsights_skip_tracking":false,"_monsterinsights_sitenote_active":false,"_monsterinsights_sitenote_note":"","_monsterinsights_sitenote_category":0},"product_brand":[],"product_cat":[12274,12284],"product_tag":[],"class_list":{"0":"post-743432","1":"product","2":"type-product","3":"status-publish","5":"product_cat-cocuk-ve-genclik-kitaplari","6":"product_cat-hikayeler","7":"pa_cilt-ciltsiz","8":"pa_tur-kitap","9":"pa_yayinevi-epsilon-yayinlari","10":"pa_yazar-cressida-cowell","12":"first","13":"instock","14":"sale","15":"shipping-taxable","16":"purchasable","17":"product-type-simple"},"_links":{"self":[{"href":"https:\/\/roveyayinevi.com.tr\/index.php\/wp-json\/wp\/v2\/product\/743432","targetHints":{"allow":["GET"]}}],"collection":[{"href":"https:\/\/roveyayinevi.com.tr\/index.php\/wp-json\/wp\/v2\/product"}],"about":[{"href":"https:\/\/roveyayinevi.com.tr\/index.php\/wp-json\/wp\/v2\/types\/product"}],"wp:attachment":[{"href":"https:\/\/roveyayinevi.com.tr\/index.php\/wp-json\/wp\/v2\/media?parent=743432"}],"wp:term":[{"taxonomy":"product_brand","embeddable":true,"href":"https:\/\/roveyayinevi.com.tr\/index.php\/wp-json\/wp\/v2\/product_brand?post=743432"},{"taxonomy":"product_cat","embeddable":true,"href":"https:\/\/roveyayinevi.com.tr\/index.php\/wp-json\/wp\/v2\/product_cat?post=743432"},{"taxonomy":"product_tag","embeddable":true,"href":"https:\/\/roveyayinevi.com.tr\/index.php\/wp-json\/wp\/v2\/product_tag?post=743432"}],"curies":[{"name":"wp","href":"https:\/\/api.w.org\/{rel}","templated":true}]}}